Select a Year or Month report
V/Λ2019 > Jan Feb Mar Apr May Jun Jul Aug Sep Oct Nov Dec
V/Λ2018 > Jan Feb Mar Apr May Jun Jul Aug Sep Oct Nov Dec
V/Λ2017 > Jan Feb Mar Apr May Jun Jul Aug Sep Oct Nov Dec
V/Λ2016 > Jan Feb Mar Apr May Jun Jul Aug Sep Oct Nov Dec
V/Λ2015 > Jan Feb Mar Apr May Jun Jul Aug Sep Oct Nov Dec
V/Λ2014 > Jan Feb Mar Apr May Jun Jul Aug Sep Oct Nov Dec
V/Λ2013 > Jan Feb Mar Apr May Jun Jul Aug Sep Oct Nov Dec
V/Λ2012 > Jan Feb Mar Apr May Jun Jul Aug Sep Oct Nov Dec

Report for 2019 Jun
                   Monthly Climatological Summary for Jun 2019

Name: Ashurst Bridge   City: Totton   State: Hampshire
Elevation: 9 m  Lat: N 50 54 29   Lon: W 001 30 29

                  Temperature (°C), Rain (mm), Wind Speed (mph)

                                      Heat  Cool        Avg
    Mean                              Deg   Deg         Wind                 Dom
Day Temp  High   Time   Low    Time   Days  Days  Rain  Speed High   Time    Dir
----------------------------------------------------------------------------------
01  18.1  25.5   13:51  10.3   04:45   2.5   2.3   0.0   1.4  12.0   15:25   SSE
02  14.1  21.7   12:05   6.1   03:45   4.6   0.3   0.0   1.8  18.0   15:34     S
03  14.3  20.3   14:35   8.3   01:13   4.2   0.2   0.0   1.9  21.0   12:36     S
04  14.1  18.9   10:26   7.9   05:49   4.3   0.0   0.6   2.0  18.0   11:28   SSE
05  12.5  18.2   16:56   4.3   05:29   5.8   0.0   0.0   1.6  18.0   13:40     S
06  14.5  19.2   16:40  10.4   04:34   3.9   0.0   6.6   2.7  19.0   11:03   SSE
07  12.9  18.3   15:12  10.4   04:19   5.4   0.0  15.4   2.5  23.0   03:24   SSW
08  11.5  17.5   14:31   4.4   05:23   6.8   0.0   4.2   1.5  19.0   13:16   WSW
09  13.6  20.2   16:22   8.3   04:26   4.8   0.2   0.0   0.9  14.0   16:12   SSW
10  11.4  14.1   15:43   9.3   22:20   6.9   0.0  13.0   1.1  13.0   18:19   NNW
11  12.6  16.4   14:11  10.7   06:03   5.7   0.0   0.8   0.9  13.0   19:52     N
----------------------------------------------------------------------------------
    13.6  25.5     1     4.3     5    54.9   3.0  40.6   1.7  23.0     7       S

Max >=  27.0  0
Max <=   0.0  0
Min <=   0.0  0
Min <= -18.0  0
Max Rain: 15.4 on day 7
Days of Rain: 6 (>= 0.2 mm)  4 (>= 2.0 mm)  0 (>= 20.0 mm)
Heat Base: 18.3  Cool Base: 18.3  Method: Integration