Select a Year or Month report
V/Λ2019 > Jan Feb Mar Apr May Jun Jul Aug Sep Oct Nov Dec
V/Λ2018 > Jan Feb Mar Apr May Jun Jul Aug Sep Oct Nov Dec
V/Λ2017 > Jan Feb Mar Apr May Jun Jul Aug Sep Oct Nov Dec
V/Λ2016 > Jan Feb Mar Apr May Jun Jul Aug Sep Oct Nov Dec
V/Λ2015 > Jan Feb Mar Apr May Jun Jul Aug Sep Oct Nov Dec
V/Λ2014 > Jan Feb Mar Apr May Jun Jul Aug Sep Oct Nov Dec
V/Λ2013 > Jan Feb Mar Apr May Jun Jul Aug Sep Oct Nov Dec
V/Λ2012 > Jan Feb Mar Apr May Jun Jul Aug Sep Oct Nov Dec

Report for 2019 Mar
                   Monthly Climatological Summary for Mar 2019

Name: Ashurst Bridge   City: Totton   State: Hampshire
Elevation: 9 m  Lat: N 50 54 29   Lon: W 001 30 29

                  Temperature (°C), Rain (mm), Wind Speed (mph)

                                      Heat  Cool        Avg
    Mean                              Deg   Deg         Wind                 Dom
Day Temp  High   Time   Low    Time   Days  Days  Rain  Speed High   Time    Dir
----------------------------------------------------------------------------------
01   9.7  12.2   12:55   7.3   21:14   8.6   0.0   2.8   1.9  13.0   02:33   SSW
02  11.3  13.3   13:17   9.7   05:35   7.0   0.0   5.8   5.6  29.0   08:54    SW
03   8.6  11.7   13:33   4.2   06:37   9.7   0.0  12.2   6.0  37.0   14:58   SSW
04   5.0  10.0   11:20   0.0   05:51  13.3   0.0   2.4   3.4  30.0   16:21    SW
05   9.7  11.9   13:15   6.2   09:00   8.6   0.0  11.6   5.8  26.0   06:07     S
06   8.9  12.9   13:56   5.3   01:40   9.4   0.0   4.0   6.2  29.0   14:21   SSW
07   7.3  11.8   13:22   0.9   06:54  11.0   0.0   2.4   4.8  32.0   12:46   WSW
08   8.3  10.3   12:02   4.4   04:19  10.0   0.0   4.0   3.8  21.0   16:35   SSW
09  10.2  13.7   11:49   7.1   23:55   8.1   0.0   6.2   5.5  40.0   07:00   WSW
10   6.1  10.2   13:38   2.2   23:58  12.2   0.0   3.0   7.3  45.0   09:59     W
11   9.1  11.6   13:50   7.0   09:00   9.2   0.0   3.0   7.0  32.0   08:28    SW
12   6.7   9.8   11:37   4.2   14:45  11.5   0.0  10.2   6.8  35.0   10:00    SW
13   9.3  11.5   15:13   8.2   21:54   9.0   0.0   0.4   7.2  34.0   10:59   WSW
14  12.1  14.0   12:54  10.3   20:16   6.2   0.0   0.4   7.3  34.0   13:28   WSW
15  12.3  14.7   13:42  10.2   08:35   6.0   0.0   0.2   7.9  31.0   14:44    SW
16   8.1  11.7   10:41   3.6   06:40  10.2   0.0   5.4   7.4  34.0   11:06    SW
17   6.7  11.1   14:17   3.3   04:37  11.6   0.0   0.2   3.6  25.0   16:21     W
18   7.2  11.6   11:15   1.4   06:41  11.1   0.0   1.2   1.6  18.0   12:50     W
19   9.5  13.5   12:27   6.6   05:06   8.8   0.0   0.2   0.9  12.0   13:12   SSW
20  10.4  13.1   15:02   9.2   06:44   7.9   0.0   0.0   0.9  11.0   16:14   SSW
----------------------------------------------------------------------------------
     8.8  14.7    15     0.0     4   189.4   0.0  75.6   5.0  45.0    10      SW

Max >=  27.0  0
Max <=   0.0  0
Min <=   0.0  1
Min <= -18.0  0
Max Rain: 12.2 on day 3
Days of Rain: 19 (>= 0.2 mm)  13 (>= 2.0 mm)  0 (>= 20.0 mm)
Heat Base: 18.3  Cool Base: 18.3  Method: Integration