Select a Year or Month report
V/Λ2019 > Jan Feb Mar Apr May Jun Jul Aug Sep Oct Nov Dec
V/Λ2018 > Jan Feb Mar Apr May Jun Jul Aug Sep Oct Nov Dec
V/Λ2017 > Jan Feb Mar Apr May Jun Jul Aug Sep Oct Nov Dec
V/Λ2016 > Jan Feb Mar Apr May Jun Jul Aug Sep Oct Nov Dec
V/Λ2015 > Jan Feb Mar Apr May Jun Jul Aug Sep Oct Nov Dec
V/Λ2014 > Jan Feb Mar Apr May Jun Jul Aug Sep Oct Nov Dec
V/Λ2013 > Jan Feb Mar Apr May Jun Jul Aug Sep Oct Nov Dec
V/Λ2012 > Jan Feb Mar Apr May Jun Jul Aug Sep Oct Nov Dec

Report for 2019 Jan
                   Monthly Climatological Summary for Jan 2019

Name: Ashurst Bridge   City: Totton   State: Hampshire
Elevation: 9 m  Lat: N 50 54 29   Lon: W 001 30 29

                  Temperature (°C), Rain (mm), Wind Speed (mph)

                                      Heat  Cool        Avg
    Mean                              Deg   Deg         Wind                 Dom
Day Temp  High   Time   Low    Time   Days  Days  Rain  Speed High   Time    Dir
----------------------------------------------------------------------------------
01   5.2  11.8   13:23  -2.5   06:10  13.1   0.0   0.0   0.5  11.0   13:23    NW
02   4.1   6.0   13:22   0.4   09:00  14.2   0.0   0.0   0.2   7.0   13:01    NE
03   0.7   5.6   12:35  -4.8   08:59  17.6   0.0   0.0   0.1   7.0   16:27    NE
04  -0.5   3.9   14:20  -4.8   09:00  18.8   0.0   0.0   0.2   8.0   12:47    NW
05   3.8   5.6   07:34   1.5   09:00  14.5   0.0   0.0   0.3   8.0   11:45   WNW
06   7.4   9.3   14:08   4.9   09:00  10.9   0.0   0.0   0.1   7.0   12:35   WSW
07   9.2  10.9   16:16   5.3   07:59   9.1   0.0   0.0   3.0  20.0   20:16     W
08   2.9   9.7   13:24  -2.2   01:20  15.4   0.0   0.0   1.1  17.0   13:27    NW
09   0.6   6.5   13:57  -3.6   01:10  17.7   0.0   0.0   0.7  15.0   12:43     N
10   5.1   7.2   04:04  -2.4   09:00  13.2   0.0   0.0   0.6   9.0   03:15    NW
11   7.2   9.6   12:57   2.2   18:13  11.1   0.0   0.0   1.0  11.0   12:34   WSW
12  10.0  10.8   01:52   8.8   09:00   8.3   0.0   0.0   5.3  26.0   08:19     W
13   9.0  12.2   13:12   4.2   06:36   9.3   0.0   0.0   4.2  25.0   10:52     W
14   6.2  10.6   13:14   0.2   01:57  12.1   0.0   0.0   0.9  14.0   12:53     W
15   8.7   9.9   13:59   7.3   09:00   9.6   0.0   2.6   3.2  16.0   06:43   SSW
16   4.9  10.0   13:38   0.6   22:31  13.4   0.0   3.0   2.1  20.0   03:20   WSW
17   0.1   6.1   14:22  -3.1   04:31  18.2   0.0   0.0   1.0  18.0   09:36    NW
----------------------------------------------------------------------------------
     5.0  12.2    13    -4.8     3   226.5   0.0   5.6   1.4  26.0    12       W

Max >=  27.0  0
Max <=   0.0  0
Min <=   0.0  7
Min <= -18.0  0
Max Rain: 3.0 on day 16
Days of Rain: 2 (>= 0.2 mm)  2 (>= 2.0 mm)  0 (>= 20.0 mm)
Heat Base: 18.3  Cool Base: 18.3  Method: Integration