NOAA Style Reports for Ashurst Bridge

Select a Year or Month report
V/Λ2019 > Jan Feb Mar Apr May Jun Jul Aug Sep Oct Nov Dec
V/Λ2018 > Jan Feb Mar Apr May Jun Jul Aug Sep Oct Nov Dec
V/Λ2017 > Jan Feb Mar Apr May Jun Jul Aug Sep Oct Nov Dec
V/Λ2016 > Jan Feb Mar Apr May Jun Jul Aug Sep Oct Nov Dec
V/Λ2015 > Jan Feb Mar Apr May Jun Jul Aug Sep Oct Nov Dec
V/Λ2014 > Jan Feb Mar Apr May Jun Jul Aug Sep Oct Nov Dec
V/Λ2013 > Jan Feb Mar Apr May Jun Jul Aug Sep Oct Nov Dec
V/Λ2012 > Jan Feb Mar Apr May Jun Jul Aug Sep Oct Nov Dec

Report for 2019 Jul
                   Monthly Climatological Summary for Jul 2019

Name: Ashurst Bridge   City: Totton   State: Hampshire
Elevation: 9 m  Lat: N 50 54 29   Lon: W 001 30 29

                  Temperature (°C), Rain (mm), Wind Speed (mph)

                                      Heat  Cool        Avg
    Mean                              Deg   Deg         Wind                 Dom
Day Temp  High   Time   Low    Time   Days  Days  Rain  Speed High   Time    Dir
----------------------------------------------------------------------------------
01  16.0  22.6   16:46   8.1   05:48   3.2   0.9   0.0   1.8  16.0   13:22   WNW
03  16.2  24.7   17:43   6.6   05:20   3.9   1.8   0.0   0.8  10.0   11:13     E
04  18.5  27.7   17:05   9.4   05:22   2.7   2.9   0.0   0.7  11.0   17:12     S
05  19.1  25.9   12:30  11.6   05:13   1.9   2.7   0.0   0.5  10.0   14:30   SSW
06  20.9  27.4   15:31  15.7   06:40   0.6   3.3   0.4   0.8  11.0   19:12   WNW
07  16.1  22.8   14:19   8.6   05:39   3.0   0.8   0.0   1.1  13.0   19:00   SSE
08  17.4  23.9   16:14   9.7   04:46   2.6   1.7   0.0   1.2  13.0   13:21   SSE
09  19.1  25.1   13:18  13.3   03:15   1.3   2.1   0.0   1.1  13.0   16:27     S
10  19.6  25.4   16:50  14.3   05:19   1.3   2.6   0.0   1.5  16.0   14:45     S
11  19.9  25.2   15:14  12.8   03:53   1.1   2.6   0.0   1.0  13.0   09:31     W
12  19.8  26.6   16:35  11.5   04:36   1.5   3.1   0.0   1.6  16.0   16:18    NW
13  18.5  24.9   19:14  12.2   02:11   1.6   1.9   0.0   0.8  12.0   12:01   NNW
14  17.4  25.3   18:03   8.6   06:01   2.8   1.9   0.0   1.0  11.0   14:01    NE
15  16.1  24.7   16:15   7.4   04:56   3.8   1.6   0.0   0.9  11.0   11:03   ESE
16  17.0  24.9   15:15   8.3   05:51   3.4   2.0   0.0   0.9  14.0   13:48     S
17  19.0  24.2   14:05  13.8   01:38   1.0   1.7   0.0   1.3  14.0   15:53   SSW
18  16.6  22.7   16:46   9.2   03:37   3.0   1.3   1.2   2.1  15.0   10:09     W
19  17.5  19.2   09:58  16.2   10:00   0.8   0.0  11.2   2.6  21.0   12:28     S
20  17.2  24.6   15:47   9.6   06:00   2.8   1.6   0.4   1.5  17.0   13:40   WSW
----------------------------------------------------------------------------------
    18.0  27.7     4     6.6     3    42.3  36.5  13.2   1.2  21.0    19     SSW

Max >=  27.0  2
Max <=   0.0  0
Min <=   0.0  0
Min <= -18.0  0
Max Rain: 11.2 on day 19
Days of Rain: 4 (>= 0.2 mm)  1 (>= 2.0 mm)  0 (>= 20.0 mm)
Heat Base: 18.3  Cool Base: 18.3  Method: Integration
:now::gauges::today::yesterday::this month::this year::records::monthly records::trends:climate reports


UK - WEATHER STATION TOPSITES - UK Follow @newforestwx