NOAA Style Reports for Ashurst Bridge

Select a Year or Month report
V/Λ2019 > Jan Feb Mar Apr May Jun Jul Aug Sep Oct Nov Dec
V/Λ2018 > Jan Feb Mar Apr May Jun Jul Aug Sep Oct Nov Dec
V/Λ2017 > Jan Feb Mar Apr May Jun Jul Aug Sep Oct Nov Dec
V/Λ2016 > Jan Feb Mar Apr May Jun Jul Aug Sep Oct Nov Dec
V/Λ2015 > Jan Feb Mar Apr May Jun Jul Aug Sep Oct Nov Dec
V/Λ2014 > Jan Feb Mar Apr May Jun Jul Aug Sep Oct Nov Dec
V/Λ2013 > Jan Feb Mar Apr May Jun Jul Aug Sep Oct Nov Dec
V/Λ2012 > Jan Feb Mar Apr May Jun Jul Aug Sep Oct Nov Dec

Report for 2019 May
                   Monthly Climatological Summary for May 2019

Name: Ashurst Bridge   City: Totton   State: Hampshire
Elevation: 9 m  Lat: N 50 54 29   Lon: W 001 30 29

                  Temperature (°C), Rain (mm), Wind Speed (mph)

                                      Heat  Cool        Avg
    Mean                              Deg   Deg         Wind                 Dom
Day Temp  High   Time   Low    Time   Days  Days  Rain  Speed High   Time    Dir
----------------------------------------------------------------------------------
01  11.5  16.4   13:36   4.9   06:49   6.7   0.0   0.0   1.1  13.0   15:02     W
02   9.7  16.0   16:09   2.4   06:00   8.6   0.0   0.8   1.8  16.0   16:01   WNW
03   9.9  15.3   16:52   4.2   06:02   8.4   0.0   0.2   1.6  20.0   09:35   NNW
04   6.5  13.6   15:59  -1.7   05:20  11.8   0.0   0.0   1.7  19.0   13:08     N
05   8.8  13.3   11:50   0.4   06:09   9.5   0.0   0.0   0.8  12.0   09:27    NW
06   9.3  14.6   17:38   3.9   06:11   9.0   0.0   0.0   0.9  13.0   12:46     W
07  11.8  15.6   15:42   8.8   02:14   6.5   0.0  10.2   3.2  22.0   07:08    SE
08  10.8  16.3   14:06   5.1   03:26   7.5   0.0   0.4   2.0  21.0   12:37   SSW
09   8.9  15.2   13:34   0.8   05:16   9.4   0.0   1.0   2.4  20.0   12:09     W
10  11.5  17.7   15:43   4.5   04:11   6.8   0.0   0.0   1.3  12.0   11:34     S
11  10.9  18.2   17:44   2.9   05:59   7.4   0.0   0.0   1.3  16.0   13:27   NNW
12  10.3  18.8   13:55   1.2   05:39   8.0   0.0   0.0   1.3  12.0   13:53   SSE
13  11.2  19.1   15:29   1.4   05:37   7.2   0.0   0.0   1.2  11.0   09:11   ESE
14  13.4  21.2   16:41   2.4   05:49   5.4   0.5   0.0   1.6  14.0   14:18     E
15  12.1  20.7   15:26   1.4   04:57   6.5   0.4   0.0   1.2  12.0   12:00    SE
16  12.5  19.6   13:25   4.1   02:10   5.9   0.1   0.0   1.3  14.0   10:47    SE
17  11.9  14.3   15:34  10.3   05:39   6.4   0.0   1.6   0.2   8.0   10:27   NNW
18  11.6  16.6   15:10   5.3   02:29   6.7   0.0   0.2   0.3   9.0   16:24   WSW
19  14.4  20.1   14:44  11.7   05:59   4.0   0.1   0.2   0.9  12.0   17:55    NW
20  13.4  19.2   16:00   5.5   05:25   4.9   0.1   0.0   0.6   9.0   11:50    NW
21  14.4  22.1   15:51   6.2   04:46   4.8   0.8   0.0   0.8  13.0   14:40   WNW
22  13.7  21.9   14:45   5.1   03:26   5.5   0.9   0.0   1.4  16.0   15:11     S
23  16.7  22.9   12:37  10.8   00:30   2.8   1.2   0.0   1.6  17.0   12:16     S
----------------------------------------------------------------------------------
    11.5  22.9    23    -1.7     4   159.7   4.1  14.6   1.3  22.0     7      SW

Max >=  27.0  0
Max <=   0.0  0
Min <=   0.0  1
Min <= -18.0  0
Max Rain: 10.2 on day 7
Days of Rain: 8 (>= 0.2 mm)  1 (>= 2.0 mm)  0 (>= 20.0 mm)
Heat Base: 18.3  Cool Base: 18.3  Method: Integration
:now::gauges::today::yesterday::this month::this year::records::monthly records::trends:climate reports


UK - WEATHER STATION TOPSITES - UK Follow @newforestwx