NOAA Style Reports for Ashurst Bridge

Select a Year or Month report

Report for 2018 Dec
                   Monthly Climatological Summary for Dec 2018

Name: Ashurst Bridge   City: Totton   State: Hampshire
Elevation: 9 m  Lat: N 50 54 29   Lon: W 001 30 29

                  Temperature (°C), Rain (mm), Wind Speed (mph)

                                      Heat  Cool        Avg
    Mean                              Deg   Deg         Wind                 Dom
Day Temp  High   Time   Low    Time   Days  Days  Rain  Speed High   Time    Dir
----------------------------------------------------------------------------------
01  12.6  13.6   02:03  10.3   09:00   5.7   0.0   4.4   3.5  27.0   10:19   SSW
02  13.1  14.4   11:36  11.2   02:48   5.2   0.0   2.0   5.0  23.0   10:52    SW
03   6.9  13.9   11:36  -1.6   07:53  11.4   0.0   0.2   2.3  20.0   10:48   WSW
04   8.1  12.6   06:09  -1.3   09:00  10.2   0.0   2.4   0.9  17.0   08:32     S
05  10.9  12.8   11:56   5.9   00:08   7.4   0.0   6.0   2.4  21.0   13:02   SSW
06  12.5  13.0   23:26  11.3   09:00   5.8   0.0  13.0   5.8  21.0   01:29   SSW
07   8.9  12.3   09:00   6.6   19:39   9.4   0.0   1.2   6.5  28.0   13:32   WSW
08  10.2  12.4   12:27   8.3   01:14   8.1   0.0   4.6   7.6  34.0   17:44   WSW
09   8.8  12.3   12:28   5.9   08:45   9.5   0.0   0.0   3.8  25.0   16:00     W
10   4.0  10.3   13:35  -0.6   03:10  14.3   0.0   0.0   0.5  11.0   11:35     W
11   7.8   9.6   12:59   2.0   09:00  10.5   0.0   0.0   1.1  10.0   05:07    SE
----------------------------------------------------------------------------------
     9.4  14.4     2    -1.6     3    97.5   0.0  33.8   3.6  34.0     8      SW

Max >=  27.0  0
Max <=   0.0  0
Min <=   0.0  3
Min <= -18.0  0
Max Rain: 13.0 on day 6
Days of Rain: 8 (>= 0.2 mm)  6 (>= 2.0 mm)  0 (>= 20.0 mm)
Heat Base: 18.3  Cool Base: 18.3  Method: Integration
:now::gauges::today::yesterday::this month::this year::records::monthly records::trends:climate reports


UK - WEATHER STATION TOPSITES - UK Follow @newforestwx