NOAA Style Reports for Ashurst Bridge

Select a Year or Month report
V/Λ2019 > Jan Feb Mar Apr May Jun Jul Aug Sep Oct Nov Dec
V/Λ2018 > Jan Feb Mar Apr May Jun Jul Aug Sep Oct Nov Dec
V/Λ2017 > Jan Feb Mar Apr May Jun Jul Aug Sep Oct Nov Dec
V/Λ2016 > Jan Feb Mar Apr May Jun Jul Aug Sep Oct Nov Dec
V/Λ2015 > Jan Feb Mar Apr May Jun Jul Aug Sep Oct Nov Dec
V/Λ2014 > Jan Feb Mar Apr May Jun Jul Aug Sep Oct Nov Dec
V/Λ2013 > Jan Feb Mar Apr May Jun Jul Aug Sep Oct Nov Dec
V/Λ2012 > Jan Feb Mar Apr May Jun Jul Aug Sep Oct Nov Dec

Report for 2019 Feb
                   Monthly Climatological Summary for Feb 2019

Name: Ashurst Bridge   City: Totton   State: Hampshire
Elevation: 9 m  Lat: N 50 54 29   Lon: W 001 30 29

                  Temperature (°C), Rain (mm), Wind Speed (mph)

                                      Heat  Cool        Avg
    Mean                              Deg   Deg         Wind                 Dom
Day Temp  High   Time   Low    Time   Days  Days  Rain  Speed High   Time    Dir
----------------------------------------------------------------------------------
01   0.8   1.7   01:10  -1.1   07:34  17.5   0.0   6.0   2.1  16.0   16:34   NNW
02  -0.1   4.8   13:49  -6.8   07:47  18.4   0.0   0.6   1.4  18.0   11:51    NW
03   6.1   8.3   15:11  -5.1   09:00  12.2   0.0  10.0   4.3  27.0   07:23   SSW
04   7.5  10.3   13:59   4.2   01:58  10.8   0.0   2.4   1.8  19.0   10:26   SSW
05   7.6   9.8   02:41   5.5   14:32  10.7   0.0   7.8   3.4  19.0   10:17     S
06   8.5  11.3   13:38   5.1   07:18   9.8   0.0   6.4   4.5  35.0   01:47   SSW
07   8.8  10.7   14:44   6.7   09:00   9.5   0.0   3.4   6.1  31.0   07:20    SW
08   8.5  10.4   14:55   6.8   03:09   9.8   0.0  13.6   8.2  38.0   09:32    SW
09   7.8  11.1   12:58   5.1   07:24  10.5   0.0   4.4   4.3  30.0   10:03    SW
10   5.6   8.7   14:26   2.6   22:23  12.7   0.0   0.2   3.6  23.0   10:43     W
11   3.4  10.1   13:39  -2.5   05:59  14.9   0.0   0.0   0.6  14.0   11:46    NW
12   7.7  11.8   12:41  -0.1   09:00  10.6   0.0   0.0   1.1  12.0   12:37   SSW
13   4.2  11.9   13:03  -1.3   03:04  14.1   0.0   0.2   1.4  16.0   12:19     S
14   3.2  12.3   13:00  -2.1   02:23  15.1   0.0   0.0   0.7  11.0   12:39   ESE
15   5.0  15.2   14:23  -1.2   01:54  13.3   0.0   0.2   0.6  12.0   13:29     S
16   7.1  11.4   12:03  -1.1   07:44  11.2   0.0   0.0   1.5  13.0   13:33     S
17   9.4  12.3   11:49   6.9   01:38   8.9   0.0   0.0   2.7  18.0   11:58     S
18   3.6   9.4   13:20  -1.2   07:42  14.7   0.0   2.4   1.2  15.0   11:27   SSW
19   7.9  10.9   12:50   1.5   09:00  10.4   0.0   0.2   2.4  14.0   12:41   SSW
20   8.7  12.0   12:56   5.8   01:26   9.6   0.0   0.0   2.5  18.0   10:39   SSW
21   9.2  13.6   13:45   6.6   07:12   9.1   0.0   0.2   1.4  11.0   11:56   SSW
22   6.9   8.7   08:58   3.5   06:44  11.4   0.0   0.0   1.3  11.0   16:40   ESE
----------------------------------------------------------------------------------
     6.2  15.2    15    -6.8     2   265.2   0.0  58.0   2.6  38.0     8     SSW

Max >=  27.0  0
Max <=   0.0  0
Min <=   0.0 10
Min <= -18.0  0
Max Rain: 13.6 on day 8
Days of Rain: 15 (>= 0.2 mm)  9 (>= 2.0 mm)  0 (>= 20.0 mm)
Heat Base: 18.3  Cool Base: 18.3  Method: Integration
:now::gauges::today::yesterday::this month::this year::records::monthly records::trends:climate reports


UK - WEATHER STATION TOPSITES - UK Follow @newforestwx