NOAA Style Reports for Ashurst Bridge

Select a Year or Month report

Report for 2012 Dec
                   Monthly Climatological Summary for Dec 2012

Name: Ashurst Bridge   City: Totton   State: Hampshire
Elevation: 9 m  Lat: N 50° 54' 30"   Lon: W 001° 30' 30"

                  Temperature (°C), Rain (mm), Wind Speed (mph)

                                      Heat  Cool        Avg
    Mean                              Deg   Deg         Wind                 Dom
Day Temp  High   Time   Low    Time   Days  Days  Rain  Speed High   Time    Dir
----------------------------------------------------------------------------------
 1   1.0   8.6   14:08  -3.6   06:36  17.3   0.0   0.2   1.1  15.0   15:50   WNW
 2   5.6  10.8   05:00  -3.1   09:00  12.7   0.0   3.6   0.9  13.0   04:21   WSW
 3   5.9  10.6   09:56   2.7   06:53  12.4   0.0   1.4   2.6  17.0   11:24     W
 4   3.0   8.2   13:39  -0.9   22:58  15.3   0.0   0.4   1.9  16.0   09:50   WNW
 5   0.7   5.9   13:55  -3.7   06:08  17.6   0.0   0.0   2.4  16.0   10:31    NW
 6   4.0   7.4   23:45  -2.4   09:00  14.3   0.0   5.0   3.9  26.0   05:09     W
 7   6.1   8.9   13:55   2.8   08:38  12.2   0.0   0.4   6.0  27.0   10:48    NW
 8   4.0   8.7   13:56  -0.6   21:17  14.2   0.0   0.0   1.6  13.0   08:58   WNW
 9   6.1   9.4   13:31   2.7   07:59  12.2   0.0   0.0   4.2  19.0   13:15   WNW
10   1.8   6.4   12:18  -2.8   07:18  16.3   0.0   0.0   2.5  15.0   13:13   NNW
11  -0.7   4.2   14:11  -3.1   00:57  18.9   0.0   0.0   1.3   8.0   12:14     N
12   0.6   5.4   13:56  -1.7   19:29  17.7   0.0   0.2   0.5   9.0   14:30     E
13   4.3   8.8   07:50   0.8   09:00  13.9   0.0   6.6   2.2  24.0   08:04   ESE
14   8.8  11.1   13:35   5.3   07:56   9.5   0.0  16.2   5.3  26.0   10:56   SSW
15   6.9  11.6   12:50   2.3   05:57  11.4   0.0   0.2   2.8  21.0   14:07   SSW
16   6.2  10.3   13:54   2.7   08:11  12.1   0.0  10.4   1.4  18.0   14:25   SSW
17   6.6  10.2   13:58   3.4   09:00  11.7   0.0   0.2   2.6  18.0   13:21     W
18   4.1  10.2   14:08  -0.3   22:27  14.2   0.0   0.4   1.1  14.0   07:34     W
19   9.2  11.7   04:38   7.7   13:32   9.1   0.0  24.2   4.0  20.0   16:25   SSE
20   8.3  11.4   14:04   4.8   08:11  10.0   0.0   5.8   2.6  22.0   15:11   SSW
21   7.7  11.2   08:48   4.6   20:18  10.6   0.0  14.8   2.8  18.0   04:11   SSW
22  12.8  13.6   13:52  11.2   09:00   5.5   0.0   9.8   6.4  31.0   01:03    SW
23  10.4  12.3   11:59   8.2   05:23   7.9   0.0   4.2   3.0  24.0   07:38   SSW
24   9.7  12.7   10:29   7.4   08:09   8.4   0.0  18.2   5.1  28.0   11:27   SSW
25   7.2  10.0   13:26   3.9   07:48  11.1   0.0   2.2   2.8  19.0   12:20   WSW
26   9.0  11.1   13:05   4.7   05:20   9.2   0.0   5.2   5.0  28.0   13:57    SW
27   7.9  11.3   08:50   5.4   23:25  10.4   0.0   4.6   4.2  27.0   12:54     W
28  12.0  12.6   02:11  11.3   09:00   6.3   0.0   0.2   8.8  33.0   05:17   SSW
29   8.1  12.4   11:20   6.1   02:30  10.2   0.0   1.6   6.0  30.0   10:57    SW
30  10.6  11.7   01:21   7.1   09:00   7.7   0.0   1.8   7.5  26.0   23:43    SW
31   8.6  11.2   10:28   3.7   08:06   9.7   0.0   8.2   4.8  31.0   11:47    SW
----------------------------------------------------------------------------------
     6.3  13.6    22    -3.7     5   370.0   0.0 146.0   3.5  33.0    28     WSW

Max >=  27.0:  0
Max <=   0.0:  0
Min <=   0.0: 10
Min <= -18.0:  0
Max Rain: 24.2 on day 19
Days of Rain: 26 (>= 0.2 mm)  15 (>= 2.0 mm)  1 (>= 20.0 mm)
Heat Base: 18.3  Cool Base: 18.3  Method: Integration
:now::gauges::today::yesterday::this month::this year::records::monthly records::trends:climate reports


UK - WEATHER STATION TOPSITES - UK Follow @newforestwx