NOAA Style Reports for Ashurst Bridge

Select a Year or Month report
V/Λ2018 > Jan Feb Mar Apr May Jun Jul Aug Sep Oct Nov Dec
V/Λ2017 > Jan Feb Mar Apr May Jun Jul Aug Sep Oct Nov Dec
V/Λ2016 > Jan Feb Mar Apr May Jun Jul Aug Sep Oct Nov Dec
V/Λ2015 > Jan Feb Mar Apr May Jun Jul Aug Sep Oct Nov Dec
V/Λ2014 > Jan Feb Mar Apr May Jun Jul Aug Sep Oct Nov Dec
V/Λ2013 > Jan Feb Mar Apr May Jun Jul Aug Sep Oct Nov Dec
V/Λ2012 > Jan Feb Mar Apr May Jun Jul Aug Sep Oct Nov Dec

Report for 2013 Jan
                   Monthly Climatological Summary for Jan 2013

Name: Ashurst Bridge   City: Totton   State: Hampshire
Elevation: 9 m  Lat: N 50° 54' 30"   Lon: W 001° 30' 30"

                  Temperature (°C), Rain (mm), Wind Speed (mph)

                                      Heat  Cool        Avg
    Mean                              Deg   Deg         Wind                 Dom
Day Temp  High   Time   Low    Time   Days  Days  Rain  Speed High   Time    Dir
----------------------------------------------------------------------------------
 1   5.5   9.0   14:07   3.0   20:56  12.6   0.0   0.2   2.8  18.0   12:42     W
 2  10.5  11.8   22:13   6.2   09:00   7.7   0.0   0.0   3.2  15.0   23:21     W
 3  10.9  11.9   13:39   9.8   06:58   7.4   0.0   0.0   2.7  13.0   23:13     W
 4   9.6  10.4   10:45   8.8   20:25   8.7   0.0   0.2   2.0  11.0   12:27     W
 5   8.9  11.2   12:54   5.2   23:50   9.4   0.0   0.0   1.1  10.0   15:03   WSW
 6   8.2   9.4   15:27   7.6   09:00  10.1   0.0   0.2   1.1  11.0   21:14   SSW
 7   9.5  10.2   23:16   7.4   07:21   8.8   0.0   0.0   2.5  12.0   23:51   SSW
 8  10.2  11.5   13:08   8.4   08:18   8.1   0.0   5.8   3.2  16.0   15:21    SW
 9   7.2  10.0   13:41   3.7   08:20  11.1   0.0   0.0   1.4   8.0   10:55   NNE
10   6.1   7.4   13:39   2.7   08:53  12.2   0.0   2.8   1.3  10.0   20:49   WNW
11   6.6  10.4   14:20   2.4   09:14  11.7   0.0  11.4   1.4  18.0   04:32   ESE
12   4.5   6.8   10:20   1.8   08:55  13.8   0.0   8.8   3.5  14.0   10:23    NE
13   2.2   4.3   13:37   1.0   01:40  16.1   0.0   0.0   2.0  13.0   11:49     N
14   3.7   6.0   15:10   2.2   08:47  14.5   0.0   1.8   4.0  20.0   18:58    NW
15  -0.4   6.0   14:47  -4.2   03:34  18.7   0.0   0.0   1.2  11.0   09:04   NNW
16   0.6   4.4   14:47  -1.7   09:00  17.7   0.0   0.0   0.9   7.0   13:12   NNE
17   2.7   4.0   15:18   0.4   08:09  15.6   0.0   0.6   1.8  23.0   04:09   SSE
18   0.8   1.2   15:48   0.3   05:59  17.5   0.0   0.0   2.9  14.0   02:33     E
19   0.6   1.7   14:34  -0.7   07:53  17.7   0.0   0.0   4.5  13.0   02:51   NNE
20   0.0   0.9   12:16  -1.1   08:11  18.2   0.0   0.6   1.1   8.0   09:17   NNW
21   0.5   2.7   14:06  -2.8   00:17  17.8   0.0   1.8   0.6   8.0   08:34   ESE
22   2.4   3.2   14:15   1.9   21:44  15.9   0.0  11.6   3.6  15.0   15:15   ENE
23   2.3   2.9   14:13   1.0   08:33  16.0   0.0   2.6   2.3  11.0   22:51   ENE
24   1.8   3.9   13:30  -0.2   00:00  16.3   0.0   0.4   1.4  11.0   14:00    NE
25   4.2   5.2   22:44   2.4   08:27  14.0   0.0  11.0   4.8  22.0   23:29     S
26   8.7  10.7   05:23   2.5   09:00   9.6   0.0  16.8   6.3  25.0   03:19    SW
27   6.1  10.3   12:22   1.6   07:17  12.2   0.0   1.0   3.9  22.0   11:45   WSW
28  10.3  12.2   08:20   4.4   09:00   8.0   0.0  11.6   7.2  33.0   16:40    SW
29  12.0  13.2   16:12   9.2   08:37   6.3   0.0  16.4   8.5  36.0   17:21    SW
30   9.7  12.5   12:47   6.5   22:59   8.6   0.0   1.2   6.9  30.0   06:46   WSW
31   8.9  12.0   13:04   5.9   08:43   9.4   0.0   7.4   4.5  27.0   13:05   WSW
----------------------------------------------------------------------------------
     5.6  13.2    29    -4.2    15   391.7   0.0 114.2   3.0  36.0    29     WSW

Max >=  27.0:  0
Max <=   0.0:  0
Min <=   0.0:  6
Min <= -18.0:  0
Max Rain: 16.8 on day 26
Days of Rain: 21 (>= 0.2 mm)  11 (>= 2.0 mm)  0 (>= 20.0 mm)
Heat Base: 18.3  Cool Base: 18.3  Method: Integration
:now::gauges::today::yesterday::this month::this year::records::monthly records::trends:climate reports


UK - WEATHER STATION TOPSITES - UK Follow @newforestwx