NOAA Style Reports for Ashurst Bridge

Select a Year or Month report
V/Λ2018 > Jan Feb Mar Apr May Jun Jul Aug Sep Oct Nov Dec
V/Λ2017 > Jan Feb Mar Apr May Jun Jul Aug Sep Oct Nov Dec
V/Λ2016 > Jan Feb Mar Apr May Jun Jul Aug Sep Oct Nov Dec
V/Λ2015 > Jan Feb Mar Apr May Jun Jul Aug Sep Oct Nov Dec
V/Λ2014 > Jan Feb Mar Apr May Jun Jul Aug Sep Oct Nov Dec
V/Λ2013 > Jan Feb Mar Apr May Jun Jul Aug Sep Oct Nov Dec
V/Λ2012 > Jan Feb Mar Apr May Jun Jul Aug Sep Oct Nov Dec

Report for 2013 Feb
                   Monthly Climatological Summary for Feb 2013

Name: Ashurst Bridge   City: Totton   State: Hampshire
Elevation: 9 m  Lat: N 50° 54' 30"   Lon: W 001° 30' 30"

                  Temperature (°C), Rain (mm), Wind Speed (mph)

                                      Heat  Cool        Avg
    Mean                              Deg   Deg         Wind                 Dom
Day Temp  High   Time   Low    Time   Days  Days  Rain  Speed High   Time    Dir
----------------------------------------------------------------------------------
 1   5.7   8.0   13:17   3.1   08:26  12.6   0.0   1.2   3.8  17.0   03:45    NW
 2   2.2   7.1   13:24  -2.4   02:03  16.1   0.0   0.0   3.1  20.0   14:37   NNW
 3   9.5  10.6   15:58   4.7   09:00   8.6   0.0   0.2   4.5  20.0   07:41     W
 4   7.0  11.0   13:48   2.7   06:39  11.3   0.0   3.6   6.4  37.0   01:15     W
 5   5.7   7.2   22:27   3.2   09:00  12.5   0.0   1.8   6.9  24.0   13:04   WNW
 6   3.9   6.4   12:29   0.2   06:39  14.4   0.0   0.0   6.1  27.0   14:57   NNW
 7   3.7   6.8   14:41   0.9   07:12  14.5   0.0   1.0   2.1  13.0   11:01    NW
 8   4.2   7.0   13:23   1.7   09:00  14.0   0.0   1.4   2.4  11.0   10:20    NW
 9   4.1   6.5   08:59   2.2   11:20  14.2   0.0   9.0   0.6   8.0   08:32     S
10   5.5   7.1   17:44   2.8   08:16  12.8   0.0  13.4   2.4  17.0   12:09   SSE
11   2.4   3.2   15:12   1.4   13:03  15.9   0.0   2.4   3.4  12.0   00:03   NNE
12   2.6   4.3   13:16   0.9   04:12  15.7   0.0   0.0   1.2  11.0   09:55    NE
13   5.7   9.9   06:34   2.4   15:21  12.6   0.0   7.8   4.5  19.0   03:06   SSW
14   6.1  12.3   14:24  -0.6   07:04  12.2   0.0   0.2   3.3  23.0   11:29   WNW
15   4.2  11.1   14:29   0.8   07:32  14.1   0.0   0.0   0.9  11.0   12:11   WNW
16   3.3  10.4   14:22  -1.6   05:57  15.0   0.0   0.0   0.8  13.0   15:18     S
17   5.8  10.7   12:49  -0.4   09:00  12.5   0.0   0.0   2.4  17.0   13:45   ESE
18   2.9   9.7   14:08  -2.7   06:58  15.4   0.0   0.0   1.2  14.0   12:06   ESE
19   2.9  12.1   14:12  -2.7   04:34  15.3   0.0   0.0   0.5   7.0   11:29   ENE
20   3.0   6.9   13:56  -0.5   06:50  15.3   0.0   0.0   3.2  15.0   03:10     E
21   2.0   5.6   13:59   0.7   09:00  16.3   0.0   0.2   4.0  19.0   17:56   ENE
22   1.6   2.7   12:47   0.7   07:36  16.7   0.0   0.0   4.7  19.0   14:24    NE
23   1.6   3.9   14:13  -0.6   23:53  16.7   0.0   0.0   3.7  15.0   10:21     N
24   2.5   3.3   13:03   1.5   01:30  15.7   0.0   0.0   5.1  20.0   17:48     N
25   4.3   5.4   12:17   3.3   09:00  13.4   0.0   0.0   5.9  20.0   00:01   NNE
26   4.9   6.1   15:49   3.1   07:12  13.2   0.0   0.0   4.3  15.0   05:43    NE
27   3.3   5.9   15:50   1.9   07:26  14.9   0.0   0.0   3.8  18.0   14:39   NNE
28   5.2   8.2   15:15   2.8   06:12  13.1   0.0   0.0   3.6  18.0   20:39    NE
----------------------------------------------------------------------------------
     4.1  12.3    14    -2.7    18   395.0   0.0  42.2   3.4  37.0     4       N

Max >=  27.0:  0
Max <=   0.0:  0
Min <=   0.0:  8
Min <= -18.0:  0
Max Rain: 13.4 on day 10
Days of Rain: 12 (>= 0.2 mm)  5 (>= 2.0 mm)  0 (>= 20.0 mm)
Heat Base: 18.3  Cool Base: 18.3  Method: Integration
:now::gauges::today::yesterday::this month::this year::records::monthly records::trends:climate reports


UK - WEATHER STATION TOPSITES - UK Follow @newforestwx