NOAA Style Reports for Ashurst Bridge

Select a Year or Month report

Report for 2013 Mar
                   Monthly Climatological Summary for Mar 2013

Name: Ashurst Bridge   City: Totton   State: Hampshire
Elevation: 9 m  Lat: N 50° 54' 30"   Lon: W 001° 30' 30"

                  Temperature (°C), Rain (mm), Wind Speed (mph)

                                      Heat  Cool        Avg
    Mean                              Deg   Deg         Wind                 Dom
Day Temp  High   Time   Low    Time   Days  Days  Rain  Speed High   Time    Dir
----------------------------------------------------------------------------------
 1   5.4   7.5   12:04   3.2   07:25  12.9   0.0   0.0   3.8  17.0   14:25    NE
 2   1.8   7.6   14:32  -3.2   02:45  16.5   0.0   0.0   1.5  10.0   15:33    NE
 3   4.4   8.2   15:33   1.7   20:37  13.9   0.0   0.0   1.7  13.0   11:58     E
 4   3.0  11.3   14:26  -1.8   06:28  15.0   0.0   0.0   0.9  10.0   15:31   ESE
 5   7.7  15.3   13:31   2.0   09:00  10.6   0.0   0.0   0.7   9.0   12:15   ESE
 6  10.2  12.7   14:33   7.9   09:00   8.1   0.0   3.8   0.7   8.0   14:09   ESE
 7   9.5  10.4   11:31   8.9   17:26   8.8   0.0   3.0   0.8  14.0   12:30    SE
 8   9.4  11.9   15:30   7.7   02:34   8.7   0.0   6.6   0.2   5.0   17:15    SW
 9   7.9  13.4   14:08   3.8   04:47  10.4   0.0   0.4   3.3  16.0   06:54    NE
10   2.8   5.5   13:10  -0.3   08:14  15.5   0.0   0.0   6.8  23.0   18:44   ENE
11   0.2   1.9   14:55  -1.0   01:43  18.1   0.0   0.8  10.2  29.0   15:28    NE
12   3.2   6.2   15:13   0.6   09:00  15.0   0.0   0.0   5.8  29.0   09:14   NNE
13   2.3   8.9   15:31  -2.8   06:59  16.0   0.0   0.0   2.8  22.0   16:58   NNW
14   4.6   9.2   13:26  -0.2   23:19  13.7   0.0   0.4   2.3  16.0   12:16     W
15   7.8   9.8   10:20   4.9   08:23  10.5   0.0  26.4   8.3  31.0   03:52   SSW
16   5.4   9.4   13:32   1.9   01:45  12.9   0.0  18.6   3.4  26.0   13:43   SSW
17   2.7   6.7   17:00  -0.6   00:38  15.2   0.0   7.4   0.9  13.0   15:37   NNW
18   3.6   8.1   12:45  -0.6   04:16  14.4   0.0   1.0   0.3   7.0   13:30   ENE
19   4.4   9.9   14:54   0.0   03:06  13.9   0.0   0.0   1.5  13.0   06:34    NE
20   5.9   9.1   14:44   3.4   05:25  12.4   0.0   0.0   2.2  13.0   08:59    NE
21   5.6   6.1   23:32   5.1   06:03  12.7   0.0  10.2   4.2  19.0   21:57   ESE
22   5.9   9.4   11:35   3.8   08:55  12.4   0.0   9.0   3.2  17.0   15:20     E
23   2.9   3.9   09:01   1.8   08:15  15.4   0.0   0.0   4.1  17.0   08:08   ENE
24   1.7   2.3   08:59   1.1   17:07  16.6   0.0   0.0   4.9  21.0   15:03    NE
25   2.1   3.8   13:02   1.3   05:16  16.2   0.0   0.0   6.0  22.0   10:28    NE
26   2.2   4.1   11:47   0.9   01:03  16.1   0.0   0.0   4.6  16.0   10:08    NE
27   2.5   6.2   15:06  -0.5   02:57  15.8   0.0   0.0   3.3  14.0   09:15   NNE
28   3.2   8.0   11:23  -1.8   06:02  15.1   0.0   0.0   3.1  15.0   13:48    NE
29   3.5   6.9   13:18   0.2   00:39  14.8   0.0   0.0   3.8  17.0   14:45   ENE
30   3.2   7.5   15:55  -3.1   07:00  14.5   0.0   0.0   2.6  16.0   11:03    NE
31   4.2   9.8   14:00   1.3   00:30  14.1   0.0   0.0   3.0  14.0   12:15     E
----------------------------------------------------------------------------------
     4.5  15.3     5    -3.2     2   426.2   0.0  87.6   3.3  31.0    15      NE

Max >=  27.0:  0
Max <=   0.0:  0
Min <=   0.0: 12
Min <= -18.0:  0
Max Rain: 26.4 on day 15
Days of Rain: 12 (>= 0.2 mm)  8 (>= 2.0 mm)  1 (>= 20.0 mm)
Heat Base: 18.3  Cool Base: 18.3  Method: Integration
:now::gauges::today::yesterday::this month::this year::records::monthly records::trends:climate reports


UK - WEATHER STATION TOPSITES - UK Follow @newforestwx