NOAA Style Reports for Ashurst Bridge

Select a Year or Month report

Report for 2013 Apr
                   Monthly Climatological Summary for Apr 2013

Name: Ashurst Bridge   City: Totton   State: Hampshire
Elevation: 9 m  Lat: N 50° 54' 30"   Lon: W 001° 30' 30"

                  Temperature (°C), Rain (mm), Wind Speed (mph)

                                      Heat  Cool        Avg
    Mean                              Deg   Deg         Wind                 Dom
Day Temp  High   Time   Low    Time   Days  Days  Rain  Speed High   Time    Dir
----------------------------------------------------------------------------------
 1   3.5   8.4   17:27   0.2   06:22  14.4   0.0   0.0   5.4  22.0   17:52   ENE
 2   4.8  11.9   15:53  -0.1   03:52  13.4   0.0   0.0   4.7  23.0   14:11    NE
 3   4.1   7.2   16:49   1.9   04:10  14.0   0.0   0.0   6.5  24.0   14:12    NE
 4   3.1   4.9   15:44   2.0   03:03  15.2   0.0   0.0   7.3  26.0   11:59   NNE
 5   4.2   8.5   15:35  -0.8   06:51  14.1   0.0   0.0   5.5  26.0   11:44   NNE
 6   4.2  13.8   16:57  -2.9   05:50  14.1   0.0   0.0   1.9  15.0   10:03    NE
 7   6.6   9.7   13:46   4.6   00:48  11.7   0.0   0.0   2.1  13.0   11:07   ESE
 8   7.4  10.1   12:15   5.2   06:10  10.8   0.0   3.2   2.8  17.0   16:17   ESE
 9   6.7   9.0   18:01   2.9   06:25  11.6   0.0   4.4   2.5  16.0   12:01    NE
10   7.9  10.2   12:58   5.1   10:00  10.4   0.0  11.4   2.2  13.0   16:10     E
11  10.0  14.4   16:28   7.9   02:15   8.1   0.0   4.2   4.1  18.0   03:15   SSW
12   8.9  14.2   15:45   4.6   23:22   9.2   0.0   0.0   3.2  20.0   12:30     W
13  11.0  14.6   09:45   9.3   11:06   7.2   0.0  13.6   7.3  26.0   17:05   SSW
14  12.8  17.0   16:32   9.8   05:46   5.4   0.0   0.0  ----  23.0   11:11   SSW
15  11.4  15.6   17:38   8.8   00:52   6.7   0.0   0.8  ----  22.0   04:16   SSW
16  12.4  17.3   16:27   9.4   23:15   5.8   0.0   0.8  ----  20.0   15:53   SSW
17  12.5  17.3   15:47   9.3   06:38   5.7   0.0   0.0  ----  26.0   02:35    SW
18  10.6  15.4   15:08   6.7   01:34   7.6   0.0   0.6  ----  29.0   13:37   WSW
19   9.3  16.3   15:10   1.8   06:30   9.0   0.0   0.0  ----  16.0   14:26   NNW
20   8.0  17.6   16:19  -0.4   05:52  10.2   0.0   0.0  ----  11.0   18:53     S
21  10.0  14.8   12:28   5.3   06:43   8.3   0.0   0.0  ----  16.0   13:52    SW
22  11.2  14.1   09:59   8.4   06:55   7.1   0.0   0.0  ----  16.0   14:40    SW
23  13.9  22.7   17:02   6.2   05:54   5.2   0.8   0.0  ----  13.0   12:28     W
24  12.2  18.8   14:08   7.6   06:32   6.0   0.0   0.0  ----  13.0   13:55    SW
25  13.5  22.4   16:39   7.2   06:09   5.4   0.5   3.0  ----  16.0   03:20   WNW
26   8.1  14.4   15:54   2.9   04:37  10.2   0.0   0.0  ----  23.0   18:40    NW
27   5.5  11.5   17:10  -0.4   05:38  12.8   0.0   3.2  ----  20.0   14:14   NNE
28   9.3  11.9   11:23   6.7   06:15   8.9   0.0   0.8  ----  19.0   08:44   WSW
29   9.4  16.1   17:48   1.9   05:52   8.8   0.0   0.0  ----  17.0   11:31    NW
30  10.3  18.4   15:28   2.2   06:09   8.0   0.0   0.0  ----  19.0   14:14   NNE
----------------------------------------------------------------------------------
     8.8  22.7    23    -2.9     6   285.3   1.3  46.0   4.2  29.0    18     ENE

Max >=  27.0:  0
Max <=   0.0:  0
Min <=   0.0:  5
Min <= -18.0:  0
Max Rain: 13.6 on day 13
Days of Rain: 11 (>= 0.2 mm)  7 (>= 2.0 mm)  0 (>= 20.0 mm)
Heat Base: 18.3  Cool Base: 18.3  Method: Integration
:now::gauges::today::yesterday::this month::this year::records::monthly records::trends:climate reports


UK - WEATHER STATION TOPSITES - UK Follow @newforestwx