NOAA Style Reports for Ashurst Bridge

Select a Year or Month report

Report for 2013 May
                   Monthly Climatological Summary for May 2013

Name: Ashurst Bridge   City: Totton   State: Hampshire
Elevation: 9 m  Lat: N 50° 54' 30"   Lon: W 001° 30' 30"

                  Temperature (°C), Rain (mm), Wind Speed (mph)

                                      Heat  Cool        Avg
    Mean                              Deg   Deg         Wind                 Dom
Day Temp  High   Time   Low    Time   Days  Days  Rain  Speed High   Time    Dir
----------------------------------------------------------------------------------
 1  11.2  19.2   15:01   2.5   05:59   7.1   0.0   0.0   3.2  16.0   18:34   NNE
 2  11.6  20.8   16:20   2.3   05:41   7.0   0.4   0.0   2.5  19.0   12:25   NNE
 3  13.0  19.9   14:54   6.7   02:57   5.5   0.1   0.0   3.2  15.0   14:04     W
 4  12.4  18.7   16:43   7.3   01:32   5.9   0.0   0.0   3.3  19.0   12:51     W
 5  11.9  19.0   12:33   3.9   06:06   6.4   0.0   0.0   1.7  13.0   14:39    SW
 6  12.8  22.1   15:29   3.7   05:25   6.2   0.7   0.0   1.4  12.0   12:38   SSW
 7  16.1  24.1   16:14  11.6   03:26   3.3   1.1   8.6   2.6  18.0   06:40   SSE
 8  10.6  16.8   13:50   4.9   05:14   7.7   0.0   0.6   3.7  27.0   08:47    SW
 9  11.3  14.2   12:49   9.8   01:52   7.0   0.0   1.2   7.6  33.0   12:36    SW
10  11.6  16.8   12:11   6.4   04:42   6.7   0.0   4.2   4.1  22.0   10:40   WSW
11  10.1  15.3   13:16   5.0   05:55   8.2   0.0   0.6   4.8  25.0   21:26     W
12  11.7  14.1   12:31  10.5   05:54   6.5   0.0   0.6   4.3  17.0   17:22   WSW
13  10.7  16.0   14:02   7.3   05:04   7.6   0.0   0.6   4.2  20.0   14:44   WSW
14   8.4  11.7   10:03   6.1   03:27   9.9   0.0  13.2   5.6  30.0   21:42   SSW
15   9.2  17.7   16:39   2.7   03:25   9.1   0.0   0.2   2.1  17.0   11:44     W
16   9.9  17.9   15:56   1.6   05:10   8.3   0.0   0.0   1.3  13.0   15:07   SSW
17  12.0  17.7   14:29   6.4   04:04   6.3   0.0   0.0   2.4  17.0   14:13    NE
18  14.0  20.4   16:18  10.5   01:31   4.4   0.1   0.0   1.6  12.0   11:49   NNW
19  14.1  20.0   17:25  10.4   02:14   4.3   0.1   0.6   3.2  13.0   16:55   NNW
20  15.5  18.5   16:46  12.4   10:00   2.8   0.0   0.0   4.2  16.0   13:37   NNW
21  12.7  16.8   14:50   7.9   05:40   5.6   0.0   0.0   2.7  15.0   14:49   NNW
22  12.0  18.8   17:15   6.3   01:42   6.3   0.0   0.0   3.8  20.0   09:11    NW
23   8.6  13.9   16:42   5.0   03:20   9.7   0.0   0.4   4.0  20.0   11:23    NW
24   8.8  11.6   14:42   6.6   05:03   9.5   0.0   0.8   6.6  29.0   16:33     N
25  11.0  18.1   15:30   3.7   03:06   7.3   0.0   0.0   2.3  15.0   10:20     N
26  12.3  21.3   15:02   3.5   03:41   6.5   0.5   0.0   2.2  20.0   09:29   WSW
27  12.6  18.3   16:39   9.3   05:15   5.7   0.0   3.4   2.4  21.0   15:01   SSW
28   9.8  13.2   09:33   7.2   03:09   8.5   0.0   7.8   0.9  10.0   18:39     W
29  13.5  17.1   12:10  12.1   05:34   4.8   0.0   4.2   2.8  16.0   09:52   NNW
30  14.0  16.9   12:28  10.6   05:30   4.3   0.0   0.2   3.6  17.0   10:44     N
31  17.0  23.9   18:00  10.8   06:23   2.6   1.3   0.0   4.5  20.0   07:06   NNW
----------------------------------------------------------------------------------
    11.9  24.1     7     1.6    16   201.0   4.3  47.2   3.3  33.0     9     WNW

Max >=  27.0:  0
Max <=   0.0:  0
Min <=   0.0:  0
Min <= -18.0:  0
Max Rain: 13.2 on day 14
Days of Rain: 16 (>= 0.2 mm)  6 (>= 2.0 mm)  0 (>= 20.0 mm)
Heat Base: 18.3  Cool Base: 18.3  Method: Integration
:now::gauges::today::yesterday::this month::this year::records::monthly records::trends:climate reports


UK - WEATHER STATION TOPSITES - UK Follow @newforestwx