NOAA Style Reports for Ashurst Bridge

Select a Year or Month report

Report for 2013 Jun
                   Monthly Climatological Summary for Jun 2013

Name: Ashurst Bridge   City: Totton   State: Hampshire
Elevation: 9 m  Lat: N 50° 54' 30"   Lon: W 001° 30' 30"

                  Temperature (°C), Rain (mm), Wind Speed (mph)

                                      Heat  Cool        Avg
    Mean                              Deg   Deg         Wind                 Dom
Day Temp  High   Time   Low    Time   Days  Days  Rain  Speed High   Time    Dir
----------------------------------------------------------------------------------
 1  14.3  21.1   16:26   7.1   04:12   4.4   0.4   0.0   3.6  19.0   10:38     N
 2  13.4  20.2   17:28   5.4   05:11   5.1   0.2   0.0   2.1  15.0   16:27     N
 3  13.9  21.3   16:53   5.9   05:12   4.9   0.5   0.0   2.0  14.0   11:16    NE
 4  15.5  24.4   17:16   9.2   05:30   4.0   1.2   0.0   3.2  19.0   13:21    NE
 5  16.2  25.0   17:59   9.9   05:09   3.5   1.3   0.0   2.4  14.0   14:31    NE
 6  17.8  25.9   17:28  11.0   09:56   2.4   1.9  11.2   3.9  15.0   13:09    NE
 7  15.5  23.4   15:49  10.1   06:04   3.4   0.6   4.6   4.7  22.0   09:48    NE
 8  15.3  21.7   15:14  10.2   01:59   3.7   0.7   0.0   5.6  21.0   11:10    NE
 9  14.4  20.2   16:56   9.7   05:03   4.0   0.2   0.0   2.1  16.0   10:09    NE
10  13.7  18.5   14:34  10.1   22:44   4.6   0.0   1.8   1.1  12.0   09:17   SSE
11  14.6  18.4   17:38  13.3   23:08   3.7   0.0   2.4   3.9  18.0   02:42   SSW
12  14.1  15.9   16:10  12.6   04:40   4.2   0.0   5.4   5.9  22.0   09:33   SSW
13  13.4  18.4   17:50   8.4   02:10   4.9   0.0   0.0   4.0  24.0   15:16   WSW
14  14.7  20.2   17:38   9.9   05:11   3.7   0.2   5.0   4.5  20.0   15:54   SSW
15  14.1  18.1   15:09  11.2   04:20   4.2   0.0   0.0   4.4  27.0   14:41    SW
16  15.0  18.4   15:47  12.9   00:51   3.3   0.0   0.2   1.5  12.0   08:57    SE
17  18.4  22.4   15:15  14.8   04:29   0.9   1.0   0.0   3.4  21.0   19:30    NE
18  17.6  23.4   17:37  14.1   03:37   1.7   1.0   0.0   1.2  10.0   14:58   SSW
19  21.1  26.1   13:27  17.0   09:56   0.0   2.8   0.0   1.9  11.0   02:48   NNE
20  16.5  22.6   17:53  13.8   02:02   2.3   0.5   0.0   1.9  13.0   17:59    SW
21  16.5  22.3   13:47  12.4   04:29   2.6   0.8   4.6   4.4  22.0   08:27    SW
22  14.8  18.2   11:40  13.1   01:14   3.5   0.0   0.6   5.8  24.0   10:58    SW
23  14.0  17.0   18:45  10.2   04:30   4.4   0.0   0.0   7.9  22.0   18:15   WNW
24  13.3  19.2   17:15   7.0   05:00   5.0   0.0   0.0  ----  13.0   10:45   WNW
25  14.0  22.2   15:45   6.3   04:58   4.7   0.5   0.0  ----  12.0   15:15    SW
26  17.4  23.2   17:29  12.3   04:38   2.2   1.2   0.0  ----  14.0   09:21    NW
27  16.2  23.0   15:29  12.7   22:20   2.9   0.8   4.8  ----  16.0   16:59   WNW
28  18.0  23.8   15:12  14.1   05:05   1.4   1.1   0.2  ----  19.0   18:45   WNW
29  18.9  25.9   16:55  13.1   03:51   1.5   2.1   0.0  ----  12.0   12:05   WNW
30  19.2  27.6   15:51  11.6   05:40   2.1   2.9   0.0  ----  13.0   14:28   WSW
----------------------------------------------------------------------------------
    15.7  27.6    30     5.4     2    99.2  21.9  40.8   3.4  27.0    15       W

Max >=  27.0:  1
Max <=   0.0:  0
Min <=   0.0:  0
Min <= -18.0:  0
Max Rain: 11.2 on day 6
Days of Rain: 11 (>= 0.2 mm)  7 (>= 2.0 mm)  0 (>= 20.0 mm)
Heat Base: 18.3  Cool Base: 18.3  Method: Integration
:now::gauges::today::yesterday::this month::this year::records::monthly records::trends:climate reports


UK - WEATHER STATION TOPSITES - UK Follow @newforestwx