NOAA Style Reports for Ashurst Bridge

Select a Year or Month report
V/Λ2018 > Jan Feb Mar Apr May Jun Jul Aug Sep Oct Nov Dec
V/Λ2017 > Jan Feb Mar Apr May Jun Jul Aug Sep Oct Nov Dec
V/Λ2016 > Jan Feb Mar Apr May Jun Jul Aug Sep Oct Nov Dec
V/Λ2015 > Jan Feb Mar Apr May Jun Jul Aug Sep Oct Nov Dec
V/Λ2014 > Jan Feb Mar Apr May Jun Jul Aug Sep Oct Nov Dec
V/Λ2013 > Jan Feb Mar Apr May Jun Jul Aug Sep Oct Nov Dec
V/Λ2012 > Jan Feb Mar Apr May Jun Jul Aug Sep Oct Nov Dec

Report for 2013 Jul
                   Monthly Climatological Summary for Jul 2013

Name: Ashurst Bridge   City: Totton   State: Hampshire
Elevation: 9 m  Lat: N 50° 54' 30"   Lon: W 001° 30' 30"

                  Temperature (°C), Rain (mm), Wind Speed (mph)

                                      Heat  Cool        Avg
    Mean                              Deg   Deg         Wind                 Dom
Day Temp  High   Time   Low    Time   Days  Days  Rain  Speed High   Time    Dir
----------------------------------------------------------------------------------
 1  16.2  22.9   16:30   9.8   04:38   3.2   1.1   0.0   1.8  13.0   14:44     W
 2  15.2  17.9   12:57  14.2   22:13   3.1   0.0   1.4   3.6  20.0   22:44    SW
 3  16.5  20.9   18:15  11.2   02:09   2.2   0.5   0.2   2.9  19.0   10:30   WNW
 4  17.5  25.5   16:47   9.3   04:59   2.8   2.0   0.0   2.4  15.0   17:19   WSW
 5  18.3  27.8   15:19   9.8   05:09   2.7   2.6   0.0   1.0  11.0   17:10     S
 6  19.9  28.6   16:22  12.7   03:43   1.7   3.3   0.0   1.1   8.0   13:28   SSW
 7  22.0  31.2   17:08  14.2   04:55   1.0   4.7   0.0   1.9  14.0   09:33   NNE
 8  22.4  30.6   16:14  14.8   06:28   0.7   4.8   0.0   3.9  18.0   16:28   NNE
 9  20.6  29.3   16:23  11.2   05:58   1.7   4.0   0.0   2.7  14.0   12:36   NNE
10  18.9  27.8   14:36  10.7   04:26   2.5   3.1   0.0   4.9  18.0   12:25   NNE
11  17.0  26.4   17:50   9.1   05:00   3.2   1.9   0.0   1.8  13.0   14:58   NNE
12  18.5  28.2   16:20  10.9   05:34   2.5   2.6   0.0   1.1   9.0   11:06   NNW
13  22.9  33.4   17:36  13.8   05:37   1.0   5.6   0.0   1.2  12.0   14:22     N
14  23.9  32.7   16:12  15.4   06:02   0.3   5.8   0.0   1.7  11.0   13:29   WNW
15  21.9  31.8   15:15  13.2   10:10   1.0   4.5   0.0   1.2  14.0   16:51    SW
16  22.0  32.2   17:20  12.6   05:25   1.4   5.1   0.0   1.2  11.0   14:22    SW
17  23.2  33.2   15:27  14.4   05:25   0.8   5.7   0.0   1.1  11.0   15:29   SSW
18  22.9  32.2   17:02  13.7   05:36   0.8   5.4   0.0   2.5  16.0   14:42   NNE
19  24.0  32.4   16:14  16.8   05:44   0.1   5.8   0.0   2.6  16.0   15:13    NE
20  21.7  27.4   15:34  16.2   03:59   0.4   3.8   0.0   2.4  18.0   10:45    NE
21  23.9  31.3   17:19  18.3   06:07   0.0   5.6   0.0   1.2  15.0   23:17   ENE
22  22.3  32.1   15:20  15.9   05:12   0.5   4.5   0.0   1.5  13.0   15:53   SSW
23  19.5  26.9   14:37  14.2   01:31   1.2   2.4   0.0   1.6  13.0   12:05   SSW
24  20.6  26.4   15:29  17.0   05:21   0.3   2.6   2.8   2.3  17.0   13:27   SSW
25  18.5  25.4   16:41  12.8   01:53   1.9   2.2   0.0   1.9  16.0   15:05   SSW
26  19.0  28.1   16:45  10.9   05:03   2.4   3.1   0.0   1.3  11.0   14:44    SW
27  18.7  27.4   14:29  13.7   03:53   1.4   1.8   2.2   1.8  12.0   14:52    SW
28  19.4  25.1   16:18  16.6   01:37   0.7   1.8   2.0   4.3  23.0   15:31   SSW
29  18.9  24.7   16:02  15.6   03:18   1.1   1.7   3.4   3.8  22.0   14:11    SW
30  18.2  22.8   15:54  15.9   04:06   0.9   0.8   1.8   2.1  17.0   11:20    SW
31  19.1  23.4   09:58  14.6   05:28   0.7   1.5   0.2   1.9  17.0   15:08   SSW
----------------------------------------------------------------------------------
    20.1  33.4    13     9.1    11    44.2 100.3  14.0   2.2  23.0    28     WSW

Max >=  27.0: 19
Max <=   0.0:  0
Min <=   0.0:  0
Min <= -18.0:  0
Max Rain: 3.4 on day 29
Days of Rain: 8 (>= 0.2 mm)  4 (>= 2.0 mm)  0 (>= 20.0 mm)
Heat Base: 18.3  Cool Base: 18.3  Method: Integration
:now::gauges::today::yesterday::this month::this year::records::monthly records::trends:climate reports


UK - WEATHER STATION TOPSITES - UK Follow @newforestwx