NOAA Style Reports for Ashurst Bridge

Select a Year or Month report

Report for 2013 Aug
                   Monthly Climatological Summary for Aug 2013

Name: Ashurst Bridge   City: Totton   State: Hampshire
Elevation: 9 m  Lat: N 50° 54' 30"   Lon: W 001° 30' 30"

                  Temperature (°C), Rain (mm), Wind Speed (mph)

                                      Heat  Cool        Avg
    Mean                              Deg   Deg         Wind                 Dom
Day Temp  High   Time   Low    Time   Days  Days  Rain  Speed High   Time    Dir
----------------------------------------------------------------------------------
 1  22.8  33.7   16:47  15.1   02:31   0.5   5.0   0.2   1.7  14.0   16:54     S
 2  19.0  26.2   15:36  14.5   06:29   1.2   1.9   1.8   3.1  16.0   13:18   SSW
 3  19.1  24.8   17:41  14.7   05:11   1.3   2.1   0.0   3.4  20.0   12:55   SSW
 4  19.3  23.4   14:08  16.6   04:36   0.5   1.5   0.0   3.1  18.0   10:51   SSW
 5  16.0  22.6   14:20   9.8   06:13   2.9   0.6  12.8   1.6  18.0   11:40   SSW
 6  16.4  24.5   17:25   9.5   04:17   3.4   1.4   0.0   1.1  13.0   16:38   SSW
 7  17.1  26.3   16:46   9.0   06:05   3.2   2.0   0.0   1.6  16.0   13:54    NE
 8  19.9  25.7   13:09  15.9   23:55   0.7   2.3   0.0   2.8  17.0   17:26    SW
 9  16.9  24.6   15:39   8.7   06:30   3.1   1.7   0.0   2.8  17.0   12:05   WNW
10  18.6  24.2   14:19  14.6   03:53   1.3   1.6   0.0   1.7  13.0   14:03   WSW
11  17.3  24.1   18:02  11.4   05:20   2.6   1.6   0.0   2.4  19.0   15:41   WNW
12  15.7  22.0   14:17   9.1   05:56   3.3   0.7   0.0   2.7  18.0   16:53   WNW
13  16.6  23.4   16:06  10.1   06:17   2.9   1.2   0.0   1.9  17.0   13:10   WNW
14  18.3  21.6   11:43  17.0   04:12   0.5   0.6   0.0   2.0  14.0   15:14   SSW
15  19.8  26.2   16:31  16.3   23:08   0.5   2.1   0.2   3.1  18.0   16:39    SW
16  16.8  25.0   18:25  10.8   02:53   2.8   1.4   3.2   1.3  12.0   10:33   SSW
17  16.8  19.5   11:18  14.3   05:19   1.6   0.1   7.6   4.0  20.0   15:47    SW
18  16.7  24.4   13:40  10.7   06:38   2.5   0.9   1.2   1.7  16.0   16:30     W
19  16.2  23.7   15:33   9.1   06:25   3.4   1.2   0.2   1.8  13.0   11:53   WNW
20  16.5  25.4   15:15   9.2   05:58   3.5   1.8   0.0   1.0  12.0   16:14    SW
21  19.4  26.2   14:11  15.7   02:46   1.0   2.2   3.0   1.2  11.0   14:24   SSW
22  20.5  26.4   15:13  15.2   02:15   0.5   2.7   0.0   1.2  13.0   18:57    SE
23  19.5  23.8   12:49  15.6   06:05   0.6   1.8   0.4   1.6  15.0   08:22     W
24  16.1  21.8   13:39  12.0   03:00   2.7   0.5   0.2   4.0  19.0   16:07    NW
25  18.6  24.3   17:50  14.3   10:24   1.1   1.4   0.2   3.3  15.0   12:56     N
26  18.6  27.7   17:22  10.8   06:11   2.4   2.6   0.0   1.1  14.0   10:05   NNE
27  17.5  25.5   14:58  10.6   02:54   3.0   2.2   0.0   2.1  15.0   13:22     N
28  17.7  26.2   17:02  11.9   04:45   2.5   1.9   0.0   1.1  12.0   16:32    NW
29  18.4  24.6   17:03  12.9   06:31   1.5   1.6   0.0   1.4  14.0   13:03    SW
30  19.1  25.3   14:17  14.2   05:35   1.3   2.1   0.0   2.3  13.0   13:59     W
31  14.6  22.2   16:44   6.9   06:30   4.5   0.8   0.0   2.5  14.0   14:59   NNW
----------------------------------------------------------------------------------
    17.9  33.7     1     6.9    31    62.8  51.5  31.0   2.1  20.0     3     WSW

Max >=  27.0:  2
Max <=   0.0:  0
Min <=   0.0:  0
Min <= -18.0:  0
Max Rain: 12.8 on day 5
Days of Rain: 12 (>= 0.2 mm)  4 (>= 2.0 mm)  0 (>= 20.0 mm)
Heat Base: 18.3  Cool Base: 18.3  Method: Integration
:now::gauges::today::yesterday::this month::this year::records::monthly records::trends:climate reports


UK - WEATHER STATION TOPSITES - UK Follow @newforestwx