NOAA Style Reports for Ashurst Bridge

Select a Year or Month report
V/Λ2018 > Jan Feb Mar Apr May Jun Jul Aug Sep Oct Nov Dec
V/Λ2017 > Jan Feb Mar Apr May Jun Jul Aug Sep Oct Nov Dec
V/Λ2016 > Jan Feb Mar Apr May Jun Jul Aug Sep Oct Nov Dec
V/Λ2015 > Jan Feb Mar Apr May Jun Jul Aug Sep Oct Nov Dec
V/Λ2014 > Jan Feb Mar Apr May Jun Jul Aug Sep Oct Nov Dec
V/Λ2013 > Jan Feb Mar Apr May Jun Jul Aug Sep Oct Nov Dec
V/Λ2012 > Jan Feb Mar Apr May Jun Jul Aug Sep Oct Nov Dec

Report for 2013 Sep
                   Monthly Climatological Summary for Sep 2013

Name: Ashurst Bridge   City: Totton   State: Hampshire
Elevation: 9 m  Lat: N 50° 54' 30"   Lon: W 001° 30' 30"

                  Temperature (°C), Rain (mm), Wind Speed (mph)

                                      Heat  Cool        Avg
    Mean                              Deg   Deg         Wind                 Dom
Day Temp  High   Time   Low    Time   Days  Days  Rain  Speed High   Time    Dir
----------------------------------------------------------------------------------
 1  16.1  22.3   16:24   9.6   05:56   3.1   0.9   0.0   2.3  15.0   13:38     W
 2  17.5  25.6   14:13  10.7   06:45   2.7   1.9   0.0   1.9  14.0   14:24   WNW
 3  18.4  26.3   13:36  12.4   07:25   2.3   2.3   0.0   0.6  11.0   14:43   SSE
 4  17.9  27.9   17:18  10.4   06:07   3.1   2.8   0.0   0.7  11.0   12:46   SSE
 5  19.5  28.7   17:00  13.2   06:45   1.8   3.0   2.8   1.9  11.0   10:20   WNW
 6  13.1  19.6   17:09   8.3   06:24   5.3   0.1   2.0   1.3  12.0   17:20   WSW
 7  11.7  19.8   13:29   5.9   06:22   6.7   0.0   1.2   1.0  14.0   12:47    SW
 8  11.8  16.3   15:24   8.0   00:06   6.4   0.0   6.2   1.0  13.0   12:17    SW
 9  14.1  20.4   14:10   9.9   05:57   4.3   0.1   1.2   2.5  22.0   14:40    NW
10  14.5  19.3   17:41   9.9   06:37   3.8   0.0   0.0   3.2  16.0   17:42    NW
11  14.4  17.6   14:16  12.3   03:45   3.9   0.0   3.0   1.1  13.0   11:02    NW
12  18.0  21.6   15:45  14.8   10:00   0.9   0.6   1.6   1.1   9.0   08:23     W
13  15.3  21.1   14:33   9.8   06:48   3.4   0.4   7.6   3.2  19.0   23:38     W
14  10.2  14.8   16:55   4.2   06:32   8.1   0.0   0.0   1.5  14.0   10:37     N
15  12.4  16.2   19:20   8.4   06:04   5.9   0.0   3.2   3.5  20.0   15:54    SW
16  11.0  16.1   13:43   8.0   01:15   7.3   0.0   0.0   3.7  27.0   14:33     W
17  14.7  17.3   17:34  12.1   10:00   3.6   0.0   6.0   3.9  20.0   17:20     W
18  12.2  17.2   15:36   8.0   23:40   6.1   0.0   0.0   2.1  18.0   15:18   WNW
19  12.8  18.7   17:44   7.2   07:32   5.5   0.0   1.4   2.5  23.0   11:14   WSW
20  12.8  19.2   13:59   8.3   01:16   5.6   0.0   0.2   0.7   8.0   18:06   WSW
21  17.7  20.1   15:47  14.9   10:00   0.9   0.2   0.0   1.2  11.0   11:07    SW
22  18.2  21.0   16:44  16.2   06:49   0.8   0.8   0.0   0.3   6.0   00:44   SSW
23  14.1  21.2   14:12   8.1   04:39   4.7   0.4   0.0   0.4  10.0   13:13    SE
24  15.3  21.0   13:30  11.6   05:52   3.6   0.5   0.0   0.2   7.0   12:50   SSE
25  17.7  23.1   13:55  15.2   08:22   1.4   0.8   2.8   0.5   8.0   14:50     S
26  14.3  17.3   14:20  12.0   07:26   4.0   0.0   0.2   0.2   9.0   10:27   ENE
27  15.2  19.4   15:51  12.7   02:44   3.2   0.1   1.0   0.9  11.0   19:27   ENE
28  15.8  19.7   15:49  12.3   07:14   2.7   0.2   0.8   1.1  12.0   15:32    NE
29  16.1  19.6   13:19  14.6   10:00   2.4   0.1   0.0   1.6  12.0   12:43    NE
30  15.9  18.3   15:29  14.2   01:26   2.4   0.0   0.0   0.5   9.0   18:09    SE
----------------------------------------------------------------------------------
    15.0  28.7     5     4.2    14   115.9  15.2  41.2   1.6  27.0    16       W

Max >=  27.0:  2
Max <=   0.0:  0
Min <=   0.0:  0
Min <= -18.0:  0
Max Rain: 7.6 on day 13
Days of Rain: 16 (>= 0.2 mm)  8 (>= 2.0 mm)  0 (>= 20.0 mm)
Heat Base: 18.3  Cool Base: 18.3  Method: Integration
:now::gauges::today::yesterday::this month::this year::records::monthly records::trends:climate reports


UK - WEATHER STATION TOPSITES - UK Follow @newforestwx