NOAA Style Reports for Ashurst Bridge

Select a Year or Month report

Report for 2013 Nov
                   Monthly Climatological Summary for Nov 2013

Name: Ashurst Bridge   City: Totton   State: Hampshire
Elevation: 9 m  Lat: N 50° 54' 30"   Lon: W 001° 30' 30"

                  Temperature (°C), Rain (mm), Wind Speed (mph)

                                      Heat  Cool        Avg
    Mean                              Deg   Deg         Wind                 Dom
Day Temp  High   Time   Low    Time   Days  Days  Rain  Speed High   Time    Dir
----------------------------------------------------------------------------------
 1  12.1  14.7   13:15   9.4   04:39   6.1   0.0   1.4   2.0  17.0   11:08   SSW
 2  10.7  14.3   11:45   7.7   05:02   7.6   0.0   2.6   5.4  27.0   17:13   WSW
 3   9.8  13.2   22:50   6.4   05:54   8.5   0.0  15.2   4.2  28.0   12:14     W
 4   6.8  11.1   14:27   1.8   22:15  11.4   0.0   1.4   1.6  16.0   11:04    NW
 5  10.8  12.4   12:49   9.4   02:52   7.5   0.0   2.2   3.5  28.0   12:30     W
 6  13.6  16.1   12:41   9.3   07:25   4.7   0.0   1.0   4.4  28.0   20:16   WSW
 7   7.7  12.6   11:55   3.7   01:08  10.6   0.0   1.6   0.2   5.0   12:07   WSW
 8   5.6   9.8   14:17   1.4   05:07  12.7   0.0   4.0   0.7  12.0   15:18     W
 9   6.5   8.9   12:59   3.7   09:00  11.8   0.0   6.4   0.9  11.0   14:50   WNW
10   6.7  11.5   08:55   1.5   21:25  11.6   0.0   3.6   2.2  15.0   07:25   WSW
11  13.0  14.2   14:46  10.5   08:23   5.3   0.0   2.0   1.6  21.0   11:20    SW
12   5.9  13.4   13:11  -0.4   06:50  12.3   0.0   0.0   1.0  12.0   12:17   NNW
13   7.8  10.7   13:38   0.3   09:00  10.4   0.0   0.4   2.2  15.0   03:01   WSW
14   6.7  10.9   12:33   2.9   07:08  11.6   0.0   0.2   4.1  22.0   11:37    NW
15   3.9  10.1   13:47  -0.9   07:16  14.4   0.0   0.0   1.5  14.0   12:18     N
16   7.6  10.0   13:18  -0.2   09:00  10.7   0.0   0.0   0.5  11.0   11:59    NW
17   8.9  10.2   13:12   7.7   09:00   9.4   0.0   0.0   0.5   7.0   12:55   NNE
18   7.0  11.1   14:05   1.2   07:00  11.2   0.0   0.4   1.4  10.0   18:29    NW
19   2.5   7.3   08:57  -2.7   02:54  15.8   0.0   0.2   2.4  18.0   08:31    NW
20   5.8   9.0   12:05   3.7   16:40  12.5   0.0   4.4   5.5  24.0   12:18    NW
21   5.2   8.3   14:14   2.8   07:42  13.1   0.0   0.0   4.8  21.0   10:20     N
22   5.1   8.1   13:27   1.7   08:36  13.2   0.0   0.0   3.8  19.0   15:00     N
23   5.3   8.2   12:35   2.3   09:00  13.0   0.0   0.0   2.8  16.0   12:13     N
24   6.7   9.2   13:05   3.9   22:43  11.6   0.0   0.0   3.0  13.0   10:49     N
25   4.5   8.0   13:22  -1.2   08:13  13.7   0.0   0.0   2.1  12.0   13:20     N
26   5.7   8.1   08:55  -0.7   09:00  12.6   0.0   0.0   1.0  10.0   12:49   NNW
27   9.1  10.8   14:34   7.9   22:54   9.1   0.0   0.0   0.4   6.0   09:14    NW
28   8.9  10.3   13:30   7.8   01:42   9.4   0.0   0.0   1.1   9.0   08:59    NW
29   7.9  11.2   12:50   3.7   06:19  10.4   0.0   0.0   3.9  18.0   16:02   WNW
30   3.3   9.2   13:32  -1.6   03:10  15.0   0.0   0.0   1.5  14.0   11:00   NNW
----------------------------------------------------------------------------------
     7.4  16.1     6    -2.7    19   327.2   0.0  47.0   2.3  28.0     3     WNW

Max >=  27.0:  0
Max <=   0.0:  0
Min <=   0.0:  7
Min <= -18.0:  0
Max Rain: 15.2 on day 3
Days of Rain: 16 (>= 0.2 mm)  8 (>= 2.0 mm)  0 (>= 20.0 mm)
Heat Base: 18.3  Cool Base: 18.3  Method: Integration
:now::gauges::today::yesterday::this month::this year::records::monthly records::trends:climate reports


UK - WEATHER STATION TOPSITES - UK Follow @newforestwx