NOAA Style Reports for Ashurst Bridge

Select a Year or Month report
V/Λ2018 > Jan Feb Mar Apr May Jun Jul Aug Sep Oct Nov Dec
V/Λ2017 > Jan Feb Mar Apr May Jun Jul Aug Sep Oct Nov Dec
V/Λ2016 > Jan Feb Mar Apr May Jun Jul Aug Sep Oct Nov Dec
V/Λ2015 > Jan Feb Mar Apr May Jun Jul Aug Sep Oct Nov Dec
V/Λ2014 > Jan Feb Mar Apr May Jun Jul Aug Sep Oct Nov Dec
V/Λ2013 > Jan Feb Mar Apr May Jun Jul Aug Sep Oct Nov Dec
V/Λ2012 > Jan Feb Mar Apr May Jun Jul Aug Sep Oct Nov Dec

Report for 2014 Feb
                   Monthly Climatological Summary for Feb 2014

Name: Ashurst Bridge   City: Totton   State: Hampshire
Elevation: 9 m  Lat: N 50° 54' 30"   Lon: W 001° 30' 30"

                  Temperature (°C), Rain (mm), Wind Speed (mph)

                                      Heat  Cool        Avg
    Mean                              Deg   Deg         Wind                 Dom
Day Temp  High   Time   Low    Time   Days  Days  Rain  Speed High   Time    Dir
----------------------------------------------------------------------------------
 1   7.4   8.8   00:17   4.3   09:00  10.8   0.0   1.2   6.4  30.0   10:12    SW
 2   7.6  10.9   14:40   5.6   19:15  10.7   0.0   0.0   3.9  18.0   10:22   SSW
 3   6.3   9.3   13:14   1.1   06:00  12.0   0.0   5.2   3.9  21.0   12:08     S
 4   7.9   9.1   12:41   5.2   09:00  10.4   0.0  10.0   8.7  31.0   08:56     S
 5   8.7  10.3   15:17   7.4   05:06   9.6   0.0   8.6   9.0  36.0   11:14    SW
 6   8.3  10.6   17:02   4.8   06:24  10.0   0.0  24.0   5.4  26.0   15:57    SW
 7   8.4  10.9   14:00   6.3   09:00   9.9   0.0  12.0   7.4  29.0   00:46    SW
 8   7.9  10.1   12:41   6.1   16:31  10.4   0.0   5.0  10.3  35.0   14:09    SW
 9   5.2  10.1   13:46   1.7   05:35  13.1   0.0   3.6   3.4  26.0   09:06   WSW
10   6.1  10.2   13:05   1.4   02:32  12.2   0.0   3.0   4.3  30.0   08:45    SW
11   6.3   9.4   14:17   3.9   21:39  11.8   0.0   3.8   5.2  34.0   09:35    SW
12   6.8   9.7   14:50   3.3   03:23  11.3   0.0  11.2   7.8  35.0   11:55    SW
13   5.6   9.0   14:04   2.8   03:42  12.7   0.0   3.8   4.3  24.0   14:07   WSW
14   9.1  12.4   16:18   5.2   09:00   9.2   0.0  22.4  11.3  47.0   22:10   SSW
15   5.4  12.3   14:24  -0.1   07:02  12.9   0.0   1.0   3.7  31.0   09:51   WSW
16   6.9  11.8   13:50   0.8   09:00  11.3   0.0   0.6   2.3  16.0   06:24   SSW
17   9.1  10.7   14:00   7.6   07:29   9.2   0.0   7.4   4.7  22.0   10:39     S
18   6.4  11.7   15:34   1.2   02:26  11.9   0.0   5.0   0.8  12.0   10:21    SW
19  10.1  11.7   15:35   6.7   09:00   8.2   0.0   3.8   5.3  22.0   07:32   SSW
20   7.0  13.5   12:55   1.6   06:44  11.2   0.0   2.8   3.5  26.0   14:10    SW
21   7.0  11.4   13:38   2.9   06:10  11.3   0.0   0.2   4.3  25.0   12:07    SW
22  10.0  12.3   12:51   6.0   09:00   8.3   0.0   1.0   6.0  26.0   07:18    SW
23  10.5  12.8   14:10   7.7   06:54   7.8   0.0   0.0   7.6  29.0   12:56   SSW
24   9.8  12.6   10:40   6.9   08:52   8.5   0.0   8.0   6.2  27.0   23:29   SSW
25   5.8  11.8   13:19   0.8   05:58  12.5   0.0   0.2   2.9  24.0   11:58   SSW
26   8.3  12.7   13:30   5.5   09:00  10.0   0.0  11.4   5.1  25.0   05:21    SW
27   5.8  11.4   12:07   1.4   23:10  12.5   0.0  13.8   2.3  21.0   13:02   WSW
28   4.4   8.9   12:00  -1.1   06:59  13.9   0.0   0.6   3.5  21.0   15:36   NNW
----------------------------------------------------------------------------------
     7.4  13.5    20    -1.1    28   303.6   0.0 169.6   5.3  47.0    14      SW

Max >=  27.0:  0
Max <=   0.0:  0
Min <=   0.0:  2
Min <= -18.0:  0
Max Rain: 24.0 on day 6
Days of Rain: 26 (>= 0.2 mm)  19 (>= 2.0 mm)  2 (>= 20.0 mm)
Heat Base: 18.3  Cool Base: 18.3  Method: Integration
:now::gauges::today::yesterday::this month::this year::records::monthly records::trends:climate reports


UK - WEATHER STATION TOPSITES - UK Follow @newforestwx