NOAA Style Reports for Ashurst Bridge

Select a Year or Month report
V/Λ2018 > Jan Feb Mar Apr May Jun Jul Aug Sep Oct Nov Dec
V/Λ2017 > Jan Feb Mar Apr May Jun Jul Aug Sep Oct Nov Dec
V/Λ2016 > Jan Feb Mar Apr May Jun Jul Aug Sep Oct Nov Dec
V/Λ2015 > Jan Feb Mar Apr May Jun Jul Aug Sep Oct Nov Dec
V/Λ2014 > Jan Feb Mar Apr May Jun Jul Aug Sep Oct Nov Dec
V/Λ2013 > Jan Feb Mar Apr May Jun Jul Aug Sep Oct Nov Dec
V/Λ2012 > Jan Feb Mar Apr May Jun Jul Aug Sep Oct Nov Dec

Report for 2014 Mar
                   Monthly Climatological Summary for Mar 2014

Name: Ashurst Bridge   City: Totton   State: Hampshire
Elevation: 9 m  Lat: N 50° 54' 30"   Lon: W 001° 30' 30"

                  Temperature (°C), Rain (mm), Wind Speed (mph)

                                      Heat  Cool        Avg
    Mean                              Deg   Deg         Wind                 Dom
Day Temp  High   Time   Low    Time   Days  Days  Rain  Speed High   Time    Dir
----------------------------------------------------------------------------------
 1   5.3  10.9   14:51   0.2   02:06  13.0   0.0   0.0   1.4  17.0   08:37    SW
 2   6.5   9.8   10:00   1.3   04:40  11.7   0.0  17.6   4.5  27.0   16:49   SSW
 3   4.3   9.7   14:17  -0.5   05:55  14.0   0.0   2.0   1.2  11.0   15:41    NW
 4   4.6  12.2   13:43  -1.2   05:53  13.5   0.0   0.2   1.1  12.0   11:11   WSW
 5   7.4  13.3   13:05   2.5   06:53  10.8   0.0   0.0   1.1  12.0   14:01   SSW
 6   9.3  11.4   15:14   5.5   03:22   9.0   0.0   0.0   3.9  18.0   12:12   SSW
 7  10.6  18.1   14:47   4.2   00:06   7.6   0.0   0.0   2.5  14.0   10:11    SW
 8   8.7  16.6   13:39   2.2   06:40   9.7   0.0   0.2   1.5  15.0   11:50   SSE
 9   9.0  18.4   13:23   1.6   05:31   9.2   0.0   0.0   1.6  14.0   12:56   SSW
10   9.6  15.6   13:55   6.4   01:13   8.6   0.0   0.0   5.4  17.0   14:46   NNE
11   7.2  11.6   16:30   1.7   06:16  11.1   0.0   0.0   2.7  15.0   13:27    NE
12   8.3  16.7   15:15   2.1   02:56  10.0   0.0   0.0   1.7  10.0   11:45     N
13   9.0  18.6   15:16   3.5   05:38   9.3   0.0   0.2   1.0   7.0   10:37   NNW
14   8.3  15.1   15:18   4.1   09:00  10.0   0.0   0.0   1.7  12.0   20:37     W
15  11.9  17.3   14:17   6.6   04:24   6.4   0.0   0.0   4.0  21.0   14:37   WNW
16  12.9  20.6   13:13   8.3   02:18   5.7   0.3   0.0   2.8  14.0   09:39   WNW
17  10.1  14.7   15:31   7.2   01:16   8.2   0.0   0.0   2.2  14.0   08:38   WSW
18   9.5  15.2   14:20   4.2   04:02   8.7   0.0   0.2   4.1  24.0   15:19     W
19  11.0  16.8   15:02   8.0   21:19   7.3   0.0   0.0   4.4  19.0   00:27    SW
20   9.2  12.2   12:21   5.8   07:00   9.1   0.0   5.0   4.8  26.0   12:22    SW
21   7.9  12.4   13:13   3.1   07:29  10.4   0.0   7.2   5.4  24.0   22:53    SW
22   6.7  12.2   14:45   2.2   04:42  11.6   0.0   0.2   3.7  20.0   15:24   WSW
23   5.2  11.5   11:13  -1.8   06:01  13.1   0.0   0.2   3.0  24.0   13:48    NW
24   8.1  10.8   12:15   5.9   09:00  10.2   0.0   8.2   3.2  21.0   13:39     S
25   6.8  11.0   11:37   2.5   05:32  11.5   0.0   0.0   3.0  12.0   16:11   NNE
26   5.3   9.6   12:21   0.8   05:41  12.9   0.0   0.8   2.3  15.0   09:54     N
27   7.1  11.6   15:56   4.3   09:18  11.2   0.0   3.6   2.5  15.0   13:13     E
28   8.9  13.7   08:59   7.1   11:31   9.4   0.0   2.4   2.0  15.0   14:56   ESE
29  10.6  17.6   13:28   3.6   06:36   7.7   0.0   0.0   1.9  17.0   09:01    SE
30  12.6  20.4   13:27   7.9   05:46   5.8   0.1   0.0   1.3  13.0   16:46   ESE
31  12.3  19.2   15:18   8.6   07:02   6.1   0.0   1.0   1.3  13.0   16:05   SSE
----------------------------------------------------------------------------------
     8.5  20.6    16    -1.8    23   302.8   0.4  49.0   2.7  27.0     2     WSW

Max >=  27.0:  0
Max <=   0.0:  0
Min <=   0.0:  3
Min <= -18.0:  0
Max Rain: 17.6 on day 2
Days of Rain: 15 (>= 0.2 mm)  7 (>= 2.0 mm)  0 (>= 20.0 mm)
Heat Base: 18.3  Cool Base: 18.3  Method: Integration
:now::gauges::today::yesterday::this month::this year::records::monthly records::trends:climate reports


UK - WEATHER STATION TOPSITES - UK Follow @newforestwx