NOAA Style Reports for Ashurst Bridge

Select a Year or Month report
V/Λ2018 > Jan Feb Mar Apr May Jun Jul Aug Sep Oct Nov Dec
V/Λ2017 > Jan Feb Mar Apr May Jun Jul Aug Sep Oct Nov Dec
V/Λ2016 > Jan Feb Mar Apr May Jun Jul Aug Sep Oct Nov Dec
V/Λ2015 > Jan Feb Mar Apr May Jun Jul Aug Sep Oct Nov Dec
V/Λ2014 > Jan Feb Mar Apr May Jun Jul Aug Sep Oct Nov Dec
V/Λ2013 > Jan Feb Mar Apr May Jun Jul Aug Sep Oct Nov Dec
V/Λ2012 > Jan Feb Mar Apr May Jun Jul Aug Sep Oct Nov Dec

Report for 2014 Jun
                   Monthly Climatological Summary for Jun 2014

Name: Ashurst Bridge   City: Totton   State: Hampshire
Elevation: 9 m  Lat: N 50° 54' 30"   Lon: W 001° 30' 30"

                  Temperature (°C), Rain (mm), Wind Speed (mph)

                                      Heat  Cool        Avg
    Mean                              Deg   Deg         Wind                 Dom
Day Temp  High   Time   Low    Time   Days  Days  Rain  Speed High   Time    Dir
----------------------------------------------------------------------------------
 1  17.1  24.1   15:16  12.3   05:02   2.2   1.0   0.0   1.2  11.0   16:30    SW
 2  15.6  19.9   17:44  12.3   00:04   2.8   0.1   0.2   1.4  12.0   17:40    SW
 3  14.5  20.4   15:33  11.8   05:36   3.9   0.2   5.2   1.3  13.0   15:54   WSW
 4  11.8  16.4   17:22   9.2   20:50   6.5   0.0   4.4   4.1  21.0   14:14     W
 5  14.2  20.8   16:41   8.4   04:13   4.5   0.4   0.2   2.3  18.0   15:41    SW
 6  19.6  24.5   16:05  16.1   02:41   0.5   1.9   3.8   2.2  18.0   15:56   ESE
 7  17.0  24.4   15:26  11.1   05:39   2.7   1.4   0.0   1.7  14.0   14:26    SW
 8  18.9  25.6   15:10  12.8   05:30   1.4   2.0   0.0   1.8  15.0   11:16    SW
 9  18.4  25.8   14:56  12.7   05:06   1.8   1.9   0.0   1.7  13.0   09:54    SW
10  16.2  21.8   11:54  10.2   05:00   3.0   0.9   0.0   2.6  18.0   15:49   SSW
11  16.5  23.1   17:30   9.7   05:15   2.9   1.1   0.0   1.5  11.0   14:15    SW
12  18.7  27.0   18:00  11.1   05:15   2.3   2.7   0.0   1.1  11.0   18:45     W
13  20.4  26.4   17:00  15.3   06:30   0.8   2.9   1.6   2.1  11.0   08:15   NNW
14  19.0  25.4   17:30  13.3   05:00   1.4   2.1   0.0   3.1  16.0   15:00   NNE
15  16.8  20.0   14:45  13.3   05:30   1.9   0.3   0.0   3.6  16.0   13:30    NE
16  15.7  19.2   14:30  12.7   01:15   2.7   0.1   0.0   4.3  17.0   14:30   NNE
17  18.1  23.8   16:45  13.8   02:45   1.5   1.4   0.0   4.2  17.0   11:00    NE
18  17.9  25.6   17:00  10.6   05:15   2.4   2.0   0.0   2.4  14.0   13:30   NNE
19  18.1  25.2   13:00  10.4   05:45   2.5   2.3   0.0   2.4  14.0   14:30   NNE
20  17.9  25.1   16:00  11.5   05:45   2.1   1.7   0.0   1.3  12.0   14:30    SW
21  18.2  25.7   17:55  10.9   04:42   2.3   2.2   0.0   1.0  12.0   15:52    SW
22  19.0  26.9   16:48  12.2   04:32   2.0   2.7   0.0   0.9  12.0   12:05   SSE
23  20.6  26.9   14:57  15.5   06:11   0.6   2.9   0.0   1.6   9.0   14:35   WNW
24  19.9  26.7   16:38  13.6   05:36   1.2   2.8   0.0   3.5  14.0   12:48     N
25  17.5  24.7   17:58  13.3   23:11   2.1   1.3   0.0   1.2  10.0   10:51    SE
26  16.4  21.5   14:03  13.4   01:59   2.3   0.5   3.6   1.1  11.0   11:18     S
27  16.4  22.6   15:29  10.2   05:09   2.9   1.0   0.0   2.2  17.0   14:13   SSW
28  15.4  22.2   13:15  11.8   04:57   3.3   0.4   5.6   1.9  16.0   14:10     W
29  16.0  22.1   17:57   8.9   05:16   3.1   0.7   0.0   1.7  13.0   13:20   NNW
30  17.0  23.2   13:07  10.9   02:26   2.7   1.4   0.0   1.7  12.0   12:27     S
----------------------------------------------------------------------------------
    17.3  27.0    12     8.4     5    72.3  42.3  24.6   2.1  21.0     4     WNW

Max >=  27.0:  1
Max <=   0.0:  0
Min <=   0.0:  0
Min <= -18.0:  0
Max Rain: 5.6 on day 28
Days of Rain: 8 (>= 0.2 mm)  5 (>= 2.0 mm)  0 (>= 20.0 mm)
Heat Base: 18.3  Cool Base: 18.3  Method: Integration
:now::gauges::today::yesterday::this month::this year::records::monthly records::trends:climate reports


UK - WEATHER STATION TOPSITES - UK Follow @newforestwx