NOAA Style Reports for Ashurst Bridge

Select a Year or Month report
V/Λ2018 > Jan Feb Mar Apr May Jun Jul Aug Sep Oct Nov Dec
V/Λ2017 > Jan Feb Mar Apr May Jun Jul Aug Sep Oct Nov Dec
V/Λ2016 > Jan Feb Mar Apr May Jun Jul Aug Sep Oct Nov Dec
V/Λ2015 > Jan Feb Mar Apr May Jun Jul Aug Sep Oct Nov Dec
V/Λ2014 > Jan Feb Mar Apr May Jun Jul Aug Sep Oct Nov Dec
V/Λ2013 > Jan Feb Mar Apr May Jun Jul Aug Sep Oct Nov Dec
V/Λ2012 > Jan Feb Mar Apr May Jun Jul Aug Sep Oct Nov Dec

Report for 2014 Nov
                   Monthly Climatological Summary for Nov 2014

Name: Ashurst Bridge   City: Totton   State: Hampshire
Elevation: 9 m  Lat: N 50° 54' 30"   Lon: W 001° 30' 30"

                  Temperature (°C), Rain (mm), Wind Speed (mph)

                                      Heat  Cool        Avg
    Mean                              Deg   Deg         Wind                 Dom
Day Temp  High   Time   Low    Time   Days  Days  Rain  Speed High   Time    Dir
----------------------------------------------------------------------------------
 1  15.3  17.8   11:39  13.5   09:01   3.0   0.0  13.2   4.9  24.0   04:45   SSW
 2  12.0  16.4   13:22   9.0   07:45   6.3   0.0   8.4   1.9  17.0   01:45   SSW
 3   6.4  10.0   14:00   1.4   07:45  11.6   0.0   5.8   0.3  11.0   11:45   SSW
 4   6.8  11.7   11:36   2.7   03:15  11.6   0.0   0.8   0.5   8.0   17:14   WNW
 5   4.2  12.2   14:15  -1.2   07:00  14.1   0.0   0.0   0.7  12.0   10:00    NW
 6  11.8  14.1   02:15   1.2   09:00   6.4   0.0  12.6   5.4  23.0   03:00     S
 7   9.7  13.7   12:30   5.3   02:30   8.5   0.0   4.0   2.4  25.0   12:00    SW
 8   8.9  14.8   12:59   3.5   06:45   9.2   0.0  10.0   2.0  26.0   10:45     S
 9   7.5  13.9   13:21   2.8   07:45  10.6   0.0   2.8   0.4  10.0   15:14     S
10  12.0  13.4   13:15   6.6   09:00   6.3   0.0   8.8   4.4  23.0   20:44   SSE
11  11.9  12.4   16:48  10.2   08:38   6.2   0.0  10.2   3.9  18.0   07:11   SSE
12  10.5  12.6   08:39   8.3   01:29   7.7   0.0   8.0   1.4  15.0   08:29   SSE
13  13.4  14.6   02:47  11.6   08:38   4.9   0.0   9.8   4.7  22.0   10:32   SSE
14   9.5  15.3   13:33   5.1   07:54   8.8   0.0   0.8   0.7  12.0   13:35     S
15   9.4  12.4   14:23   6.1   09:00   8.9   0.0   0.6   0.1   5.0   15:04     E
16   9.7  11.7   11:37   8.4   03:57   8.5   0.0   4.2   0.6  10.0   05:34   WSW
17   8.7  10.6   12:39   7.1   07:53   9.6   0.0   2.2   0.6  10.0   21:03    NE
18   7.9  14.5   13:52   4.3   01:37  10.2   0.0   0.0   0.4   9.0   11:52    NE
19  10.6  14.6   13:23   6.3   09:00   7.7   0.0   0.0   1.4  14.0   12:31   ESE
20   9.5  12.1   12:29   7.8   05:25   8.7   0.0   0.0   1.7  11.0   23:00   ENE
21  12.1  14.1   08:45   8.8   09:00   6.2   0.0   2.4   2.1  16.0   21:09   ESE
22  12.3  14.6   12:20   9.0   08:16   6.0   0.0   8.6   1.0  10.0   08:56    SW
23   4.5   9.0   09:00  -0.6   05:56  13.8   0.0   3.2   0.4  10.0   09:12   NNW
24   3.3   9.9   13:41  -1.1   00:11  15.0   0.0   0.4   0.1   6.0   08:56     N
25   7.5   8.3   08:35   5.4   09:00  10.8   0.0   7.0   0.4   7.0   12:02   NNE
26   8.5   9.4   13:41   0.0   09:02   9.8   0.0   2.8   0.1   5.0   09:58    NW
27   9.0  11.2   08:43   5.4   22:33   9.3   0.0   0.2   1.1  12.0   08:49   ENE
28   9.3  12.9   14:11   4.1   07:09   8.9   0.0   1.2   1.0  14.0   10:51    NE
29   7.9  14.6   13:18   4.2   02:00  10.4   0.0   0.2   0.3  11.0   12:57   ESE
30   9.5  12.6   13:51   6.2   09:00   8.8   0.0   0.0   1.3  14.0   04:30     N
----------------------------------------------------------------------------------
     9.3  17.8     1    -1.2     5   267.8   0.0 128.2   1.5  26.0     8     SSE

Max >=  27.0:  0
Max <=   0.0:  0
Min <=   0.0:  4
Min <= -18.0:  0
Max Rain: 13.2 on day 1
Days of Rain: 25 (>= 0.2 mm)  18 (>= 2.0 mm)  0 (>= 20.0 mm)
Heat Base: 18.3  Cool Base: 18.3  Method: Integration
:now::gauges::today::yesterday::this month::this year::records::monthly records::trends:climate reports


UK - WEATHER STATION TOPSITES - UK Follow @newforestwx