NOAA Style Reports for Ashurst Bridge

Select a Year or Month report

Report for 2015 Feb
                   Monthly Climatological Summary for Feb 2015

Name: Ashurst Bridge   City: Totton   State: Hampshire
Elevation: 9 m  Lat: N 50° 54' 30"   Lon: W 001° 30' 30"

                  Temperature (°C), Rain (mm), Wind Speed (mph)

                                      Heat  Cool        Avg
    Mean                              Deg   Deg         Wind                 Dom
Day Temp  High   Time   Low    Time   Days  Days  Rain  Speed High   Time    Dir
----------------------------------------------------------------------------------
 1   1.6   6.6   12:36  -3.8   05:03  16.4   0.0   0.0   2.1  24.0   11:27    NW
 2   1.3   5.8   12:46  -2.5   09:00  17.0   0.0   0.0   0.7  10.0   14:15    NW
 3   1.7   3.9   12:19  -0.6   01:28  16.6   0.0   0.4   1.4  13.0   15:19     N
 4   2.9   6.6   13:40  -1.1   03:50  15.3   0.0   0.2   1.8  15.0   12:49   NNW
 5   2.2   5.2   13:05  -1.6   05:05  16.1   0.0   0.2   1.9  13.0   14:39     N
 6   2.9   7.0   13:54  -0.2   04:51  15.2   0.0   0.0   3.0  18.0   12:51   NNE
 7   3.8   7.4   12:41  -1.2   08:13  14.5   0.0   0.0   1.6  17.0   09:52   NNE
 8   2.6  10.2   13:53  -2.9   02:11  15.7   0.0   0.2   0.8  12.0   13:13   NNW
 9   1.4   8.3   15:12  -3.3   03:11  16.8   0.0   0.0   0.3   7.0   12:36    NW
10   5.8   7.6   13:17   0.8   09:00  12.5   0.0   0.2   1.1  11.0   18:57   ESE
11   5.2   7.1   13:36   3.4   08:01  13.1   0.0   0.0   0.3   7.0   10:53    SE
12   6.2   8.3   06:40   3.7   09:00  12.1   0.0   0.0   2.6  20.0   07:38   SSE
13   6.4   9.8   14:02   2.7   03:24  11.6   0.0  12.8   3.5  26.0   12:59     S
14   6.0   9.7   12:19   1.8   00:52  12.3   0.0   0.4   0.6  10.0   13:51   NNE
15   4.9  11.0   15:31  -0.2   23:27  13.4   0.0   0.0   0.5   9.0   08:49   ESE
16   4.8   8.2   11:39  -0.9   07:17  13.5   0.0   5.2   1.5  11.0   10:09     W
17   2.4  10.4   14:06  -2.9   06:50  15.8   0.0   0.0   0.8  11.0   09:35    NW
18   7.5  10.4   12:34  -0.8   09:00  10.8   0.0   0.2   3.4  19.0   08:45   SSW
19   7.7   9.2   11:50   5.4   07:46  10.6   0.0  13.2   3.4  26.0   09:46   SSW
20   4.3   7.7   14:57   1.4   21:47  14.0   0.0   0.4   0.9  11.0   00:20     W
21   2.3   9.3   13:38  -3.5   07:08  16.0   0.0   0.2   1.8  17.0   12:24   WNW
22   7.2  10.7   21:55   0.1   09:00  11.0   0.0  17.0   5.4  28.0   14:36   SSW
23   6.5   8.6   10:49   4.8   17:52  11.8   0.0   1.8   6.2  25.0   22:23    SW
24   7.5  10.4   13:03   2.7   21:40  10.8   0.0   0.8   3.5  27.0   13:50     W
25  10.8  14.3   15:23   8.6   09:00   7.5   0.0   0.0   1.9  14.0   08:23    SW
26   5.9  12.1   12:44   0.0   05:53  12.4   0.0   3.0   2.3  18.0   13:32     W
27   7.9  10.9   14:54   5.4   09:00  10.4   0.0   3.4   4.2  21.0   07:17   SSW
28   9.7  11.5   22:52   7.3   07:16   8.6   0.0   4.8   6.0  22.0   18:24    SW
----------------------------------------------------------------------------------
     5.0  14.3    25    -3.8     1   371.8   0.0  64.4   2.3  28.0    22      SW

Max >=  27.0:  0
Max <=   0.0:  0
Min <=   0.0: 15
Min <= -18.0:  0
Max Rain: 17.0 on day 22
Days of Rain: 18 (>= 0.2 mm)  7 (>= 2.0 mm)  0 (>= 20.0 mm)
Heat Base: 18.3  Cool Base: 18.3  Method: Integration
:now::gauges::today::yesterday::this month::this year::records::monthly records::trends:climate reports


UK - WEATHER STATION TOPSITES - UK Follow @newforestwx