NOAA Style Reports for Ashurst Bridge

Select a Year or Month report
V/Λ2018 > Jan Feb Mar Apr May Jun Jul Aug Sep Oct Nov Dec
V/Λ2017 > Jan Feb Mar Apr May Jun Jul Aug Sep Oct Nov Dec
V/Λ2016 > Jan Feb Mar Apr May Jun Jul Aug Sep Oct Nov Dec
V/Λ2015 > Jan Feb Mar Apr May Jun Jul Aug Sep Oct Nov Dec
V/Λ2014 > Jan Feb Mar Apr May Jun Jul Aug Sep Oct Nov Dec
V/Λ2013 > Jan Feb Mar Apr May Jun Jul Aug Sep Oct Nov Dec
V/Λ2012 > Jan Feb Mar Apr May Jun Jul Aug Sep Oct Nov Dec

Report for 2015 Apr
                   Monthly Climatological Summary for Apr 2015

Name: Ashurst Bridge   City: Totton   State: Hampshire
Elevation: 9 m  Lat: N 50° 54' 30"   Lon: W 001° 30' 30"

                  Temperature (°C), Rain (mm), Wind Speed (mph)

                                      Heat  Cool        Avg
    Mean                              Deg   Deg         Wind                 Dom
Day Temp  High   Time   Low    Time   Days  Days  Rain  Speed High   Time    Dir
----------------------------------------------------------------------------------
 1  10.3  12.6   15:44   7.6   09:34   8.0   0.0   1.6   5.6  25.0   13:43   WSW
 2   9.3  11.6   15:38   7.8   10:00   9.0   0.0   1.4   1.2   8.0   10:38     S
 3  10.7  13.8   15:31   8.4   07:07   7.6   0.0   0.6   1.6  14.0   21:19    NW
 4   8.2  11.1   13:46   4.4   01:30  10.1   0.0   0.4   1.0  15.0   13:49   NNE
 5   6.4  13.1   12:36  -0.2   04:34  11.9   0.0   0.0   0.5  10.0   14:41    SE
 6  11.4  20.6   15:51   3.2   07:14   7.2   0.3   0.2   1.4  12.0   14:07   NNE
 7   9.0  17.7   15:13   1.7   06:38   9.3   0.0   0.0   0.9   9.0   16:37   SSW
 8   9.6  18.2   13:25   0.9   06:51   8.7   0.0   0.0   1.2  12.0   17:21   ESE
 9  10.1  18.9   15:33   1.7   05:24   8.2   0.0   0.0   1.1  10.0   14:26   ESE
10  13.1  19.6   15:09   9.2   08:54   5.2   0.1   1.2   3.4  20.0   08:42   SSW
11   7.8  14.3   15:07   0.0   06:42  10.5   0.0   0.2   2.8  22.0   12:47     W
12  11.7  16.3   14:48   7.6   03:16   6.6   0.0   0.0   2.7  21.0   16:55    SW
13  10.7  17.3   13:11   6.2   06:14   7.6   0.0   0.0   1.6  13.0   14:43   SSW
14  12.1  21.0   16:22   4.4   04:04   6.7   0.5   0.0   1.4  12.0   13:08   SSW
15  15.9  25.7   16:12   7.8   01:45   4.5   2.1   0.0   1.0  10.0   09:59   WNW
16  14.4  23.2   16:21   8.1   06:29   4.5   0.8   0.0   1.7  12.0   16:28   ENE
17  11.4  18.3   16:16   4.8   06:11   6.9   0.0   0.0   2.9  14.0   10:53   ENE
18  10.9  17.8   15:19   4.4   05:59   7.3   0.0   0.0   3.6  18.0   17:55    NE
19   8.0  15.0   16:01  -0.5   06:17  10.3   0.0   0.0   1.5  16.0   14:19   NNE
20  11.5  21.7   15:48   1.6   06:28   7.3   0.5   0.0   1.2  12.0   12:24   ENE
21  13.7  22.1   16:03   4.8   06:21   5.3   0.7   0.0   1.7  13.0   12:53    NE
22  12.6  20.1   15:04   4.2   01:58   5.9   0.2   0.0   2.8  16.0   16:01   ENE
23  10.0  19.4   15:43   2.2   04:21   8.3   0.0   0.0   0.9  11.0   16:15   SSE
24  12.9  17.6   13:52  11.1   05:23   5.4   0.0   3.8   2.6  14.0   15:12   SSW
25  12.5  16.9   13:57   9.2   05:58   5.8   0.0   1.0   2.0  13.0   14:34    SW
26   7.8  13.2   15:19  -0.1   06:19  10.5   0.0   0.0   1.2  11.0   14:58     N
27   7.7  14.3   12:41   0.6   06:18  10.6   0.0   0.4   1.6  16.0   09:36     W
28   9.2  13.9   13:48   3.9   01:35   9.1   0.0   6.0   2.6  17.0   15:38    SW
29   6.8  12.6   16:04  -0.1   05:16  11.5   0.0   3.0   1.4  19.0   14:58   WSW
30  10.6  16.4   16:43   4.8   00:42   7.7   0.0   0.0   2.3  16.0   15:23   WNW
----------------------------------------------------------------------------------
    10.5  25.7    15    -0.5    19   237.5   5.2  19.8   1.9  25.0     1      SW

Max >=  27.0:  0
Max <=   0.0:  0
Min <=   0.0:  5
Min <= -18.0:  0
Max Rain: 6.0 on day 28
Days of Rain: 12 (>= 0.2 mm)  3 (>= 2.0 mm)  0 (>= 20.0 mm)
Heat Base: 18.3  Cool Base: 18.3  Method: Integration
:now::gauges::today::yesterday::this month::this year::records::monthly records::trends:climate reports


UK - WEATHER STATION TOPSITES - UK Follow @newforestwx