NOAA Style Reports for Ashurst Bridge

Select a Year or Month report

Report for 2015 Jul
                   Monthly Climatological Summary for Jul 2015

Name: Ashurst Bridge   City: Totton   State: Hampshire
Elevation: 9 m  Lat: N 50° 54' 30"   Lon: W 001° 30' 30"

                  Temperature (°C), Rain (mm), Wind Speed (mph)

                                      Heat  Cool        Avg
    Mean                              Deg   Deg         Wind                 Dom
Day Temp  High   Time   Low    Time   Days  Days  Rain  Speed High   Time    Dir
----------------------------------------------------------------------------------
 1  21.8  29.9   15:10  15.9   04:16   0.6   4.1   0.0   1.5  12.0   20:39     S
 2  15.8  22.3   18:18   7.5   05:29   3.4   1.0   0.2   0.9  15.0   16:16   SSW
 3  21.8  28.3   16:34  15.3   04:19   0.4   3.9   1.6   1.5  15.0   11:01    SE
 4  17.2  24.2   14:35  10.7   04:57   2.6   1.5   0.0   1.5  18.0   15:47   SSW
 5  16.6  22.4   15:28   9.1   05:39   2.7   1.1   0.0   1.8  18.0   16:34   SSW
 6  17.8  21.5   17:38  14.7   03:20   1.3   0.8   0.8   2.5  19.0   15:46     S
 7  17.3  21.3   15:00  14.1   01:24   1.7   0.7   1.6   3.2  19.0   09:14   WSW
 8  15.2  21.6   15:38   7.3   05:32   3.7   0.6   0.2   2.9  24.0   15:07     W
 9  16.0  22.8   15:56   8.1   05:11   3.3   1.0   0.0   1.2  13.0   17:06    SW
10  17.5  23.9   16:14   9.7   05:28   2.3   1.6   0.0   1.5  13.0   11:55    SE
11  18.7  23.7   14:25  15.6   01:21   1.0   1.4   0.2   2.1  14.0   12:44   WSW
12  17.3  18.6   13:30  16.2   05:34   1.0   0.0   1.0   1.3  15.0   14:34    SW
13  18.1  20.0   18:17  16.4   04:56   0.5   0.3   0.2   1.9  13.0   14:06    SW
14  19.1  24.4   15:17  17.3   02:15   0.4   1.2   0.0   1.1  13.0   16:30    SW
15  18.1  22.8   17:33  12.6   04:01   1.5   1.3   0.0   0.7  11.0   10:21    NW
16  20.2  25.3   19:17  16.3   03:37   0.3   2.2   0.0   1.6  14.0   09:37   SSE
17  16.6  23.1   13:19   8.2   05:56   2.9   1.2   0.0   1.8  20.0   12:07    SW
18  16.8  21.7   12:13  13.8   02:38   2.1   0.6   0.6   1.4  15.0   15:05   SSW
19  19.2  24.6   16:18  14.9   23:49   0.9   1.8   0.2   1.6  14.0   12:46    SW
20  16.5  21.3   15:51   9.2   05:25   2.4   0.6   1.0   1.7  15.0   16:41   SSW
21  17.7  23.4   13:42  10.8   05:24   2.1   1.5   0.0   2.2  22.0   14:31   SSW
22  15.2  22.2   12:42   6.9   05:34   3.8   0.7   0.2   1.6  15.0   15:44   WSW
23  16.5  21.0   14:15  13.2   03:02   2.3   0.5   4.6   1.2  13.0   14:04   SSW
24  13.5  17.1   09:48  11.2   05:29   4.8   0.0  18.2   2.1  18.0   09:06    NW
25  15.0  21.8   16:42   9.2   01:28   3.9   0.6   6.0   1.6  15.0   10:39     W
26  15.8  19.3   17:25  12.7   10:30   2.5   0.0   7.4   3.0  18.0   15:22   SSW
27  16.6  20.1   13:27  13.9   05:56   1.9   0.2   0.0   4.2  22.0   12:51   WSW
28  14.5  20.2   16:27   7.9   01:20   4.0   0.2   0.0   2.8  22.0   10:29     W
29  13.0  20.3   15:20   5.8   05:29   5.4   0.1   2.4   1.6  16.0   13:01     W
30  13.6  21.6   17:21   4.8   05:38   5.3   0.5   0.2   1.3  14.0   12:49   WNW
31  13.6  21.8   16:36   4.7   05:44   5.5   0.8   0.0   0.9  12.0   16:54     S
----------------------------------------------------------------------------------
    16.9  29.9     1     4.7    31    76.5  32.0  46.6   1.8  24.0     8      SW

Max >=  27.0:  2
Max <=   0.0:  0
Min <=   0.0:  0
Min <= -18.0:  0
Max Rain: 18.2 on day 24
Days of Rain: 18 (>= 0.2 mm)  5 (>= 2.0 mm)  0 (>= 20.0 mm)
Heat Base: 18.3  Cool Base: 18.3  Method: Integration
:now::gauges::today::yesterday::this month::this year::records::monthly records::trends:climate reports


UK - WEATHER STATION TOPSITES - UK Follow @newforestwx