NOAA Style Reports for Ashurst Bridge

Select a Year or Month report

Report for 2015 Aug
                   Monthly Climatological Summary for Aug 2015

Name: Ashurst Bridge   City: Totton   State: Hampshire
Elevation: 9 m  Lat: N 50° 54' 30"   Lon: W 001° 30' 30"

                  Temperature (°C), Rain (mm), Wind Speed (mph)

                                      Heat  Cool        Avg
    Mean                              Deg   Deg         Wind                 Dom
Day Temp  High   Time   Low    Time   Days  Days  Rain  Speed High   Time    Dir
----------------------------------------------------------------------------------
 1  14.9  21.1   16:57   7.2   05:36   3.9   0.5   0.0   1.3  17.0   14:14   SSW
 2  19.4  23.2   15:26  14.0   03:20   0.5   1.6   0.0   2.4  14.0   15:16    SE
 3  17.1  21.7   13:03   9.4   05:28   2.1   1.0   0.0   2.3  17.0   10:04     S
 4  17.0  21.2   15:46  13.8   05:57   1.7   0.4   0.0   2.4  21.0   15:48   SSW
 5  17.4  20.2   13:15  16.2   23:35   1.0   0.1   1.4   2.1  13.0   07:26     S
 6  15.7  21.7   15:05   7.9   05:14   3.4   0.8   0.0   1.2  15.0   15:38   SSW
 7  16.7  24.1   16:27   8.8   06:00   3.3   1.7   0.0   0.4   9.0   17:41   WSW
 8  17.0  26.3   15:48   7.4   05:43   3.7   2.3   0.0   0.9  12.0   14:33     S
 9  19.4  24.1   14:46  17.0   06:26   0.4   1.6   0.0   1.8  13.0   11:54   SSW
10  16.2  19.7   18:29  12.8   02:16   2.3   0.2   1.0   0.9  10.0   14:45     S
11  17.1  20.4   16:30  14.1   05:29   1.6   0.5   1.0   0.2   9.0   09:51   NNW
12  20.0  25.1   13:59  17.0   03:07   0.4   2.1   0.2   1.7  13.0   10:31    NE
13  18.6  21.2   16:41  16.7   09:25   0.3   0.6  16.4   0.4  11.0   14:31     N
14  16.0  18.5   14:08  11.4   06:04   2.3   0.0   0.2   1.4  11.0   15:22   WNW
15  13.9  21.5   16:51   6.5   06:10   4.8   0.4   0.0   1.0  12.0   16:05   WNW
16  16.7  22.3   13:29  11.8   06:27   2.6   1.0   0.0   0.5   8.0   16:47   SSW
17  16.3  23.7   17:32  10.2   02:00   3.5   1.5   0.2   0.5  10.0   11:41     N
18  15.1  20.0   15:30   9.8   06:31   2.7   0.1   0.2   0.5  12.0   15:45   SSW
19  16.6  18.7   09:41  14.8   18:00   1.6   0.0   0.4   1.8  15.0   16:27     S
20  18.4  21.4   09:59  17.6   22:19   0.2   0.4   0.6   2.7  16.0   21:47     S
21  17.7  23.2   15:20  11.8   06:15   2.3   1.7   0.0   1.7  17.0   16:57     S
22  20.6  26.8   15:02  15.8   05:55   0.4   2.7   2.6   1.1  17.0   08:06    SE
23  15.3  20.4   16:20  11.1   23:34   3.2   0.2  10.8   1.3  15.0   14:22   SSW
24  13.2  16.8   09:57   8.4   05:42   5.0   0.0   9.4   1.6  15.0   15:43     W
25  17.1  18.7   18:00  14.7   12:12   1.2   0.0  12.4   4.4  32.0   06:44     S
26  16.3  20.1   16:41  14.3   01:29   2.1   0.2  15.2   1.7  34.0   11:18   SSW
27  13.1  19.5   15:59   6.2   06:57   5.2   0.0   0.0   0.7  13.0   12:51   SSW
28  16.1  20.7   14:33  12.9   03:50   2.5   0.4   0.0   1.3  18.0   16:17   SSW
29  17.5  21.9   13:33  14.8   06:18   1.4   0.6   3.4   0.5  10.0   11:25    SE
30  18.0  22.4   12:25  15.2   07:12   1.1   0.9  12.0   0.7  11.0   16:23   NNW
31  14.6  17.6   15:31  11.5   06:31   3.6   0.0   0.4   0.8  10.0   14:52    NW
----------------------------------------------------------------------------------
    16.7  26.8    22     6.2    27    70.3  23.5  87.8   1.3  34.0    26     SSW

Max >=  27.0:  0
Max <=   0.0:  0
Min <=   0.0:  0
Min <= -18.0:  0
Max Rain: 16.4 on day 13
Days of Rain: 18 (>= 0.2 mm)  8 (>= 2.0 mm)  0 (>= 20.0 mm)
Heat Base: 18.3  Cool Base: 18.3  Method: Integration
:now::gauges::today::yesterday::this month::this year::records::monthly records::trends:climate reports


UK - WEATHER STATION TOPSITES - UK Follow @newforestwx