NOAA Style Reports for Ashurst Bridge

Select a Year or Month report

Report for 2016 Feb
                   Monthly Climatological Summary for Feb 2016

Name: Ashurst Bridge   City: Totton   State: Hampshire
Elevation: 9 m  Lat: N 50 54' 30"   Lon: W 001 30' 30"

                  Temperature (C), Rain (mm), Wind Speed (mph)

                                      Heat  Cool        Avg
    Mean                              Deg   Deg         Wind                 Dom
Day Temp  High   Time   Low    Time   Days  Days  Rain  Speed High   Time    Dir
----------------------------------------------------------------------------------
 1  11.3  13.4   14:38   9.2   06:30   7.0   0.0   0.0   7.0  25.0   14:34    SW
 2   6.4  11.1   13:12   3.2   05:30  12.0   0.0   0.4   4.2  24.0   12:01   WSW
 3   7.6  10.7   09:00   3.1   00:00  10.7   0.0   0.0   4.0  25.0   11:00     W
 4  11.5  14.1   14:30   9.9   08:30   6.8   0.0   0.6   3.1  23.0   11:30   WSW
 5  10.6  11.3   09:00   9.9   09:00   7.7   0.0   4.2   6.9  27.0   19:30   SSW
 6   8.7  12.3   12:30   5.2   03:00   9.6   0.0  13.4   7.8  36.0   17:30     S
 7   8.9  11.3   22:30   7.3   09:00   9.2   0.0  20.2   8.1  39.0   08:30    SW
 8   7.6  10.4   13:30   4.9   08:30  10.7   0.0   1.6   6.8  36.0   16:00    SW
 9   5.4   8.8   13:30   4.2   22:30  12.9   0.0   1.0   4.1  25.0   14:30   WSW
10   2.3  10.7   14:30  -3.0   05:30  16.0   0.0   0.0   1.0  13.0   14:00     W
11   4.0  10.6   14:30  -1.4   09:00  14.3   0.0   1.0   0.4  11.0   02:00   SSE
12   5.6   6.8   11:30   4.8   09:00  12.7   0.0   4.0   1.9  15.0   06:30   ENE
13   4.3   5.4   16:00   3.4   06:30  13.7   0.0   3.6   1.1  16.0   10:00    NE
14   3.3   8.5   14:30   0.3   05:30  15.0   0.0   0.0   2.1  17.0   11:30     N
15   0.9   7.7   13:06  -4.0   06:58  16.6   0.0   0.0   1.0  18.0   10:00   NNW
16   6.2   8.2   12:32  -1.9   09:00  12.0   0.0   0.2   3.4  17.0   08:30     S
17   5.2   6.8   13:30   2.3   08:00  13.1   0.0  12.0   2.5  16.0   10:30     S
18   2.2   9.3   14:30  -2.8   07:30  16.1   0.0   0.0   0.9  15.0   13:30    NW
19   9.4  11.1   13:00  -0.2   09:00   8.9   0.0   3.0   4.4  22.0   13:00   SSW
20  12.1  12.9   21:30  10.7   09:00   6.2   0.0   0.6   5.9  23.0   17:00    SW
21  12.0  14.0   13:00   9.2   09:00   6.3   0.0   1.0   4.8  21.0   16:00    SW
22   5.8   9.9   15:00   0.8   05:00  12.5   0.0   1.4   0.8   9.0   10:00   WNW
23   3.3  11.5   15:30  -2.4   06:30  15.0   0.0   0.0   0.7  12.0   15:30   WNW
24   1.4   9.8   15:30  -4.2   05:00  16.9   0.0   0.0   0.5   9.0   13:30   NNE
25   4.1   8.1   12:30  -0.4   09:00  14.2   0.0   0.2   0.8  10.0   13:30   NNW
26   5.7   8.2   15:00   3.6   07:30  12.3   0.0   0.0   2.4  14.0   11:00     E
27   4.6   7.8   14:00   2.4   02:30  13.7   0.0   0.0   2.5  19.0   15:30    NE
28   3.7   8.6   13:00  -2.6   07:00  14.6   0.0   0.0   1.6  19.0   13:00    NE
29   7.8  10.8   14:00   1.9   09:00  10.5   0.0   3.0   2.7  18.0   05:30   SSW
----------------------------------------------------------------------------------
     6.3  14.1     4    -4.2    24   347.2   0.0  71.4   3.3  39.0     7      SW

Max >=  27.0:  0
Max <=   0.0:  0
Min <=   0.0: 10
Min <= -18.0:  0
Max Rain: 20.2 on day 7
Days of Rain: 18 (>= 0.2 mm)  8 (>= 2.0 mm)  1 (>= 20.0 mm)
Heat Base: 18.3  Cool Base: 18.3  Method: Integration
:now::gauges::today::yesterday::this month::this year::records::monthly records::trends:climate reports


UK - WEATHER STATION TOPSITES - UK