NOAA Style Reports for Ashurst Bridge

Select a Year or Month report

Report for 2016 Mar
                   Monthly Climatological Summary for Mar 2016

Name: Ashurst Bridge   City: Totton   State: Hampshire
Elevation: 9 m  Lat: N 50 54' 30"   Lon: W 001 30' 30"

                  Temperature (C), Rain (mm), Wind Speed (mph)

                                      Heat  Cool        Avg
    Mean                              Deg   Deg         Wind                 Dom
Day Temp  High   Time   Low    Time   Days  Days  Rain  Speed High   Time    Dir
----------------------------------------------------------------------------------
 1   9.0  13.2   16:30   4.1   06:30   9.3   0.0   5.0   5.2  25.0   10:00    SW
 2   6.9   9.3   10:00   4.9   07:00  11.4   0.0   2.4   6.9  35.0   14:30     W
 3   6.6  11.2   15:30   0.1   07:30  11.7   0.0   4.8   2.9  21.0   22:00    SW
 4   2.6   8.5   14:30  -1.6   03:30  15.7   0.0   1.0   1.1  14.0   16:00    SW
 5   3.8   9.3   14:00  -1.7   06:30  14.5   0.0   0.2   1.5  17.0   12:30    NW
 6   4.7   8.6   13:30   0.0   05:30  13.3   0.0   0.0   1.7  16.0   14:00   WNW
 7   2.0   9.3   15:30  -4.2   04:00  16.3   0.0   0.0   1.3  17.0   14:00   NNW
 8   8.3   9.7   23:30   1.1   09:00  10.0   0.0  20.6   4.6  25.0   03:30     S
 9   6.4   7.0   16:30   5.4   11:00  11.9   0.0   4.0   3.9  23.0   09:30   NNW
10   6.4   9.4   13:00   3.2   03:00  11.9   0.0   0.0   0.8  12.0   11:30     N
11   5.2  13.1   15:00  -0.7   07:00  13.1   0.0   0.0   0.4   7.0   12:30   NNW
12   5.0  13.4   15:30  -1.7   06:30  13.1   0.0   0.0   0.4  10.0   08:30   ESE
13   6.8  13.1   16:00   1.0   07:00  11.5   0.0   0.2   1.9  16.0   17:00    NE
14   6.5  12.7   14:30  -1.0   06:30  11.8   0.0   0.0   2.7  18.0   19:30    NE
15   9.2  14.1   12:30   6.4   09:00   9.1   0.0   0.0   2.5  15.0   21:00    NE
16   6.6  12.1   12:00   2.1   06:04  11.4   0.0   0.0   2.1  18.0   16:00    NE
17   5.2  14.2   15:18  -2.4   05:30  13.7   0.0   0.0   1.6  12.0   10:41    NE
18   6.8   7.8   17:30   4.1   10:00  11.5   0.0   0.0   1.8  14.0   01:00    NE
19   7.5   9.9   14:30   5.9   05:30  10.8   0.0   0.0   2.4  13.0   12:00    NE
20   6.4  12.1   10:00   3.2   06:30  11.9   0.0   0.0   0.9  14.0   11:30    NE
21   8.2  14.4   13:30  -0.4   06:00  10.1   0.0   0.0   0.7  11.0   13:00    NW
22   7.3  14.5   15:00   1.4   00:00  11.0   0.0   0.0   0.6   9.0   18:00   NNE
23   9.1  14.3   12:00   3.8   03:00   9.0   0.0   0.0   1.0  12.0   17:00     W
24   9.7  12.7   10:00   7.8   07:00   8.6   0.0   4.6   3.6  16.0   14:00    SW
25  10.4  16.7   14:30   6.2   21:30   7.9   0.0   1.0   3.4  23.0   09:30     S
26   9.3  13.9   13:00   5.9   00:00   8.7   0.0   4.8   6.0  35.0   17:00     S
27   9.0  11.4   17:00   6.7   10:30   9.0   0.0  31.6   9.7  41.0   03:00   SSW
28   7.9  12.2   13:30   5.1   22:00  10.4   0.0   2.2   4.1  23.0   11:30    SW
29   7.2  12.3   12:30   2.3   07:30  11.1   0.0   8.6   2.9  24.0   12:30    SW
30   7.5  13.3   13:00   3.2   06:30  10.8   0.0   0.2   1.6  14.0   17:30    SW
31   6.6  13.8   15:00  -0.6   06:30  11.7   0.0   0.0   1.2  13.0   13:30     N
----------------------------------------------------------------------------------
     6.9  16.7    25    -4.2     7   352.2   0.0  91.2   2.6  41.0    27      SW

Max >=  27.0:  0
Max <=   0.0:  0
Min <=   0.0: 10
Min <= -18.0:  0
Max Rain: 31.6 on day 27
Days of Rain: 15 (>= 0.2 mm)  10 (>= 2.0 mm)  2 (>= 20.0 mm)
Heat Base: 18.3  Cool Base: 18.3  Method: Integration
:now::gauges::today::yesterday::this month::this year::records::monthly records::trends:climate reports


UK - WEATHER STATION TOPSITES - UK