NOAA Style Reports for Ashurst Bridge

Select a Year or Month report

Report for 2016 Jun
                   Monthly Climatological Summary for Jun 2016

Name: Ashurst Bridge   City: Totton   State: Hampshire
Elevation: 9 m  Lat: N 50 54' 30"   Lon: W 001 30' 30"

                  Temperature (C), Rain (mm), Wind Speed (mph)

                                      Heat  Cool        Avg
    Mean                              Deg   Deg         Wind                 Dom
Day Temp  High   Time   Low    Time   Days  Days  Rain  Speed High   Time    Dir
----------------------------------------------------------------------------------
 1  13.2  15.2   13:30  10.9   06:00   5.1   0.0   0.0   2.9  17.0   10:00     N
 2  12.9  17.9   17:00   9.9   05:00   5.4   0.0   0.0   2.3  18.0   16:00   NNE
 3  13.7  16.2   17:00  11.3   10:00   4.6   0.0   0.0   0.7   9.0   12:30   NNW
 4  18.2  21.6   17:00  14.9   10:00   0.8   0.7   0.0   0.5   7.0   11:00     N
 5  18.3  26.5   15:00  10.4   05:00   2.4   2.5   0.0   0.6   8.0   12:00   ENE
 6  17.8  24.4   18:00  10.7   04:30   2.6   2.1   0.0   0.8   9.0   16:00   SSE
 7  19.4  25.6   17:00  13.4   03:30   1.3   2.4   0.0   0.8  10.0   17:30     W
 8  18.7  26.5   15:30  13.6   01:30   1.9   2.4   0.0   0.6  11.0   15:00    SE
 9  16.9  22.9   14:30  11.9   05:00   2.5   1.1   0.0   0.8   9.0   15:00   SSE
10  17.8  22.0   15:00  14.4   04:00   1.5   1.0   0.2   0.8   9.0   11:30   SSE
11  17.0  21.5   17:30  12.8   03:00   2.2   0.9   1.6   0.6   9.0   19:30     S
----------------------------------------------------------------------------------
    16.7  26.5     5     9.9     2    30.3  13.1   1.8   1.0  18.0     2     NNE

Max >=  27.0:  0
Max <=   0.0:  0
Min <=   0.0:  0
Min <= -18.0:  0
Max Rain: 1.6 on day 11
Days of Rain: 2 (>= 0.2 mm)  0 (>= 2.0 mm)  0 (>= 20.0 mm)
Heat Base: 18.3  Cool Base: 18.3  Method: Integration
:now::gauges::today::yesterday::this month::this year::records::monthly records::trends:climate reports


UK - WEATHER STATION TOPSITES - UK