NOAA Style Reports for Ashurst Bridge

Select a Year or Month report

Report for 2016 Aug
                   Monthly Climatological Summary for Aug 2016

Name: Ashurst Bridge   City: Totton   State: Hampshire
Elevation: 9 m  Lat: N 50 54' 30"   Lon: W 001 30' 30"

                  Temperature (C), Rain (mm), Wind Speed (mph)

                                      Heat  Cool        Avg
    Mean                              Deg   Deg         Wind                 Dom
Day Temp  High   Time   Low    Time   Days  Days  Rain  Speed High   Time    Dir
----------------------------------------------------------------------------------
 1  16.6  18.7   10:00  14.9   21:00   1.7   0.0  15.8   2.1  15.0   01:00     S
 2  19.2  22.2   16:00  17.7   07:00   0.1   1.0   0.6   1.9  15.0   01:00   SSW
 3  18.4  22.6   14:30  15.3   05:00   1.1   1.2   0.0   2.3  20.0   19:00   SSW
 4  16.7  22.7   13:30  10.4   05:30   2.6   1.0   0.0   1.5  17.0   13:30   WSW
 5  16.7  22.8   15:30   9.6   06:30   3.0   1.4   0.0   0.9  11.0   18:00   WSW
 6  20.0  23.5   14:00  17.2   22:30   0.2   1.8   0.0   1.9  16.0   16:00     S
 7  18.9  25.0   15:00  14.5   06:30   1.4   2.0   0.0   2.1  14.0   19:30   WSW
 8  15.1  21.2   16:30   7.0   06:00   3.8   0.6   0.0   1.9  16.0   11:30     W
 9  15.5  21.8   16:30   9.3   03:00   3.5   0.7   0.0   1.6  16.0   13:00   WNW
10  17.2  21.2   18:00  13.9   06:00   1.6   0.6   0.0   1.0  12.0   13:00     W
11  17.1  23.3   17:00  10.8   05:30   2.3   1.1   0.0   2.0  16.0   16:00     W
12  18.5  26.4   16:30  11.2   06:30   2.2   2.4   0.0   1.7  16.0   14:30   WSW
13  17.4  24.6   17:30  11.5   04:30   2.6   1.7   0.0   0.9  11.0   10:30   WSW
14  17.1  26.5   17:30   8.1   06:30   3.6   2.4   0.0   0.3   9.0   15:30    NE
15  17.3  24.4   15:00   9.0   05:30   3.1   2.1   0.0   1.2  12.0   13:30   ESE
16  17.8  26.7   17:27   8.7   06:00   3.2   2.7   0.0   0.7   8.0   12:00   ESE
17  20.2  26.2   16:00  15.2   06:30   0.6   2.6   3.0   1.1  15.0   13:00   SSE
18  19.8  26.2   14:30  15.4   00:30   0.7   2.2   1.4   0.8  11.0   16:00     S
19  17.0  20.3   17:30  15.2   08:30   1.5   0.1  12.0   3.1  23.0   07:30     S
20  17.2  20.2   13:30  15.0   06:30   1.4   0.3   0.2   3.8  22.0   15:30    SW
21  18.4  22.3   14:30  16.8   07:00   0.5   0.6   0.4   2.3  19.0   10:30   WSW
22  17.8  23.2   13:00  12.0   03:30   2.2   1.6   0.2   1.7  17.0   13:30     S
23  21.1  27.5   13:30  15.1   02:30   1.0   3.7   0.0   1.3  15.0   15:00    SE
24  23.1  31.4   15:30  18.3   04:30   0.0   4.8   2.2   0.6  10.0   18:30   WNW
25  21.3  27.4   17:00  14.2   07:00   0.4   3.5   0.6   0.4  12.0   05:00     W
26  18.4  26.9   17:30  11.2   04:30   2.6   2.7   0.0   0.8  10.0   11:30     W
27  20.0  24.3   13:00  15.7   03:30   0.5   2.1   0.6   0.8  10.0   10:00   SSE
28  17.3  20.1   18:00  14.2   06:30   1.4   0.4   0.4   1.1  16.0   14:30   SSW
29  16.7  25.9   16:00   8.7   06:00   3.8   2.1   0.0   0.8  12.0   17:00   WNW
30  17.0  25.3   14:00   9.4   05:30   3.6   2.3   0.0   0.9  11.0   16:30     S
31  15.1  22.6   15:30   7.8   06:30   4.1   0.9   0.0   0.7  13.0   16:30   SSW
----------------------------------------------------------------------------------
    18.1  31.4    24     7.0     8    60.3  52.6  37.4   1.4  23.0    19      SW

Max >=  27.0:  3
Max <=   0.0:  0
Min <=   0.0:  0
Min <= -18.0:  0
Max Rain: 15.8 on day 1
Days of Rain: 12 (>= 0.2 mm)  4 (>= 2.0 mm)  0 (>= 20.0 mm)
Heat Base: 18.3  Cool Base: 18.3  Method: Integration
:now::gauges::today::yesterday::this month::this year::records::monthly records::trends:climate reports


UK - WEATHER STATION TOPSITES - UK