NOAA Style Reports for Ashurst Bridge

Select a Year or Month report

Report for 2016 Oct
                   Monthly Climatological Summary for Oct 2016

Name: Ashurst Bridge   City: Totton   State: Hampshire
Elevation: 9 m  Lat: N 50 54' 30"   Lon: W 001 30' 30"

                  Temperature (C), Rain (mm), Wind Speed (mph)

                                      Heat  Cool        Avg
    Mean                              Deg   Deg         Wind                 Dom
Day Temp  High   Time   Low    Time   Days  Days  Rain  Speed High   Time    Dir
----------------------------------------------------------------------------------
 1  11.5  17.2   14:30   6.3   07:30   6.8   0.0   1.2   1.2  17.0   15:00   WSW
 2   9.2  18.2   14:30   2.1   07:00   9.1   0.0   0.2   0.3   8.0   11:30   WNW
 3  11.0  18.8   16:00   4.9   02:30   7.4   0.0   0.0   0.8  11.0   13:00    SE
 4  14.8  18.8   13:30  12.1   08:30   3.5   0.0   0.0   2.1  19.0   14:30     E
 5  12.3  18.6   14:30   4.9   07:30   5.9   0.0   0.0   2.7  20.0   12:30   ENE
 6  11.4  16.2   17:00   6.1   21:30   6.9   0.0   0.0   0.8  11.0   12:30    NE
 7  12.5  15.0   17:00   9.8   02:00   5.8   0.0   0.0   0.3   8.0   10:30    NE
 8  12.8  16.9   15:30   8.6   08:00   5.5   0.0   0.8   0.5   9.0   19:00     N
 9  10.0  17.6   16:00   3.2   07:30   8.3   0.0   0.0   0.6  10.0   15:00     N
10   7.6  15.9   14:30   1.4   06:00  10.7   0.0   0.2   0.4  10.0   13:30     N
11   9.2  16.9   15:00   2.5   02:00   9.1   0.0   0.0   0.5   9.0   14:00   ENE
12  11.7  16.6   13:30   6.6   07:30   6.6   0.0   0.0   1.1  13.0   12:30    NE
13  11.3  14.7   14:30   9.3   08:00   6.9   0.0   2.6   0.9  13.0   14:30   ENE
14  12.2  15.6   15:30   9.2   04:00   6.1   0.0   0.2   0.6  10.0   10:30     E
15  12.2  17.4   14:30   6.0   00:00   6.1   0.0   7.4   1.9  15.0   06:30   SSE
16  12.6  17.8   12:00   8.4   04:30   5.7   0.0   3.8   1.3  16.0   12:00     S
23  12.5  17.3   14:30   9.2   05:30   3.5   0.0   1.2   0.5  14.0   15:30   SSW
24  11.2  13.8   13:00   9.5   09:00   7.1   0.0   2.2   0.3   9.0   13:00   ENE
25  12.7  18.6   15:00   9.3   23:00   5.6   0.0   0.2   0.1   4.0   13:30     S
26  10.7  17.3   15:00   6.3   02:30   7.6   0.0   0.2   0.3   9.0   15:00    SW
27  12.6  15.2   15:30   6.6   09:00   5.7   0.0   0.0   0.5   9.0   13:30    SW
28  13.7  15.7   14:00  12.5   09:00   4.6   0.0   0.0   0.4  10.0   12:30     W
29  11.9  14.3   14:00   7.5   06:00   6.5   0.0   0.0   0.0   4.0   18:30   ---
30  10.1  17.8   14:30   4.6   06:30   8.2   0.0   0.0   0.4   9.0   13:30     E
31   9.6  20.0   14:30   4.1   06:30   8.9   0.2   0.2   0.2   5.0   12:00     E
----------------------------------------------------------------------------------
    11.5  20.0    31     1.4    10   168.1   0.2  20.4   0.8  20.0     5       E

Max >=  27.0:  0
Max <=   0.0:  0
Min <=   0.0:  0
Min <= -18.0:  0
Max Rain: 7.4 on day 15
Days of Rain: 13 (>= 0.2 mm)  4 (>= 2.0 mm)  0 (>= 20.0 mm)
Heat Base: 18.3  Cool Base: 18.3  Method: Integration
:now::gauges::today::yesterday::this month::this year::records::monthly records::trends:climate reports


UK - WEATHER STATION TOPSITES - UK