NOAA Style Reports for Ashurst Bridge

Select a Year or Month report

Report for 2016 Nov
                   Monthly Climatological Summary for Nov 2016

Name: Ashurst Bridge   City: Totton   State: Hampshire
Elevation: 9 m  Lat: N 50 54' 30"   Lon: W 001 30' 30"

                  Temperature (C), Rain (mm), Wind Speed (mph)

                                      Heat  Cool        Avg
    Mean                              Deg   Deg         Wind                 Dom
Day Temp  High   Time   Low    Time   Days  Days  Rain  Speed High   Time    Dir
----------------------------------------------------------------------------------
 1   8.9  12.2   16:00   1.9   06:00   9.4   0.0   0.0   0.5   8.0   11:00     N
 2   3.9  13.2   14:00  -1.6   03:30  14.4   0.0   0.0   0.5  12.0   11:30    NW
 3   8.0  12.8   14:00   1.8   09:00  10.3   0.0   0.2   0.1   6.0   14:30     S
 4   4.4  10.4   13:30  -1.3   07:30  13.9   0.0   4.2   0.0   6.0   18:30     W
 5   4.3   9.8   13:00  -0.2   03:30  14.0   0.0   0.2   1.2  15.0   12:30    NW
 6   6.1   9.6   14:30   3.7   20:30  12.2   0.0   0.6   2.4  16.0   11:00    NW
 7   2.6   9.6   12:00  -3.8   07:30  15.7   0.0   0.0   1.0  17.0   12:00   NNW
 8   6.6   9.9   04:30   0.1   09:00  11.4   0.0   8.6   1.4  17.0   07:30   SSW
 9   7.8  12.2   14:00   4.4   23:30  10.5   0.0   0.4   2.2  23.0   12:00     W
10   6.5  13.7   13:30  -1.1   07:30  11.8   0.0   0.2   1.9  22.0   15:30     W
11   8.4  11.6   13:00   2.2   09:00   9.9   0.0   6.6   1.8  15.0   04:30   SSE
12   9.5  12.6   13:30   5.9   08:00   8.6   0.0   1.8   0.7  13.0   11:00   SSE
13   7.7  12.8   12:30   4.7   22:30  10.6   0.0   0.0   0.5  15.0   13:00    NW
14  12.4  13.4   12:30   9.6   09:00   5.9   0.0   0.4   0.4   9.0   15:30    SW
15  14.3  17.3   14:00  11.8   08:30   4.0   0.0   1.2   1.5  12.0   13:00   WSW
16   9.8  14.8   14:00   4.1   05:30   8.5   0.0   0.8   1.4  14.0   18:30    SW
17   8.0  13.6   12:00   1.3   07:30  10.3   0.0   1.4   2.9  21.0   13:30    SW
18   2.1   8.3   14:30  -1.8   04:30  16.2   0.0   0.0   0.7  18.0   13:00   WSW
19   7.7  10.9   02:30   1.3   09:00  10.4   0.0  34.2   3.4  28.0   01:00   SSE
20   6.6  11.7   09:00   5.2   17:30  11.7   0.0   7.6   1.3  18.0   12:00    NW
21  10.5  12.6   12:00   8.7   04:00   7.8   0.0  11.2   4.0  26.0   03:00   SSE
22   6.5  11.4   14:00   2.6   22:30  11.8   0.0   0.2   1.3  16.0   13:30   SSW
23   9.5  10.8   09:00   3.4   09:00   8.8   0.0   0.4   2.4  16.0   02:00    NE
24   8.8  12.2   11:30   6.0   07:30   9.5   0.0   0.0   3.3  17.0   14:00    NE
25   6.2  11.6   13:30   2.1   04:00  12.1   0.0   0.0   1.3  17.0   12:00   NNE
26   6.3   7.8   16:30   4.6   21:00  11.7   0.0   0.0   0.7  11.0   16:30   NNE
27   7.7  10.1   14:00   5.8   02:30  10.6   0.0   0.0   1.8  14.0   11:30    NE
28   2.5  10.6   13:00  -4.0   07:30  15.8   0.0   0.0   1.1  15.0   13:00   ENE
29  -1.3   7.9   14:00  -6.2   07:30  19.6   0.0   0.0   0.3   7.0   11:30    NE
30  -1.6   9.2   14:00  -6.7   07:30  19.9   0.0   0.2   0.0   6.0   14:00   NNW
----------------------------------------------------------------------------------
     6.7  17.3    15    -6.7    30   347.3   0.0  80.4   1.4  28.0    19     WSW

Max >=  27.0:  0
Max <=   0.0:  0
Min <=   0.0:  9
Min <= -18.0:  0
Max Rain: 34.2 on day 19
Days of Rain: 19 (>= 0.2 mm)  6 (>= 2.0 mm)  1 (>= 20.0 mm)
Heat Base: 18.3  Cool Base: 18.3  Method: Integration
:now::gauges::today::yesterday::this month::this year::records::monthly records::trends:climate reports


UK - WEATHER STATION TOPSITES - UK