NOAA Style Reports for Ashurst Bridge

Select a Year or Month report

Report for 2017 Jan
                   Monthly Climatological Summary for Jan 2017

Name: Ashurst Bridge   City: Totton   State: Hampshire
Elevation: 9 m  Lat: N 50 54 29   Lon: W 001 30 29

                  Temperature (°C), Rain (mm), Wind Speed (mph)

                                      Heat  Cool        Avg
    Mean                              Deg   Deg         Wind                 Dom
Day Temp  High   Time   Low    Time   Days  Days  Rain  Speed High   Time    Dir
----------------------------------------------------------------------------------
01   5.9   9.9   14:14   0.5   06:57  24.8   0.0   7.0   1.2  15.0   15:10     N
02  -0.5   6.7   13:21  -5.1   08:17  18.8   0.0   0.2   0.5  11.0   11:17     N
03   3.3   7.3   13:47  -4.7   09:00  15.0   0.0   0.2   1.2  13.0   21:44     W
04   2.4  10.8   13:14  -5.2   07:56  15.9   0.0   0.0   1.0  14.0   12:00    NW
05  -0.4   7.4   14:31  -4.4   09:00  18.7   0.0   0.0   0.0   4.0   11:30   NNW
06   6.5   9.3   05:10  -1.0   09:00  11.8   0.0   6.2   0.9  10.0   00:46   SSW
07   9.6  12.1   14:02   8.2   07:41   8.7   0.0   0.2   0.1   8.0   13:30     W
08   8.8  10.9   13:42   6.6   00:29   9.5   0.0   0.2   0.3  10.0   08:37   SSW
09   6.0  10.4   16:21   1.1   06:20  12.3   0.0   3.8   2.4  23.0   16:24    SW
10   7.9  11.2   08:20   3.1   00:40  10.4   0.0   0.2   1.8  14.0   13:58     W
11   7.9  11.7   14:24   5.4   03:37  10.4   0.0   0.0   3.5  20.0   11:44   WSW
12   3.7   7.6   10:33   0.1   02:18  14.6   0.0  18.2   3.0  21.0   07:13   WNW
13   3.8   7.2   13:06   0.7   02:14  14.5   0.0   0.0   3.9  33.0   11:02   WNW
14   5.3   8.8   15:21   1.1   22:49  13.0   0.0   1.8   1.5  21.0   15:39   WNW
15   9.1  10.0   19:29   5.8   09:00   9.2   0.0   2.4   1.6  15.0   13:50   WNW
16   5.6   7.6   09:00   3.8   08:53  12.7   0.0   3.2   0.5   8.0   19:56   ESE
17   0.7   8.0   14:55  -4.4   07:31  17.6   0.0   0.0   0.3   8.0   10:59   ESE
18  -0.5   7.4   14:37  -4.6   07:59  18.8   0.0   0.2   0.2   6.0   13:32    NE
19  -0.1   8.4   13:46  -5.2   08:01  18.3   0.0   0.0   0.4  10.0   12:05    NE
20  -0.5   7.9   14:30  -6.3   07:48  18.7   0.0   0.2   0.6  12.0   13:49    NE
21   0.1   5.2   12:14  -5.4   09:00  18.2   0.0   0.0   0.5   8.0   10:23     E
22   0.5   9.3   14:37  -4.1   09:00  17.8   0.0   0.2   0.2   6.0   13:25    SE
23   0.0   2.7   14:48  -2.0   07:56  18.2   0.0   0.0   0.0   4.0   15:18   SSW
25   2.2   4.1   15:24  -1.6   09:00   4.5   0.0   0.2  ----   3.0   10:48   WSW
26   3.2   4.9   06:14   0.0   20:18   8.0   0.0   0.4   2.2  13.0   05:32   ESE
27   7.4   8.7   11:50   4.1   09:00  10.9   0.0   3.8   2.3  17.0   12:06   SSE
28   5.8  11.0   13:17   1.7   22:30  12.6   0.0   0.6   1.6  13.0   13:17   SSW
29   9.6  11.3   21:51   6.8   09:00   8.7   0.0  13.6   2.9  22.0   18:01     S
30   8.8  11.4   12:28   7.3   22:58   9.5   0.0   7.0   2.8  15.0   21:30   ESE
31  10.6  12.1   16:35   8.0   09:00   7.7   0.0   9.0   2.9  15.0   16:14   SSE
----------------------------------------------------------------------------------
     4.4  12.1     7    -6.3    20   409.8   0.0  78.8   1.4  33.0    13      SW

Max >=  27.0  0
Max <=   0.0  0
Min <=   0.0 14
Min <= -18.0  0
Max Rain: 18.2 on day 12
Days of Rain: 22 (>= 0.2 mm)  10 (>= 2.0 mm)  0 (>= 20.0 mm)
Heat Base: 18.3  Cool Base: 18.3  Method: Integration
:now::gauges::today::yesterday::this month::this year::records::monthly records::trends:climate reports


UK - WEATHER STATION TOPSITES - UK