NOAA Style Reports for Ashurst Bridge

Select a Year or Month report

Report for 2017 Feb
                   Monthly Climatological Summary for Feb 2017

Name: Ashurst Bridge   City: Totton   State: Hampshire
Elevation: 9 m  Lat: N 50 54 29   Lon: W 001 30 29

                  Temperature (°C), Rain (mm), Wind Speed (mph)

                                      Heat  Cool        Avg
    Mean                              Deg   Deg         Wind                 Dom
Day Temp  High   Time   Low    Time   Days  Days  Rain  Speed High   Time    Dir
----------------------------------------------------------------------------------
01  10.4  11.0   00:09   9.4   09:00   7.9   0.0   9.4   4.8  21.0   23:53     S
02  10.1  12.5   14:13   6.9   05:16   8.2   0.0   1.4   6.1  29.0   16:52     S
03   5.6   9.1   10:20   1.1   01:23  12.7   0.0   6.2   2.9  34.0   18:30   SSE
04   4.8  10.3   14:00   0.4   01:42  13.5   0.0   2.8   0.7  15.0   19:26   SSW
05   2.7   8.2   16:03  -2.6   06:00  15.6   0.0   0.0   1.0  15.0   14:35   NNW
06   5.9   8.0   14:48  -0.6   09:00  12.4   0.0   4.8   1.9  16.0   15:11   SSE
07   6.3  11.9   13:02   2.3   03:03  12.0   0.0   1.6   0.9  18.0   16:35     W
08   3.5   6.6   15:21  -1.3   02:44  14.5   0.0   0.0   0.5  10.0   18:00    NE
09   3.1   3.9   13:56   2.6   09:00  15.2   0.0   0.0   1.8  14.0   20:09    NE
10   2.3   3.3   10:49   0.7   20:34  16.0   0.0   0.2   1.5  11.0   12:20     N
11   2.9   3.5   14:22   1.7   19:40  15.4   0.0   0.0   1.9  16.0   15:46   NNE
12   4.9   6.7   23:55   3.1   10:45  13.4   0.0   0.2   3.2  15.0   17:31    NE
13   7.8  13.6   15:19   4.6   00:31  10.5   0.0   0.0   2.7  15.0   15:01   ENE
14   8.5   9.6   15:20   4.1   03:52   9.8   0.0   0.4   1.4  11.0   11:17   ESE
15   8.2  11.2   15:26   3.7   06:06  10.1   0.0   2.6   1.5  12.0   11:55   SSW
16   8.6  13.1   15:04   6.0   05:43   9.7   0.0   0.2   0.8  10.0   14:26    SW
17   8.3  12.8   14:26   6.2   18:57  10.0   0.0   0.0   1.1  10.0   16:18     S
18   7.3  13.8   15:08   1.8   23:34  11.0   0.0   0.0   0.9  10.0   14:25     S
19  10.9  12.7   14:03   8.2   09:00   7.4   0.0   0.0   1.5  13.0   12:00   WSW
20  13.1  16.8   11:58  11.3   03:31   5.2   0.0   0.0   3.5  17.0   15:17   WSW
21  12.4  15.3   12:27  11.2   22:18   5.9   0.0   0.0   4.4  18.0   10:55    SW
22  11.8  14.2   11:48  10.2   08:03   6.5   0.0   2.2   6.4  32.0   07:46    SW
23   7.3  11.6   14:01   2.7   06:55  11.0   0.0   0.2   6.4  39.0   10:45     W
24   7.9  11.8   15:25   3.4   21:56  10.4   0.0   0.2   2.3  16.0   08:52   WSW
25  10.2  10.9   12:00   9.5   20:18   8.1   0.0   5.2   5.4  24.0   18:33   SSW
26   9.6  11.6   10:59   7.6   08:41   8.7   0.0  16.4   5.3  22.0   17:50   SSW
27   4.6   8.7   14:13  -0.2   07:39  13.7   0.0   3.0   3.0  20.0   18:49    SW
28   6.6   8.2   13:51   3.9   09:00  11.7   0.0   3.0   3.6  25.0   14:15   WSW
----------------------------------------------------------------------------------
     7.3  16.8    20    -2.6     5   306.5   0.0  60.0   2.8  39.0    23     SSW

Max >=  27.0  0
Max <=   0.0  0
Min <=   0.0  4
Min <= -18.0  0
Max Rain: 16.4 on day 26
Days of Rain: 18 (>= 0.2 mm)  10 (>= 2.0 mm)  0 (>= 20.0 mm)
Heat Base: 18.3  Cool Base: 18.3  Method: Integration
:now::gauges::today::yesterday::this month::this year::records::monthly records::trends:climate reports


UK - WEATHER STATION TOPSITES - UK