NOAA Style Reports for Ashurst Bridge

Select a Year or Month report

Report for 2017 Apr
                   Monthly Climatological Summary for Apr 2017

Name: Ashurst Bridge   City: Totton   State: Hampshire
Elevation: 9 m  Lat: N 50 54 29   Lon: W 001 30 29

                  Temperature (°C), Rain (mm), Wind Speed (mph)

                                      Heat  Cool        Avg
    Mean                              Deg   Deg         Wind                 Dom
Day Temp  High   Time   Low    Time   Days  Days  Rain  Speed High   Time    Dir
----------------------------------------------------------------------------------
01   8.8  14.8   14:14   2.6   06:33   9.5   0.0   0.0   1.3  16.0   13:53   SSW
02   9.0  17.1   14:50   0.9   06:47   9.3   0.0   0.0   0.7  10.0   10:35    NW
03  11.1  15.3   14:17   8.6   20:27   7.2   0.0   0.0   2.1  13.0   15:14     S
04  10.1  16.2   14:36   2.6   07:11   8.1   0.0   0.0   1.1  12.0   20:16   NNW
05   8.9  15.9   15:49   1.5   06:58   9.4   0.0   0.0   1.3  14.0   14:02   NNW
06   8.6  17.4   15:18   1.0   06:13   9.7   0.0   0.0   0.9  11.0   17:23     S
07   9.1  18.8   15:28  -0.1   06:33   9.3   0.0   0.0   1.1  12.0   16:01     S
08  11.2  19.4   15:53   3.1   06:29   7.2   0.1   0.0   1.3  12.0   14:04     E
09  12.5  21.3   14:52   3.8   06:30   6.3   0.5   0.0   2.3  15.0   15:22   SSW
10   9.2  16.6   16:18   1.3   06:08   9.1   0.0   0.0   1.2  12.0   12:17   NNW
11  10.1  16.6   14:22   3.8   03:24   8.2   0.0   0.0   1.6  15.0   09:49     W
12  10.2  15.8   16:11   3.2   06:30   8.1   0.0   0.0   2.7  21.0   12:10     W
13   8.7  14.6   16:11   1.4   06:51   9.6   0.0   0.0   1.1  16.0   11:40   WNW
14  11.4  15.7   14:21   6.6   05:57   6.9   0.0   0.0   1.7  13.0   14:29   WSW
15   8.9  13.9   16:46   2.8   03:40   9.4   0.0   0.0   2.1  21.0   18:12   WNW
16  11.8  15.8   14:51   7.9   05:32   6.5   0.0   0.0   2.8  19.0   15:35     W
17   9.3  15.4   14:02   1.2   06:05   9.0   0.0   0.4   0.9  11.0   10:28     N
18   8.9  15.2   17:05   2.9   05:27   9.4   0.0   0.0   1.3  14.0   14:30   NNE
19   6.9  13.9   15:21  -0.1   05:52  11.4   0.0   0.0   1.0  10.0   13:25    SE
20  11.1  15.6   18:25   6.9   03:13   7.2   0.0   0.0   0.9  10.0   11:48     W
21  12.7  16.2   15:10   9.7   06:35   5.5   0.0   0.0   0.5  10.0   09:45     W
22   9.6  18.7   16:12   0.3   05:47   8.7   0.0   0.0   1.1  12.0   12:57     N
23  10.4  16.5   13:29   2.6   06:28   7.9   0.0   0.2   0.7   8.0   10:22   WNW
24   8.4  15.3   13:44  -1.4   05:24   9.9   0.0   0.2   2.5  16.0   13:23   WNW
25   5.3  12.9   15:59  -1.8   06:05  13.0   0.0   1.0   1.7  17.0   20:22   NNW
26   4.8  12.8   14:41  -2.7   05:50  13.5   0.0   0.6   1.3  14.0   14:18     N
27   8.6  13.5   13:31   1.4   06:30   9.6   0.0   0.4   1.9  14.0   16:08   WNW
28   8.1  14.9   15:31  -0.2   03:30  10.2   0.0   0.0   0.7   9.0   10:49     W
29  12.6  15.4   16:17   9.1   10:00   5.7   0.0   0.0   4.4  19.0   09:38   ESE
30  10.2  14.7   11:08   5.7   06:28   8.1   0.0   3.4   2.1  22.0   12:09   ESE
----------------------------------------------------------------------------------
     9.6  21.3     9    -2.7    26   262.9   0.6   6.2   1.5  22.0    30       W

Max >=  27.0  0
Max <=   0.0  0
Min <=   0.0  6
Min <= -18.0  0
Max Rain: 3.4 on day 30
Days of Rain: 7 (>= 0.2 mm)  1 (>= 2.0 mm)  0 (>= 20.0 mm)
Heat Base: 18.3  Cool Base: 18.3  Method: Integration
:now::gauges::today::yesterday::this month::this year::records::monthly records::trends:climate reports


UK - WEATHER STATION TOPSITES - UK