NOAA Style Reports for Ashurst Bridge

Select a Year or Month report

Report for 2017 May
                   Monthly Climatological Summary for May 2017

Name: Ashurst Bridge   City: Totton   State: Hampshire
Elevation: 9 m  Lat: N 50 54 29   Lon: W 001 30 29

                  Temperature (°C), Rain (mm), Wind Speed (mph)

                                      Heat  Cool        Avg
    Mean                              Deg   Deg         Wind                 Dom
Day Temp  High   Time   Low    Time   Days  Days  Rain  Speed High   Time    Dir
----------------------------------------------------------------------------------
01  11.0  15.7   11:37   6.3   06:25   7.3   0.0   1.4   1.3  12.0   11:49   ENE
02  12.1  18.0   13:26   6.2   05:42   6.2   0.0   0.0   1.2  11.0   07:16    NE
03  10.5  14.3   15:15   8.7   00:02   7.8   0.0   0.6   1.8  12.0   16:41   NNE
04  12.2  17.8   14:53   8.3   01:40   6.1   0.0   0.0   2.5  16.0   18:10    NE
05  11.9  17.3   16:16   7.6   01:27   6.4   0.0   0.0   3.7  23.0   13:01   ENE
06  12.7  19.6   14:00   5.1   03:19   5.6   0.1   0.0   1.4  13.0   10:06   NNE
07  11.8  20.7   18:00   5.3   03:44   6.7   0.3   0.0   1.1  13.0   15:43     N
08   9.4  16.1   14:38   0.7   05:50   8.9   0.0   0.0   1.5  13.0   13:10   NNE
09   8.8  16.4   17:25  -0.4   05:32   9.5   0.0   0.0   1.0  11.0   14:53    NE
10  11.0  18.4   16:45   2.9   04:46   7.4   0.0   0.0   1.3  12.0   12:42    SE
11  15.6  21.4   17:09  11.7   05:49   3.1   0.5   5.0   2.0  15.0   12:31    SE
12  13.3  16.9   15:42  11.5   22:18   5.0   0.0   0.4   2.6  18.0   14:44     S
13  14.2  17.2   14:23  11.1   06:58   4.1   0.0   3.2   3.5  22.0   00:49     S
14  13.4  18.1   16:28   8.3   01:06   4.9   0.0   3.6   2.3  18.0   14:58   SSW
15  15.0  17.4   09:42  13.7   05:41   3.3   0.0   0.8   2.8  19.0   15:58     S
16  15.8  19.3   14:01  14.2   04:19   2.5   0.0   8.6   1.4  17.0   12:56     S
17  12.8  16.1   11:11   8.4   05:52   5.5   0.0  11.4   0.4  10.0   20:02   WNW
18  11.6  16.7   13:41   6.2   05:33   6.6   0.0   1.6   0.7  10.0   08:33     W
19  10.7  17.6   15:43   3.3   05:41   7.6   0.0   0.6   1.2  15.0   16:37    SW
20  10.8  15.6   17:16   4.3   05:17   7.5   0.0   0.8   1.8  16.0   10:54     S
21  14.7  19.3   09:57   9.9   05:47   3.6   0.0   0.0   1.8  13.0   13:04    SE
22  16.6  23.6   15:42   9.4   04:53   3.1   1.3   0.0   1.7  15.0   13:05     S
23  15.4  20.2   17:35   8.6   05:12   3.2   0.3   0.0   0.9  10.0   13:42   WSW
24  17.3  24.9   14:43   8.8   05:39   3.0   2.1   0.0   0.7   9.0   15:17     S
----------------------------------------------------------------------------------
    12.9  24.9    24    -0.4     9   134.9   4.6  38.0   1.7  23.0     5      SE

Max >=  27.0  0
Max <=   0.0  0
Min <=   0.0  1
Min <= -18.0  0
Max Rain: 11.4 on day 17
Days of Rain: 12 (>= 0.2 mm)  5 (>= 2.0 mm)  0 (>= 20.0 mm)
Heat Base: 18.3  Cool Base: 18.3  Method: Integration
:now::gauges::today::yesterday::this month::this year::records::monthly records::trends:climate reports


UK - WEATHER STATION TOPSITES - UK