NOAA Style Reports for Ashurst Bridge

Select a Year or Month report

Report for 2017 Jun
                   Monthly Climatological Summary for Jun 2017

Name: Ashurst Bridge   City: Totton   State: Hampshire
Elevation: 9 m  Lat: N 50 54 29   Lon: W 001 30 29

                  Temperature (°C), Rain (mm), Wind Speed (mph)

                                      Heat  Cool        Avg
    Mean                              Deg   Deg         Wind                 Dom
Day Temp  High   Time   Low    Time   Days  Days  Rain  Speed High   Time    Dir
----------------------------------------------------------------------------------
01  17.5  24.2   15:37  10.2   05:08   2.7   1.9   0.0   1.3  14.0   13:38   SSE
02  17.8  23.8   13:33  11.4   05:32   2.2   1.7   0.0   1.6  16.0   09:56     W
03  13.8  20.7   14:52   6.2   04:46   4.7   0.2   0.4   1.7  15.0   11:00     W
04  13.9  18.0   13:10   8.1   03:58   4.4   0.0   0.0   2.8  20.0   16:21     S
05  12.9  15.3   14:13  10.4   06:11   5.4   0.0  20.4   6.9  30.0   21:16     S
06  13.6  17.2   14:33  10.6   05:20   4.7   0.0   0.2   5.6  30.0   11:35     W
07  14.9  18.6   12:57  12.9   20:22   3.3   0.0   0.8   3.7  20.0   09:07   SSW
08  14.1  17.3   09:59  10.3   04:39   4.2   0.0   3.2   2.2  20.0   13:08     S
09  16.2  19.8   15:40  13.1   01:05   2.2   0.2   0.0   2.5  16.0   08:27   SSW
10  17.4  20.1   18:13  15.3   05:12   1.2   0.3   0.2   2.8  23.0   13:50     S
11  15.3  20.7   12:32   9.7   05:07   3.3   0.3   0.0   2.2  18.0   14:20    SW
12  13.8  20.2   15:12   6.1   05:14   4.7   0.2   0.0   1.7  14.0   10:11     W
13  16.2  23.6   16:27   7.3   05:20   3.6   1.5   0.0   0.8   9.0   17:39     S
14  17.8  24.4   14:46   8.7   05:44   2.8   2.3   0.0   1.7  16.0   09:58    SE
15  16.4  22.7   15:09   9.2   03:58   3.0   1.1   0.0   2.5  19.0   16:31     W
16  17.6  23.8   16:21  10.7   05:38   2.3   1.6   0.0   2.0  16.0   12:47     W
17  20.0  28.2   13:59  11.8   04:59   1.8   3.5   0.0   1.0  12.0   15:06     S
18  22.1  29.8   17:05  12.4   05:19   1.3   5.1   0.0   0.9  10.0   15:05    SE
19  22.9  30.4   14:46  13.8   05:12   0.9   5.5   0.0   0.9  11.0   13:34    SE
20  23.2  31.2   15:00  15.2   03:08   0.7   5.6   0.0   1.3  13.0   16:36    SE
21  22.2  30.4   17:01  15.9   01:10   0.6   4.5   0.0   1.8  14.0   09:12     S
22  17.5  23.2   13:30  11.5   05:58   2.1   1.3   0.0   2.5  16.0   13:45     W
23  18.2  21.5   13:43  15.9   05:22   0.9   0.8   0.2   2.2  17.0   10:48    SW
24  17.6  21.7   15:05  12.6   05:21   1.3   0.6   0.0   1.8  14.0   06:51    SW
25  16.4  22.6   14:05   9.9   05:23   2.8   0.9   0.0   1.5  15.0   13:12   WSW
26  18.0  23.7   16:56  11.7   02:06   1.9   1.5   0.0   0.8  10.0   13:52    SE
27  17.8  22.3   12:39  15.8   03:34   1.3   0.7   8.2   0.4   9.0   10:09   SSE
28  14.4  17.8   14:55  11.8   05:15   3.9   0.0   3.0   0.2   7.0   17:56     N
29  14.9  17.2   09:58  13.3   05:18   3.4   0.0   0.0   0.4   7.0   07:40    SW
30  17.8  22.9   16:23  14.8   07:09   1.3   0.8   0.0   2.4  13.0   14:20   WNW
----------------------------------------------------------------------------------
    17.1  31.2    20     6.1    12    78.9  42.1  36.6   2.0  30.0     5      SW

Max >=  27.0  5
Max <=   0.0  0
Min <=   0.0  0
Min <= -18.0  0
Max Rain: 20.4 on day 5
Days of Rain: 9 (>= 0.2 mm)  4 (>= 2.0 mm)  1 (>= 20.0 mm)
Heat Base: 18.3  Cool Base: 18.3  Method: Integration
:now::gauges::today::yesterday::this month::this year::records::monthly records::trends:climate reports


UK - WEATHER STATION TOPSITES - UK