NOAA Style Reports for Ashurst Bridge

Select a Year or Month report

Report for 2017 Jul
                   Monthly Climatological Summary for Jul 2017

Name: Ashurst Bridge   City: Totton   State: Hampshire
Elevation: 9 m  Lat: N 50 54 29   Lon: W 001 30 29

                  Temperature (°C), Rain (mm), Wind Speed (mph)

                                      Heat  Cool        Avg
    Mean                              Deg   Deg         Wind                 Dom
Day Temp  High   Time   Low    Time   Days  Days  Rain  Speed High   Time    Dir
----------------------------------------------------------------------------------
01  18.6  23.2   17:40  16.1   02:57   0.8   1.2   0.0   2.2  13.0   16:44   WNW
02  18.2  24.8   17:41  13.2   01:30   2.0   1.9   0.0   1.4  11.0   13:58     W
03  17.1  23.9   17:17   9.8   05:16   2.4   1.2   0.4   1.1  12.0   18:23   WSW
04  17.1  23.0   09:59  10.1   05:28   2.5   1.3   0.0   1.1  11.0   14:23     S
05  20.9  28.1   16:13  13.1   05:35   1.5   4.0   0.0   1.1   9.0   13:37    SE
06  21.1  30.3   15:41  10.7   05:40   1.9   4.6   0.0   1.4  13.0   19:43   SSW
07  20.5  26.7   13:28  14.2   04:15   0.8   3.0   0.0   2.0  15.0   18:09     W
08  20.0  27.8   15:43  12.7   05:51   1.4   3.1   0.0   1.0  10.0   16:56   SSW
09  19.5  26.5   14:55  12.1   03:32   1.7   2.9   0.0   1.6  12.0   13:19     S
10  17.7  24.2   16:40  11.6   00:48   2.3   1.7   0.6   2.1  18.0   18:02     W
11  15.9  18.4   12:34  14.4   07:25   2.4   0.0  17.2   1.7  15.0   12:35     S
12  17.4  22.2   15:54  13.8   06:11   1.6   0.8   0.0   0.8  13.0   12:05    NE
13  16.9  22.8   16:15  10.7   05:54   2.3   1.0   0.0   1.3  14.0   08:32     S
14  17.0  23.1   15:35  12.6   02:47   2.2   1.0   1.0   1.6  14.0   10:39   WNW
15  19.1  21.4   13:30  16.7   10:14   0.3   1.1   0.0   0.9  11.0   13:45    SW
16  20.1  24.9   15:12  15.5   07:08   0.5   2.3   0.0   1.1  10.0   15:39   WNW
17  21.2  28.5   16:48  15.4   01:48   0.6   3.5   0.0   0.8   9.0   12:29    NE
18  21.6  29.6   15:22  16.1   05:54   0.3   3.6  33.6   1.6  13.0   14:53     E
19  17.8  19.9   17:47  15.3   08:27   0.8   0.3   0.4   2.5  20.0   13:24   SSW
20  16.7  20.4   15:39  13.2   00:37   1.8   0.2   0.0   4.0  19.0   10:58   SSW
21  15.0  19.4   12:57   9.5   04:01   3.4   0.1  18.0   3.3  24.0   12:01   SSE
22  12.9  18.2   09:57   7.3   05:53   5.4   0.0   3.0   1.4  14.0   11:22     S
23  15.1  18.4   10:21  11.6   23:19   3.2   0.0  10.2   1.3  12.0   05:31     W
24  17.0  24.1   18:24   9.6   05:48   2.8   1.5   0.0   1.1  17.0   14:58    NW
25  18.0  23.2   12:41  11.7   04:03   1.8   1.5   4.0   1.6  13.0   13:52     S
26  16.4  19.6   12:30  13.3   05:53   2.0   0.1   0.6   1.3  17.0   16:34   SSW
27  17.2  21.2   14:39  14.2   04:09   1.6   0.5   0.0   2.1  18.0   17:08   SSW
28  16.7  19.1   11:00  13.6   06:15   1.7   0.0   3.0   2.7  20.0   20:27   SSW
29  15.8  18.3   10:45  13.4   06:30   2.4   0.0  18.6   0.7  11.0   09:39    SW
30  15.4  19.9   12:13   9.6   05:28   3.1   0.1   0.8   1.7  18.0   13:54   SSW
31  16.0  21.0   16:55   9.9   05:52   2.9   0.6   0.0   1.8  17.0   12:06     S
----------------------------------------------------------------------------------
    17.7  30.3     6     7.3    22    60.4  43.1 111.4   1.6  24.0    21     SSW

Max >=  27.0  5
Max <=   0.0  0
Min <=   0.0  0
Min <= -18.0  0
Max Rain: 33.6 on day 18
Days of Rain: 14 (>= 0.2 mm)  8 (>= 2.0 mm)  1 (>= 20.0 mm)
Heat Base: 18.3  Cool Base: 18.3  Method: Integration
:now::gauges::today::yesterday::this month::this year::records::monthly records::trends:climate reports


UK - WEATHER STATION TOPSITES - UK