NOAA Style Reports for Ashurst Bridge

Select a Year or Month report

Report for 2017 Aug
                   Monthly Climatological Summary for Aug 2017

Name: Ashurst Bridge   City: Totton   State: Hampshire
Elevation: 9 m  Lat: N 50 54 29   Lon: W 001 30 29

                  Temperature (°C), Rain (mm), Wind Speed (mph)

                                      Heat  Cool        Avg
    Mean                              Deg   Deg         Wind                 Dom
Day Temp  High   Time   Low    Time   Days  Days  Rain  Speed High   Time    Dir
----------------------------------------------------------------------------------
01  17.3  21.7   13:15  13.3   00:42   1.7   0.7   0.8   2.9  18.0   13:43     S
02  16.7  18.2   19:46  14.8   02:45   1.5   0.0  21.0   4.6  26.0   14:50     S
03  17.2  20.9   13:54  13.6   05:49   1.5   0.4   0.0   2.4  19.0   11:17    SW
04  16.6  21.4   11:46  10.9   05:58   2.2   0.5   0.0   1.1  13.0   11:03    SW
05  14.4  21.5   17:25   7.1   05:52   4.5   0.6   1.0   1.5  18.0   15:01     W
06  15.7  20.3   15:36  11.1   01:09   2.8   0.3   0.0   1.1  14.0   15:56   SSW
07  16.3  20.3   17:33  13.2   07:24   2.2   0.2   7.2   1.5  14.0   14:05   SSW
08  13.8  16.0   18:47  12.0   02:16   4.5   0.0   4.0   0.7  10.0   13:29   WNW
09  13.1  16.8   09:59   9.4   05:41   5.2   0.0   6.2   0.9  13.0   09:37   NNW
10  14.7  23.2   16:49   6.6   06:19   4.5   0.9   0.0   1.0  16.0   12:43   NNW
11  17.5  21.0   13:45  16.3   06:12   1.0   0.3   0.6   1.5  14.0   19:11   WSW
12  16.1  21.3   17:36  11.3   01:10   2.8   0.6   0.0   1.9  18.0   12:08     W
13  14.3  21.8   12:53   6.8   05:30   4.8   0.8   0.0   0.8   9.0   16:09     S
14  17.3  22.1   14:16  13.5   06:21   1.9   0.9   0.6   1.1  12.0   14:22     S
15  16.0  23.7   15:10   8.7   05:35   3.7   1.4   0.0   1.1  12.0   16:41     W
16  17.9  21.1   14:55  15.4   10:00   0.9   0.5   7.6   2.6  15.0   14:35     S
17  18.0  23.1   15:11  14.4   05:10   1.3   1.0   1.2   1.8  16.0   14:12   SSW
18  15.6  19.9   11:34  12.6   14:51   2.8   0.1   2.4   2.5  30.0   14:27   WSW
19  14.1  20.6   15:32   7.9   06:23   4.5   0.2   0.2   2.0  18.0   10:42     W
20  16.7  19.8   14:08  14.5   20:16   1.8   0.2   8.8   1.1  15.0   12:04     S
21  19.0  24.5   15:48  16.3   04:47   0.7   1.4   0.0   0.6   9.0   09:44   SSE
22  19.1  23.0   14:54  17.0   05:03   0.3   1.1   0.0   1.4  13.0   17:50    SE
23  16.5  21.9   14:04  10.9   03:02   2.5   0.7   0.0   1.2  14.0   11:45     W
24  14.9  21.1   13:14   7.9   06:16   4.0   0.6   0.0   0.7  10.0   12:31    SW
25  16.1  24.0   17:14   9.1   06:16   3.6   1.5   0.0   0.4   8.0   14:10   SSE
26  18.1  25.5   15:45  11.3   04:27   2.5   2.2   0.0   0.5   7.0   11:33     W
27  18.8  27.8   16:41  10.8   06:15   2.6   3.0   0.0   0.5   9.0   14:31   WSW
28  19.3  28.3   16:23  13.6   01:44   1.8   2.9   0.0   0.3   8.0   17:32   SSE
29  18.4  26.3   15:53  12.7   06:19   1.9   2.0   0.0   1.3  13.0   17:22    NW
30  11.4  15.8   17:28   6.1   07:00   6.9   0.0   0.2   0.4  12.0   11:19    NW
31  13.4  20.3   13:53   6.6   06:16   5.1   0.2   0.0   0.8  15.0   15:10   WSW
----------------------------------------------------------------------------------
    16.3  28.3    28     6.1    30    88.0  25.2  61.8   1.4  30.0    18      SW

Max >=  27.0  2
Max <=   0.0  0
Min <=   0.0  0
Min <= -18.0  0
Max Rain: 21.0 on day 2
Days of Rain: 14 (>= 0.2 mm)  7 (>= 2.0 mm)  1 (>= 20.0 mm)
Heat Base: 18.3  Cool Base: 18.3  Method: Integration
:now::gauges::today::yesterday::this month::this year::records::monthly records::trends:climate reports


UK - WEATHER STATION TOPSITES - UK