NOAA Style Reports for Ashurst Bridge

Select a Year or Month report

Report for 2017 Sep
                   Monthly Climatological Summary for Sep 2017

Name: Ashurst Bridge   City: Totton   State: Hampshire
Elevation: 9 m  Lat: N 50 54 29   Lon: W 001 30 29

                  Temperature (°C), Rain (mm), Wind Speed (mph)

                                      Heat  Cool        Avg
    Mean                              Deg   Deg         Wind                 Dom
Day Temp  High   Time   Low    Time   Days  Days  Rain  Speed High   Time    Dir
----------------------------------------------------------------------------------
01  14.3  22.0   15:40   6.4   06:35   4.9   0.9   0.0   0.6  11.0   15:49   NNW
02  13.8  21.3   14:19   7.7   02:56   5.0   0.5   0.4   0.6  10.0   16:24    SW
03  15.5  18.7   09:57  13.7   12:04   2.8   0.0  10.8   1.9  17.0   16:15   SSE
04  17.7  20.8   15:18  15.2   01:02   1.1   0.5   0.2   1.5  12.0   12:57     S
05  15.3  18.6   14:11  11.2   03:31   3.1   0.0   1.0   1.8  17.0   19:59    SW
06  14.4  19.5   16:31   9.8   00:34   4.0   0.1   0.6   1.6  18.0   15:16     W
07  16.7  20.0   14:02  15.0   06:05   1.7   0.1   0.0   1.8  13.0   11:55    SW
08  13.4  18.6   16:08   8.6   03:16   4.9   0.0  11.6   0.9  13.0   09:33    SW
09  11.4  17.6   14:07   5.4   06:55   6.9   0.0   2.8   1.1  16.0   12:01   WSW
10  13.7  17.3   12:30  11.2   00:46   4.6   0.0   3.4   2.6  18.0   12:46   SSW
11  13.2  18.3   12:49   9.2   01:45   5.1   0.0   3.2   2.5  22.0   12:16   WSW
12  14.9  18.2   12:34  11.9   07:14   3.4   0.0   6.0   4.0  29.0   21:58    SW
13  12.2  18.4   13:38   7.7   02:56   6.1   0.0   0.2   2.6  21.0   14:02   WSW
14  10.6  18.4   16:12   5.4   06:40   7.7   0.0   1.2   1.6  17.0   11:37     W
15  11.3  17.1   15:46   6.2   02:33   7.0   0.0   7.2   0.6  13.0   14:35    NW
16  11.2  17.1   14:31   6.2   02:02   7.1   0.0   2.8   0.3   8.0   11:59     N
17  11.2  17.1   16:30   6.1   05:19   7.1   0.0   0.0   0.5   9.0   12:13    NW
18  12.2  17.7   15:02   5.7   07:06   6.1   0.0   4.8   0.6  15.0   19:04   WNW
19  12.5  17.3   13:44   7.4   04:23   5.8   0.0   0.2   0.4   9.0   14:54   SSW
20  15.9  18.1   13:57  14.1   07:20   2.4   0.0   0.0   2.6  15.0   15:52     S
21   9.9  17.3   17:11   2.0   07:07   8.4   0.0   1.8   1.3  17.0   12:01   SSW
22  14.7  18.1   14:14  12.3   10:00   3.6   0.0   0.8   1.4  14.0   13:27     S
23  14.3  19.7   15:05   7.6   06:58   4.2   0.2   0.0   1.5  17.0   12:48   SSE
24  16.6  20.1   13:57  14.7   02:15   2.0   0.2   4.8   0.9  11.0   12:28   ESE
25  14.3  17.2   16:50   9.9   07:11   4.0   0.0   0.6   0.0   3.0   11:33     N
26  16.1  20.2   13:23  13.2   22:49   2.5   0.3   0.0   0.5   9.0   07:57    SE
27  16.2  18.8   12:45  13.3   07:08   2.2   0.0   8.8   2.0  14.0   00:12   SSE
28  16.4  19.4   13:52  13.0   20:12   2.0   0.1   3.6   1.9  16.0   01:32     S
29  12.9  17.2   14:30   9.2   00:57   5.4   0.0   0.8   0.6  11.0   11:04    SW
----------------------------------------------------------------------------------
    13.9  22.0     1     2.0    21   131.1   2.9  77.6   1.4  29.0    12     SSW

Max >=  27.0  0
Max <=   0.0  0
Min <=   0.0  0
Min <= -18.0  0
Max Rain: 11.6 on day 8
Days of Rain: 23 (>= 0.2 mm)  12 (>= 2.0 mm)  0 (>= 20.0 mm)
Heat Base: 18.3  Cool Base: 18.3  Method: Integration
:now::gauges::today::yesterday::this month::this year::records::monthly records::trends:climate reports


UK - WEATHER STATION TOPSITES - UK