NOAA Style Reports for Ashurst Bridge

Select a Year or Month report

Report for 2017 Nov
                   MONTHLY CLIMATOLOGICAL SUMMARY for NOV. 2017

NAME: Ashurst Bridge   CITY:  Totton   STATE: Hampshire 
ELEV:     9 m  LAT:  50 54' 30" N  LONG:   1 30' 58" W

                   TEMPERATURE (C), RAIN  (mm), WIND SPEED (mph)

                                      HEAT  COOL        AVG
    MEAN                              DEG   DEG         WIND                 DOM
DAY TEMP  HIGH   TIME   LOW    TIME   DAYS  DAYS  RAIN  SPEED HIGH   TIME    DIR
------------------------------------------------------------------------------------
 1   9.3  16.7   13:45   2.0   00:00   5.7   0.0   0.0   0.5  10.0   14:15   SSE
 2   7.7  14.2   14:15   1.3    2:45   7.3   0.0   0.0   0.0   4.0    8:30    NW
 3   8.9  14.6   14:00   3.2    1:00   6.1   0.0   0.4   0.0   3.0   14:30    NW
 4   9.1  13.3   12:45   4.8   23:30   5.9   0.0   7.4   1.4  16.0   13:00     W
 5   5.7  11.8   13:15  -0.3   00:00   9.3   0.0   0.0   1.6  18.0   12:00     W
 6   5.2  12.7   13:00  -2.3    6:45   9.8   0.0   0.0   0.4   9.0   14:45     S
 7   9.2  12.6   11:30   5.8   00:00   5.8   0.0  10.0   3.2  16.0   11:45     S
 8   4.8  11.1   13:15  -1.4   23:45  10.2   0.0   0.2   0.9  13.0   13:45   WNW
 9   6.2  14.2   13:15  -1.7    1:00   8.8   0.0   0.0   0.7   9.0   13:00   WNW
10   9.4  13.6   12:00   5.3    0:30   5.6   0.0   0.4   2.4  25.0   10:00     W
11  11.3  14.6   12:15   8.0   23:45   3.7   0.0   4.4   1.6  13.0    5:00    SW
12   6.4   9.0   14:00   3.9   23:45   8.6   0.0   2.4   2.4  22.0   11:45   WNW
13   2.6   6.8   13:45  -1.7    7:00  12.4   0.0   0.0   0.6  10.0   10:30   WNW
14   8.6  12.3   14:00   4.8    0:30   6.4   0.0   0.0   0.6  11.0   14:45    SW
15  11.4  13.8   14:30   9.1   23:45   3.6   0.0   0.0   0.0   3.0    1:30     S
16  10.0  14.8   13:45   5.2   00:00   5.0   0.0   0.2   0.3   8.0   12:30    NW
17   4.3  10.0   14:15  -1.4   23:15  10.7   0.0   0.0   0.1   6.0   14:00    NW
18   5.3  11.3   19:15  -0.8    0:15   9.8   0.0   1.6   1.3  13.0   13:45    SW
19   4.8   9.4   14:30   0.2    7:15  10.2   0.0   0.2   0.1   6.0   13:00     N
20   8.9  13.5   12:30   4.2    0:15   6.1   0.0   0.0   2.7  15.0   17:15    SW
21  11.8  14.1   23:15   9.5    8:00   3.2   0.0   0.0   3.0  18.0   23:15    SW
22  14.3  15.3   19:15  13.3    6:00   0.7   0.0   0.2   8.2  30.0   17:45     S
23  10.7  15.0    1:00   6.4   00:00   4.3   0.0   8.6   4.0  38.0    0:15    SW
24   3.1   8.7   14:45  -2.4   00:00  11.9   0.0   0.0   0.0   4.0   15:15    SW
25   2.6   8.3   14:15  -3.0    2:30  12.4   0.0   0.0   1.4  19.0   11:45     W
26   3.6   8.1   12:15  -0.9    5:30  11.4   0.0   0.0   2.0  15.0   10:45   WSW
27   7.7  11.4    8:00   4.0   00:00   7.3   0.0   1.2   3.9  24.0    7:45    SW
28   4.3   8.2   13:00   0.3    4:30  10.7   0.0   0.2   1.1  14.0   10:30   WNW
29   3.6   6.4   12:45   0.9    0:15  11.4   0.0   0.0   1.8  16.0   12:15    NW
30   1.7   5.1   12:30  -1.7    6:00  13.3   0.0   0.0   2.4  19.0   13:45   WNW
-------------------------------------------------------------------------------------
     7.1  16.7     1    -3.0    25   237.3   0.0  37.4   1.6  38.0    23      SW

Max >=  32.0:  0
Max <=   0.0:  0
Min <=   0.0: 11
Min <= -18.0:  0
Max Rain: 10.01 ON 07/11/17
Days of Rain: 14 (> .2 mm) 5 (> 2 mm) 0 (> 20 mm)
Heat Base:  15.0  Cool Base:  18.3  Method: (High + Low) / 2
:now::gauges::today::yesterday::this month::this year::records::monthly records::trends:climate reports


UK - WEATHER STATION TOPSITES - UK Follow @newforestwx