NOAA Style Reports for Ashurst Bridge

Select a Year or Month report

Report for 2017 Dec
                   Monthly Climatological Summary for Dec 2017

Name: Ashurst Bridge   City: Totton   State: Hampshire
Elevation: 9 m  Lat: N 50 54 29   Lon: W 001 30 29

                  Temperature (°C), Rain (mm), Wind Speed (mph)

                                      Heat  Cool        Avg
    Mean                              Deg   Deg         Wind                 Dom
Day Temp  High   Time   Low    Time   Days  Days  Rain  Speed High   Time    Dir
----------------------------------------------------------------------------------
01   3.0   6.7   13:50   0.6   09:00  30.6   0.0   0.0   1.4  20.0   04:16   NNW
02   5.1   7.9   08:52   2.4   09:00  13.2   0.0   0.0   0.1   8.0   07:11   WNW
03   6.2  11.6   13:11   0.4   06:11  12.1   0.0   0.0   0.5  12.0   13:12    NW
04   7.7  10.6   14:11   4.1   09:00  10.6   0.0   0.0   0.3  11.0   12:54   WNW
05   7.9   9.4   08:58   6.3   09:00  10.4   0.0   0.0   0.6   8.0   14:33    SW
06  10.6  12.6   08:30   9.4   09:00   7.7   0.0   6.8   5.9  25.0   03:52   SSW
07   6.3  13.4   11:55   2.0   06:26  12.0   0.0   2.6   3.6  22.0   13:17   WSW
08   1.1   5.4   12:07  -4.6   08:12  17.2   0.0   0.0   2.5  23.0   09:37   WNW
09   3.1   7.7   08:59  -3.6   09:00  15.1   0.0  11.4   1.5  18.0   06:26   SSE
10   2.8   7.8   09:16   1.3   20:05  15.5   0.0   7.2   2.6  28.0   10:21   WNW
11  -0.8   2.9   13:19  -6.1   07:49  19.1   0.0   1.4   1.7  21.0   12:06   NNW
12   4.5   9.8   01:55  -5.3   09:00  13.8   0.0   4.4   1.5  16.0   00:14    SW
13   5.8  10.3   14:09   2.8   04:25  12.5   0.0   6.2   4.7  29.0   03:27   WSW
14   3.7   6.5   12:50   0.7   17:45  14.7   0.0   0.8   2.4  18.0   09:19   WSW
15   3.5   6.8   13:39  -0.7   08:10  14.7   0.0   0.2   2.4  19.0   13:33    NW
16   1.7   7.7   13:58  -3.4   06:00  16.6   0.0   0.0   1.1  14.0   13:41     W
17   5.9  10.5   23:36  -1.7   09:00  12.4   0.0   1.4   1.3  12.0   16:46    SW
18   0.3   8.4   14:03  -3.6   07:20  18.0   0.0   0.0   0.1   6.0   11:37    NW
19   3.5   7.9   14:51  -3.3   09:00  14.8   0.0   0.0   0.0   2.0   12:10     S
20  10.1  11.2   15:45   6.0   09:00   8.2   0.0   0.0   0.3   9.0   11:49   WSW
21  10.0  11.9   12:39   7.9   22:50   8.3   0.0   0.6   1.0  14.0   13:06   WSW
22  10.0  12.1   14:25   8.9   03:04   8.3   0.0   0.0   0.1   6.0   06:55   WSW
23   8.8   9.8   10:02   8.2   18:58   9.5   0.0   0.0   2.0  12.0   10:25   WSW
24  10.0  10.7   13:33   9.2   09:00   8.3   0.0   0.8   4.2  20.0   06:23   SSW
25   7.3  10.8   12:19   3.1   03:52  11.0   0.0   6.0   6.1  31.0   20:52   SSW
26   5.7   8.7   12:36   1.4   07:15  12.6   0.0  19.0   4.0  29.0   07:27    SW
27   1.6   4.8   15:23  -3.7   07:54  16.7   0.0   0.0   3.0  27.0   09:47   WNW
28   1.9   7.6   08:48  -3.4   23:13  16.4   0.0  10.2   1.2  27.0   08:37    SW
29   8.5  13.4   05:23   4.4   20:38   9.8   0.0   3.6   5.2  27.0   13:23   WSW
30  12.1  14.3   12:13   8.8   21:47   6.2   0.0   7.4   5.7  23.0   09:20    SW
31   7.7  11.7   12:15   5.1   08:48  10.6   0.0   5.0   4.9  26.0   23:08    SW
----------------------------------------------------------------------------------
     5.7  14.3    30    -6.1    11   406.9   0.0  95.0   2.3  31.0    25      SW

Max >=  27.0  0
Max <=   0.0  0
Min <=   0.0 11
Min <= -18.0  0
Max Rain: 19.0 on day 26
Days of Rain: 18 (>= 0.2 mm)  12 (>= 2.0 mm)  0 (>= 20.0 mm)
Heat Base: 18.3  Cool Base: 18.3  Method: Integration
:now::gauges::today::yesterday::this month::this year::records::monthly records::trends:climate reports


UK - WEATHER STATION TOPSITES - UK Follow @newforestwx