NOAA Style Reports for Ashurst Bridge

Select a Year or Month report
V/Λ2018 > Jan Feb Mar Apr May Jun Jul Aug Sep Oct Nov Dec
V/Λ2017 > Jan Feb Mar Apr May Jun Jul Aug Sep Oct Nov Dec
V/Λ2016 > Jan Feb Mar Apr May Jun Jul Aug Sep Oct Nov Dec
V/Λ2015 > Jan Feb Mar Apr May Jun Jul Aug Sep Oct Nov Dec
V/Λ2014 > Jan Feb Mar Apr May Jun Jul Aug Sep Oct Nov Dec
V/Λ2013 > Jan Feb Mar Apr May Jun Jul Aug Sep Oct Nov Dec
V/Λ2012 > Jan Feb Mar Apr May Jun Jul Aug Sep Oct Nov Dec

Report for 2018 Jan
                   Monthly Climatological Summary for Jan 2018

Name: Ashurst Bridge   City: Totton   State: Hampshire
Elevation: 9 m  Lat: N 50 54 29   Lon: W 001 30 29

                  Temperature (°C), Rain (mm), Wind Speed (mph)

                                      Heat  Cool        Avg
    Mean                              Deg   Deg         Wind                 Dom
Day Temp  High   Time   Low    Time   Days  Days  Rain  Speed High   Time    Dir
----------------------------------------------------------------------------------
01   6.3   8.6   18:26   2.0   06:15  12.0   0.0   0.8   3.3  27.0   17:30     W
02  10.0  13.2   22:51   4.9   09:00   8.3   0.0   6.4   6.8  33.0   02:14    SW
03   8.8  12.4   08:22   6.6   00:59   9.5   0.0   4.8   4.1  28.0   11:39   WSW
04   8.3  12.8   12:19   4.6   04:11  10.0   0.0   5.4   4.2  33.0   12:46    SW
05   5.3   9.6   14:20   2.3   08:56  13.0   0.0   2.0   1.5  22.0   11:03   WSW
06   3.7   5.8   18:42   2.1   04:38  14.6   0.0   0.0   2.3  15.0   08:05   NNE
07   3.8   6.2   13:53   1.7   21:58  14.5   0.0   0.0   3.4  24.0   12:54    NE
08   4.3   4.9   08:32   3.9   22:00  14.0   0.0   0.0   2.0  13.0   12:28   ENE
09   6.6   9.2   22:41   0.8   08:59  11.7   0.0   0.2   1.5  13.0   01:40   SSE
10   2.5  10.6   13:19  -1.8   22:08  15.8   0.0   0.0   0.2   6.0   11:39    SW
11   4.7   7.7   15:00   0.8   01:17  13.6   0.0   0.0   0.2   7.0   12:10    NW
12   6.4   8.3   13:08   3.8   09:00  11.9   0.0   0.0   2.3  13.0   22:11    SE
13   6.2   8.3   12:01   4.4   08:00  12.1   0.0   0.2   2.7  15.0   13:55     E
14   6.1  10.1   08:56   1.6   17:47  12.2   0.0   8.4   2.7  23.0   05:13   SSW
15   7.7  12.2   13:09   3.8   08:31  10.6   0.0   8.8   4.9  27.0   03:13   WSW
16   4.1   7.2   13:18   1.7   01:20  14.2   0.0   5.2   5.5  25.0   06:53   WSW
17   7.9  12.0   03:36   4.6   18:19  10.4   0.0   5.8   7.1  37.0   04:28   WSW
18   3.7   9.8   12:58  -1.7   08:12  14.6   0.0   1.2   2.6  19.0   13:42   WSW
19   4.4   8.1   14:05   1.1   22:26  13.9   0.0   0.6   2.2  18.0   12:11    SW
20   5.1   8.7   15:05   2.6   03:44  13.2   0.0   4.4   0.5   9.0   18:44    NW
21   8.7  11.6   22:09   3.4   09:00   9.6   0.0   8.4   1.4  15.0   10:26   SSW
22   9.0  10.7   13:41   7.1   01:42   9.3   0.0   0.8   2.8  17.0   15:00    SW
23  11.6  12.2   15:46  10.5   22:02   6.7   0.0   2.6   6.1  28.0   05:02   SSW
24   7.5  12.2   09:07   4.3   08:59  10.8   0.0  13.6   3.8  28.0   09:04   SSW
25   4.0  10.4   13:14  -2.0   07:14  14.3   0.0   0.2   1.6  18.0   13:43   SSW
26   3.3   9.3   14:39  -1.4   05:57  15.0   0.0   0.0   0.5  10.0   11:33   NNW
27  10.0  11.1   21:59   5.8   09:00   8.3   0.0   2.8   2.9  21.0   13:43   SSW
28  11.0  13.3   11:58  10.0   02:58   7.3   0.0   0.0   3.5  15.0   00:56    SW
29   4.5  12.7   12:58  -3.4   07:49  13.8   0.0   0.2   1.8  16.0   11:36    SW
30   7.8  10.3   22:47  -1.9   09:00  10.5   0.0   2.2   3.1  25.0   23:46    SW
----------------------------------------------------------------------------------
     6.4  13.3    28    -3.4    29   355.7   0.0  85.0   2.9  37.0    17      SW

Max >=  27.0  0
Max <=   0.0  0
Min <=   0.0  6
Min <= -18.0  0
Max Rain: 13.6 on day 24
Days of Rain: 22 (>= 0.2 mm)  14 (>= 2.0 mm)  0 (>= 20.0 mm)
Heat Base: 18.3  Cool Base: 18.3  Method: Integration
:now::gauges::today::yesterday::this month::this year::records::monthly records::trends:climate reports


UK - WEATHER STATION TOPSITES - UK Follow @newforestwx