NOAA Style Reports for Ashurst Bridge

Select a Year or Month report

Report for 2018 Feb
                   Monthly Climatological Summary for Feb 2018

Name: Ashurst Bridge   City: Totton   State: Hampshire
Elevation: 9 m  Lat: N 50 54 29   Lon: W 001 30 29

                  Temperature (°C), Rain (mm), Wind Speed (mph)

                                      Heat  Cool        Avg
    Mean                              Deg   Deg         Wind                 Dom
Day Temp  High   Time   Low    Time   Days  Days  Rain  Speed High   Time    Dir
----------------------------------------------------------------------------------
01   4.7   9.4   10:20   0.9   04:15  27.3   0.0   0.6   2.8  25.0   10:43     W
02   4.2   8.7   14:45   1.4   02:30  14.1   0.0   0.0   1.1  19.0   12:15    NW
03   4.4   6.4   12:30   1.9   08:30  13.9   0.0   1.2   0.9  14.0   06:45   NNE
04   1.4   6.8   14:00  -3.2   05:30  16.9   0.0   0.0   1.2  17.0   11:15   NNE
05   0.2   5.0   13:45  -4.0   03:15  18.1   0.0   0.0   0.8  12.0   14:30   NNE
06   1.7   4.5   13:00  -0.7   07:30  16.6   0.0   0.0   1.6  13.0   11:45   NNW
07  -0.2   6.0   14:30  -5.1   06:50  18.4   0.0   0.0   0.8  12.0   11:30   NNW
08   6.3   8.2   12:11  -2.6   09:00  11.9   0.0   6.4   4.8  25.0   02:43   SSW
09   0.8   7.2   14:47  -4.3   06:04  17.5   0.0   0.2   2.1  25.0   11:02   WNW
10   7.4  10.4   23:38  -1.1   09:00  10.9   0.0   6.2   5.4  26.0   04:22    SW
11   2.7   7.3   14:33  -3.1   06:20  15.6   0.0   0.0   3.8  25.0   13:46     W
12   5.1   9.0   14:15  -0.3   09:00  13.2   0.0   7.0   5.1  26.0   07:20     S
13   1.8   6.6   13:55  -4.3   04:24  16.5   0.0   3.4   3.0  26.0   10:19    SW
14   7.3   9.8   00:27   4.2   11:15  11.0   0.0  14.2   4.4  23.0   10:43     S
15   3.1  10.9   14:07  -3.5   07:22  15.2   0.0   0.0   1.6  16.0   14:17     W
16   3.3  11.4   13:33  -2.7   06:55  15.0   0.0   0.0   0.6  11.0   15:31     S
17   3.5  10.3   13:09  -0.9   09:00  14.8   0.0   0.0   0.7  10.0   15:10     S
18   7.1   8.5   11:21   6.3   03:13  11.2   0.0   1.4   0.8  11.0   09:58    SE
19  10.2  12.6   14:54   7.4   09:00   8.1   0.0   0.4   1.6  20.0   06:57    NW
20   6.9  11.1   15:11  -0.1   07:46  11.4   0.0   0.0   2.5  24.0   15:13   NNW
21   2.9   9.0   13:19  -2.5   01:40  15.4   0.0   0.0   0.9  12.0   12:37    NE
22   0.8   7.2   13:54  -4.4   05:32  17.5   0.0   0.0   1.1  12.0   13:43    NE
23   1.0   6.9   14:52  -3.3   07:21  17.3   0.0   0.0   2.2  18.0   10:49   ENE
24   2.2   7.5   13:54  -1.9   05:57  16.1   0.0   0.0   2.5  18.0   08:32    NE
25   1.7   7.4   14:43  -2.0   01:46  16.6   0.0   0.0   3.0  15.0   09:35   ENE
26  -1.2   2.9   14:03  -6.2   07:16  19.5   0.0   0.0   2.3  19.0   10:31    NE
27  -3.3   2.8   14:19  -7.7   03:13  21.6   0.0   0.0   1.3  15.0   11:55    NE
28  -2.4   0.9   14:21  -4.1   06:16  20.7   0.0   0.0   5.6  22.0   13:04    NE
----------------------------------------------------------------------------------
     3.0  12.6    19    -7.7    27   442.3   0.0  41.0   2.3  26.0    10     WSW

Max >=  27.0  0
Max <=   0.0  0
Min <=   0.0 22
Min <= -18.0  0
Max Rain: 14.2 on day 14
Days of Rain: 10 (>= 0.2 mm)  5 (>= 2.0 mm)  0 (>= 20.0 mm)
Heat Base: 18.3  Cool Base: 18.3  Method: Integration
:now::gauges::today::yesterday::this month::this year::records::monthly records::trends:climate reports


UK - WEATHER STATION TOPSITES - UK Follow @newforestwx