NOAA Style Reports for Ashurst Bridge

Select a Year or Month report
V/Λ2018 > Jan Feb Mar Apr May Jun Jul Aug Sep Oct Nov Dec
V/Λ2017 > Jan Feb Mar Apr May Jun Jul Aug Sep Oct Nov Dec
V/Λ2016 > Jan Feb Mar Apr May Jun Jul Aug Sep Oct Nov Dec
V/Λ2015 > Jan Feb Mar Apr May Jun Jul Aug Sep Oct Nov Dec
V/Λ2014 > Jan Feb Mar Apr May Jun Jul Aug Sep Oct Nov Dec
V/Λ2013 > Jan Feb Mar Apr May Jun Jul Aug Sep Oct Nov Dec
V/Λ2012 > Jan Feb Mar Apr May Jun Jul Aug Sep Oct Nov Dec

Report for 2018 Mar
                   Monthly Climatological Summary for Mar 2018

Name: Ashurst Bridge   City: Totton   State: Hampshire
Elevation: 9 m  Lat: N 50 54 29   Lon: W 001 30 29

                  Temperature (°C), Rain (mm), Wind Speed (mph)

                                      Heat  Cool        Avg
    Mean                              Deg   Deg         Wind                 Dom
Day Temp  High   Time   Low    Time   Days  Days  Rain  Speed High   Time    Dir
----------------------------------------------------------------------------------
01  -1.7   0.1   04:37  -3.7   09:04  20.0   0.0   0.0   5.1  22.0   09:34    NE
02   0.5   3.8   08:59  -0.9   13:56  17.8   0.0   4.4   3.0  17.0   10:07   ENE
03   2.8   6.7   08:58  -0.6   06:52  15.5   0.0  11.8   1.3  16.0   13:44   ENE
04   5.7  10.9   13:22  -0.7   06:48  12.6   0.0   1.0   2.6  18.0   12:16     S
05   5.6   8.3   11:13   0.8   07:15  12.7   0.0   7.4   2.2  16.0   11:49   ESE
06   6.0  11.7   14:34   2.6   07:38  12.3   0.0   3.0   1.0  11.0   11:38     S
07   6.0  10.9   13:37   1.8   20:24  12.3   0.0   6.8   2.9  21.0   03:20    SW
08   5.6  11.7   15:27   0.8   02:27  12.7   0.0   0.0   2.6  22.0   10:01   WSW
09   9.2  10.9   01:11   5.8   09:00   9.1   0.0  11.6   3.0  16.0   20:47   SSE
10   7.9  13.7   12:37   3.2   00:02  10.4   0.0   1.0   1.7  18.0   13:27     S
11   9.3  12.7   14:16   7.7   03:11   9.0   0.0   5.6   2.1  16.0   09:54   ESE
12   8.1  12.6   15:10   2.7   06:42  10.2   0.0   0.6   2.7  16.0   14:55     W
13   6.2  12.9   14:54  -0.7   00:16  12.1   0.0   0.0   1.7  14.0   16:32     S
14   9.5  11.6   11:13   7.7   00:07   8.8   0.0  15.6   5.6  23.0   15:56   ESE
15   9.6  14.3   13:33   6.6   06:20   8.7   0.0   0.8   3.4  14.0   22:42   SSE
16   8.1  13.7   16:27   2.6   08:29  10.2   0.0   1.4   2.6  19.0   07:36   ESE
17  -0.1   2.6   09:00  -1.5   05:24  18.4   0.0   0.0   2.6  21.0   09:41    NE
18  -0.2   1.2   12:32  -1.6   22:16  18.5   0.0   3.4   2.9  21.0   15:04    NE
19   0.8   4.2   16:26  -3.5   03:23  17.5   0.0   5.0   2.5  18.0   13:47    NE
20   2.5   9.5   14:18  -4.4   06:04  15.8   0.0   0.6   1.1  15.0   11:46   NNE
21   5.7  11.0   14:28   1.3   01:08  12.6   0.0   0.0   2.3  18.0   17:14     W
22   7.9  11.5   13:19   6.3   02:28  10.4   0.0   1.4   4.6  26.0   01:47    SW
23   8.4  12.6   14:13   6.4   22:23   9.9   0.0   6.4   2.6  15.0   16:01     S
24   8.3  10.7   12:57   6.9   03:50  10.0   0.0   0.2   0.4   8.0   15:43    NE
25   5.9  13.0   16:21  -1.4   07:21  12.4   0.0   0.0   0.5   9.0   13:48     N
26   8.7  14.1   13:21   5.4   04:01   9.6   0.0   3.2   2.2  11.0   16:02     S
27   8.8  14.2   15:09   4.4   08:16   9.6   0.0   9.8   2.7  23.0   16:35     W
28   4.3   9.9   15:15  -0.9   05:02  14.0   0.0   7.8   1.8  21.0   16:11     W
29   5.9   9.0   16:33   3.5   02:35  12.4   0.0   6.6   2.7  21.0   17:00     S
30   4.5   7.7   12:27   2.8   08:53  13.8   0.0   9.6   1.1  10.0   13:15   SSW
31   6.0   8.2   13:52   2.9   07:14  12.3   0.0   0.2   2.1  14.0   13:45   WNW
----------------------------------------------------------------------------------
     5.7  14.3    15    -4.4    20   391.6   0.0 125.2   2.4  26.0    22     SSE

Max >=  27.0  0
Max <=   0.0  0
Min <=   0.0 11
Min <= -18.0  0
Max Rain: 15.6 on day 14
Days of Rain: 25 (>= 0.2 mm)  16 (>= 2.0 mm)  0 (>= 20.0 mm)
Heat Base: 18.3  Cool Base: 18.3  Method: Integration
:now::gauges::today::yesterday::this month::this year::records::monthly records::trends:climate reports


UK - WEATHER STATION TOPSITES - UK Follow @newforestwx