NOAA Style Reports for Ashurst Bridge

Select a Year or Month report

Report for 2018 Apr
                   Monthly Climatological Summary for Apr 2018

Name: Ashurst Bridge   City: Totton   State: Hampshire
Elevation: 9 m  Lat: N 50 54 29   Lon: W 001 30 29

                  Temperature (°C), Rain (mm), Wind Speed (mph)

                                      Heat  Cool        Avg
    Mean                              Deg   Deg         Wind                 Dom
Day Temp  High   Time   Low    Time   Days  Days  Rain  Speed High   Time    Dir
----------------------------------------------------------------------------------
01   7.0   9.1   15:02   4.4   20:53  11.3   0.0  11.6   2.0  15.0   00:17    SE
02  10.3  13.2   17:33   8.5   10:00   8.0   0.0   7.4   4.8  24.0   02:48     S
03  10.1  12.8   12:27   7.8   00:02   8.2   0.0   0.6   4.8  27.0   09:17     S
04   7.8  10.9   18:17   4.8   07:45  10.5   0.0   3.6   4.9  28.0   11:11    SW
05   8.1  12.3   14:07   5.6   22:08  10.2   0.0   0.0   3.4  21.0   09:28    SE
06   8.9  15.3   17:16   3.5   02:26   9.4   0.0   0.0   2.0  23.0   11:55   ESE
07  10.4  16.6   15:58   6.9   06:29   7.9   0.0   0.0   1.8  17.0   12:02     S
08  10.5  12.7   16:01   8.9   07:48   7.8   0.0   5.8   0.1   6.0   16:04   NNE
09   9.9  11.1   09:35   8.7   19:20   8.4   0.0   6.6   2.1  16.0   16:48   ESE
10  11.5  13.9   17:34   9.8   06:22   6.7   0.0   8.4   0.8  10.0   18:24    NE
11   9.2  14.2   15:01   3.4   05:01   9.1   0.0   0.0   1.1  10.0   14:38   NNE
12   8.8  11.1   17:05   7.2   02:40   9.5   0.0   0.0   0.8  10.0   11:09     N
13   9.2  12.5   12:00   6.5   00:13   9.1   0.0   0.0   1.0   9.0   12:47   SSW
14  11.7  16.7   16:38   8.3   10:00   6.6   0.0   0.0   2.2  12.0   16:39    SE
15  10.4  13.2   12:07   6.2   06:36   7.9   0.0   2.6   3.1  15.0   15:12     S
16  12.1  15.4   14:16  10.1   06:54   6.2   0.0   0.0   5.4  21.0   16:00     S
17  13.5  19.4   09:58   9.5   06:53   4.8   0.0   0.8   3.4  25.0   14:31     S
18  15.9  21.9   17:17   6.9   06:31   3.5   1.1   0.0   2.3  16.0   15:01   ESE
19  16.5  27.1   16:25   6.9   06:30   4.3   2.5   0.0   1.1   9.0   14:54   ESE
20  16.8  25.6   17:14   8.0   06:25   3.6   2.0   0.0   0.7  10.0   16:33   WNW
21  15.3  21.2   17:40   9.4   06:58   3.3   0.3  12.8   1.6  22.0   19:34    SE
22  13.5  21.3   12:23   7.6   06:27   5.2   0.4   0.2   2.2  14.0   14:15   SSW
23  12.6  15.9   17:43  10.7   23:04   5.7   0.0   0.0   2.6  14.0   14:36    SW
24  11.1  17.0   11:52   6.6   05:42   7.2   0.0   1.8   3.3  20.0   12:53   SSW
25   9.2  15.3   11:56   5.4   05:53   9.1   0.0   8.6   2.4  19.0   14:52   WSW
26   9.6  14.1   14:26   7.0   23:11   8.7   0.0   3.2   1.6  19.0   11:02    SW
27   9.8  12.6   16:21   8.0   06:32   8.5   0.0   8.0   1.3  16.0   10:34   ENE
28   8.2  10.0   15:43   6.8   07:06  10.1   0.0   0.0   0.8  10.0   08:19     N
29   7.3   9.6   12:46   5.7   07:34  11.0   0.0   0.0   3.5  20.0   09:19     N
30   6.3  12.4   09:58  -0.9   06:13  11.9   0.0   0.0   1.8  19.0   13:34    NW
----------------------------------------------------------------------------------
    10.7  27.1    19    -0.9    30   233.7   6.3  82.0   2.3  28.0     4       S

Max >=  27.0  1
Max <=   0.0  0
Min <=   0.0  1
Min <= -18.0  0
Max Rain: 12.8 on day 21
Days of Rain: 15 (>= 0.2 mm)  11 (>= 2.0 mm)  0 (>= 20.0 mm)
Heat Base: 18.3  Cool Base: 18.3  Method: Integration
:now::gauges::today::yesterday::this month::this year::records::monthly records::trends:climate reports


UK - WEATHER STATION TOPSITES - UK Follow @newforestwx