NOAA Style Reports for Ashurst Bridge

Select a Year or Month report

Report for 2018 May
                   Monthly Climatological Summary for May 2018

Name: Ashurst Bridge   City: Totton   State: Hampshire
Elevation: 9 m  Lat: N 50 54 29   Lon: W 001 30 29

                  Temperature (°C), Rain (mm), Wind Speed (mph)

                                      Heat  Cool        Avg
    Mean                              Deg   Deg         Wind                 Dom
Day Temp  High   Time   Low    Time   Days  Days  Rain  Speed High   Time    Dir
----------------------------------------------------------------------------------
01  10.3  14.2   14:47   8.6   05:19   8.0   0.0   8.6   5.4  22.0   03:24     S
02   8.8  15.5   16:35   1.4   05:53   9.5   0.0   3.2   2.6  21.0   14:18     W
03  12.2  16.6   16:04   7.9   03:31   6.1   0.0   0.0   1.1  14.0   15:15     S
04  12.1  19.2   17:21   4.3   05:34   6.3   0.0   0.0   0.4   9.0   10:39   SSE
05  14.7  24.8   17:27   4.2   05:58   5.3   1.7   0.0   0.7   9.0   17:46   ESE
06  17.1  26.7   16:42   7.3   05:16   3.8   2.6   0.0   0.7  11.0   14:40    SE
07  18.0  28.9   15:47   7.3   05:51   3.8   3.6   0.0   0.7  10.0   16:46    SE
08  13.8  24.6   13:59   4.4   05:41   5.8   1.4   0.0   1.8  16.0   15:06     W
09  12.7  19.1   12:41   7.3   06:17   5.6   0.0   2.0   2.0  17.0   14:31   WSW
10  11.0  17.0   14:50   2.7   05:01   7.3   0.0   0.0   2.2  24.0   09:53   WSW
11  12.7  17.4   12:40   8.2   06:34   5.6   0.0   0.2   2.4  22.0   10:54   SSE
12  10.1  14.4   14:34   4.1   06:06   8.2   0.0   0.0   0.3   8.0   17:39   SSW
13  12.2  19.3   14:43   4.9   05:31   6.1   0.0   0.0   1.0  11.0   15:52   WSW
14  15.7  22.1   16:31   9.7   23:13   3.4   0.9   0.0   1.6  17.0   12:37   NNW
15  18.1  24.9   17:03  12.1   05:53   2.1   1.9   0.0   1.8  14.0   13:03   NNW
16  12.0  19.1   11:57   5.3   05:09   6.3   0.0   0.0   1.9  16.0   10:51   NNE
17  11.7  19.6   16:11   3.8   02:58   6.7   0.1   0.0   1.0  12.0   14:27   NNE
18  12.0  19.5   15:08   5.4   02:35   6.3   0.0   0.0   0.9  11.0   15:56     S
19  13.0  20.9   14:04   4.0   05:45   5.9   0.5   0.0   0.8  12.0   16:17     S
20  13.6  21.5   17:13   4.6   05:39   5.3   0.7   0.0   0.9   9.0   11:41    SE
21  15.4  24.7   15:12   9.1   05:36   4.0   1.1  11.2   0.6  11.0   16:05   ENE
22  16.9  23.9   16:45   9.5   05:19   3.1   1.7   0.0   1.8  14.0   11:42     N
23  15.9  22.7   16:14  11.2   02:55   3.3   0.9   1.0   1.4  12.0   11:18   NNE
24  14.2  16.5   13:15  11.3   05:00   4.1   0.0   3.2   0.5   8.0   12:13     N
25  16.4  20.8   17:36  12.5   02:43   2.3   0.4   0.2   0.7   9.0   09:19     N
26  20.7  26.9   15:37  14.8   05:54   0.7   3.1   4.4   2.1  16.0   15:22   ENE
27  18.9  25.4   15:23  11.6   05:40   2.0   2.6   0.0   0.6  10.0   17:34     S
28  20.6  25.7   17:15  15.4   05:42   0.6   3.0   1.2   1.1  14.0   09:19     N
29  15.9  18.7   19:26  13.9   05:41   2.4   0.0  19.6   0.7  12.0   13:29     N
30  16.5  18.4   18:12  14.8   05:47   1.8   0.0   0.0   0.3   6.0   21:47   ESE
31  16.8  22.2   17:19  13.4   02:37   2.2   0.7   1.2   0.4   8.0   17:25   SSE
----------------------------------------------------------------------------------
    14.5  28.9     7     1.4     2   143.9  26.9  56.0   1.3  24.0    10      SW

Max >=  27.0  1
Max <=   0.0  0
Min <=   0.0  0
Min <= -18.0  0
Max Rain: 19.6 on day 29
Days of Rain: 12 (>= 0.2 mm)  7 (>= 2.0 mm)  0 (>= 20.0 mm)
Heat Base: 18.3  Cool Base: 18.3  Method: Integration
:now::gauges::today::yesterday::this month::this year::records::monthly records::trends:climate reports


UK - WEATHER STATION TOPSITES - UK Follow @newforestwx