NOAA Style Reports for Ashurst Bridge

Select a Year or Month report

Report for 2018 Jun
                   Monthly Climatological Summary for Jun 2018

Name: Ashurst Bridge   City: Totton   State: Hampshire
Elevation: 9 m  Lat: N 50 54 29   Lon: W 001 30 29

                  Temperature (°C), Rain (mm), Wind Speed (mph)

                                      Heat  Cool        Avg
    Mean                              Deg   Deg         Wind                 Dom
Day Temp  High   Time   Low    Time   Days  Days  Rain  Speed High   Time    Dir
----------------------------------------------------------------------------------
01  17.1  20.9   17:19  14.7   05:45   1.6   0.3   0.0   0.9   9.0   16:53     S
02  16.8  23.1   13:25   8.4   05:19   3.2   1.7   0.0   1.2  14.0   15:48     S
03  19.7  26.8   17:50  12.2   05:36   1.8   3.2   0.0   0.6   9.0   17:52     E
04  16.6  21.4   10:22  13.2   05:24   2.3   0.6   0.0   1.6  14.0   06:39   NNE
05  13.4  18.7   19:10   8.0   04:41   4.9   0.0   0.0   0.9  13.0   08:45    NE
06  18.0  23.9   18:05  13.7   08:33   1.8   1.5   0.2   0.9  10.0   13:28   NNE
07  16.9  19.9   17:37  14.9   10:00   1.6   0.2   0.2   0.3   6.0   10:17    NE
08  16.7  22.8   14:27   9.4   05:13   2.7   1.1   0.0   0.4   8.0   09:19    NE
09  17.7  21.8   12:08  13.2   05:02   1.6   1.0   0.0   0.4   9.0   11:22    NE
10  18.2  25.5   17:33  13.3   05:18   1.6   1.5   0.0   0.6   9.0   12:39    NE
11  18.7  26.3   18:08  11.3   01:28   2.4   2.7   0.0   1.0  13.0   15:10    NE
12  15.3  21.8   13:43   6.8   05:15   3.7   0.6   0.0   0.8  11.0   15:43   NNE
13  16.5  21.4   11:48  13.9   00:05   2.4   0.6   0.0   2.9  17.0   07:02     S
14  15.0  22.4   15:47   6.3   05:06   4.3   1.0   0.2   2.0  16.0   11:50     W
15  15.9  21.2   15:21  11.7   01:27   3.0   0.6   0.0   1.4  15.0   15:24    SW
16  15.4  19.3   17:48  12.9   06:33   2.9   0.0   0.0   2.0  18.0   12:11   SSW
17  15.6  18.0   11:00  14.6   16:49   2.7   0.0   0.0   1.9  16.0   17:53   SSW
18  18.6  23.6   14:07  16.0   03:42   0.7   1.0   0.0   1.9  16.0   12:04    SW
19  18.3  23.4   14:56  14.2   23:35   1.6   1.5   0.0   1.8  14.0   16:21     S
20  17.2  24.0   15:21   9.4   04:15   2.6   1.5   0.0   1.9  15.0   12:43   WSW
21  14.7  21.4   16:50   5.8   05:33   4.2   0.6   0.0   1.4  16.0   11:49   NNW
22  15.6  23.6   16:40   7.1   05:15   3.9   1.2   0.0   0.9  11.0   17:27     W
23  17.4  24.7   15:13   8.8   05:19   2.8   1.9   0.0   0.8  10.0   14:00     W
24  17.7  26.7   16:33   8.0   05:38   3.3   2.7   0.0   0.8  11.0   13:44     S
25  19.3  29.4   14:55   8.6   05:02   2.9   3.9   0.0   0.9  12.0   15:39     S
26  18.4  29.1   15:04   6.6   05:10   3.4   3.5   0.0   1.2  11.0   18:33   ESE
27  20.7  29.7   16:42  12.8   00:15   1.6   4.0   0.0   1.3  11.0   18:35    NE
28  20.5  28.3   15:44  10.7   04:12   1.8   3.9   0.0   1.8  18.0   20:08    NE
29  21.0  28.8   17:01  12.4   05:30   1.5   4.2   0.0   1.4  17.0   18:41    NE
30  22.3  30.4   17:35  14.9   03:08   0.7   4.6   0.0   1.2  10.0   19:39   ENE
----------------------------------------------------------------------------------
    17.5  30.4    30     5.8    21    75.5  51.1   0.6   1.2  18.0    16       S

Max >=  27.0  6
Max <=   0.0  0
Min <=   0.0  0
Min <= -18.0  0
Max Rain: 0.2 on day 6
Days of Rain: 3 (>= 0.2 mm)  0 (>= 2.0 mm)  0 (>= 20.0 mm)
Heat Base: 18.3  Cool Base: 18.3  Method: Integration
:now::gauges::today::yesterday::this month::this year::records::monthly records::trends:climate reports


UK - WEATHER STATION TOPSITES - UK Follow @newforestwx