NOAA Style Reports for Ashurst Bridge

Select a Year or Month report

Report for 2018 Jul
                   Monthly Climatological Summary for Jul 2018

Name: Ashurst Bridge   City: Totton   State: Hampshire
Elevation: 9 m  Lat: N 50 54 29   Lon: W 001 30 29

                  Temperature (°C), Rain (mm), Wind Speed (mph)

                                      Heat  Cool        Avg
    Mean                              Deg   Deg         Wind                 Dom
Day Temp  High   Time   Low    Time   Days  Days  Rain  Speed High   Time    Dir
----------------------------------------------------------------------------------
01  24.8  31.2   15:41  19.7   06:47   0.0   6.5   0.0   0.8   9.0   12:32    NE
02  23.1  31.4   15:18  15.1   05:37   0.6   5.4   0.0   2.3  15.0   12:43    NE
03  20.7  28.6   18:12  12.8   04:49   1.6   4.0   0.0   1.7  16.0   12:53   ESE
04  19.3  26.1   17:43  12.8   05:43   1.4   2.4   0.0   1.1  12.0   16:30   SSE
05  21.1  28.6   16:54  13.3   05:18   1.2   4.0   0.0   0.9  11.0   15:15   SSW
06  22.6  31.1   16:34  13.4   05:32   1.0   5.3   0.0   0.9  10.0   13:33     W
07  22.7  31.7   15:52  12.2   05:11   1.4   5.8   0.0   1.0  11.0   12:51   WSW
08  23.7  32.2   16:40  12.9   05:50   1.0   6.4   0.0   0.8  12.0   15:06   NNW
09  22.8  29.9   12:33  15.9   05:49   0.3   4.8   0.0   1.6  15.0   16:17   SSE
10  17.7  25.9   18:13   9.3   05:32   3.0   2.3   0.0   1.2  12.0   15:12   NNE
11  17.6  26.4   15:43   9.4   05:41   2.7   2.0   0.0   1.0  13.0   16:16     S
12  19.7  26.4   12:38  14.5   02:45   1.2   2.5   0.0   1.1  12.0   15:42   SSE
13  18.7  26.0   15:10  10.9   04:55   2.0   2.4   3.0   0.8  12.0   14:17     S
14  18.9  27.0   15:50   9.1   05:33   2.8   3.4   0.0   1.1  11.0   15:05     S
15  21.0  29.9   16:25  10.5   06:06   2.0   4.7   0.0   1.0  14.0   17:25   SSW
16  19.7  28.3   15:39   9.7   05:49   2.2   3.7   0.0   1.7  16.0   16:16    SW
17  16.7  22.6   17:26   9.7   06:00   2.8   1.2   0.0   1.1  13.0   13:09   SSW
18  17.3  25.3   16:12   9.3   04:45   3.0   2.0   0.0   0.8  10.0   15:28   SSW
19  21.8  29.1   16:23  15.2   03:49   0.6   4.1   0.0   0.6   9.0   16:01    SE
20  19.9  25.5   14:53  15.2   03:30   0.8   2.4   0.0   1.3  14.0   14:45   ESE
21  19.6  26.8   14:04  12.2   04:07   1.6   2.9   0.0   0.8  12.0   15:41     S
22  22.0  29.2   15:22  13.4   05:13   1.0   4.8   0.0   1.8  15.0   15:41     S
23  21.0  28.7   12:46  12.4   05:54   1.5   4.2   0.0   1.8  16.0   14:28     S
24  21.1  29.6   15:06  12.4   03:22   1.5   4.3   0.0   1.6  14.0   13:22   SSW
25  21.7  30.2   17:23  13.4   02:33   1.2   4.6   0.0   1.0  10.0   18:15   WSW
26  22.4  31.6   14:13  15.9   06:19   0.4   4.5   0.2   1.5  16.0   15:15   SSE
27  20.3  27.8   14:08  14.0   06:43   0.6   2.6   3.0   2.4  18.0   03:22     S
28  17.8  21.3   13:32  15.4   06:55   1.1   0.6  12.4   5.0  25.0   13:45     S
29  17.9  19.1   08:45  16.6   10:00   0.5   0.1   9.0   3.9  28.0   10:10     S
30  18.1  21.3   13:39  14.5   06:36   1.0   0.9   0.0   2.2  21.0   12:21     S
31  16.9  23.7   13:28   9.3   05:57   3.1   1.7   0.0   1.7  16.0   14:17     S
----------------------------------------------------------------------------------
    20.3  32.2     8     9.1    14    45.1 106.5  27.6   1.5  28.0    29       S

Max >=  27.0 18
Max <=   0.0  0
Min <=   0.0  0
Min <= -18.0  0
Max Rain: 12.4 on day 28
Days of Rain: 5 (>= 0.2 mm)  4 (>= 2.0 mm)  0 (>= 20.0 mm)
Heat Base: 18.3  Cool Base: 18.3  Method: Integration
:now::gauges::today::yesterday::this month::this year::records::monthly records::trends:climate reports


UK - WEATHER STATION TOPSITES - UK Follow @newforestwx