NOAA Style Reports for Ashurst Bridge

Select a Year or Month report

Report for 2018 Aug
                   Monthly Climatological Summary for Aug 2018

Name: Ashurst Bridge   City: Totton   State: Hampshire
Elevation: 9 m  Lat: N 50 54 29   Lon: W 001 30 29

                  Temperature (°C), Rain (mm), Wind Speed (mph)

                                      Heat  Cool        Avg
    Mean                              Deg   Deg         Wind                 Dom
Day Temp  High   Time   Low    Time   Days  Days  Rain  Speed High   Time    Dir
----------------------------------------------------------------------------------
01  17.4  24.1   16:07  10.5   05:33   2.7   1.8   0.0   1.5  13.0   17:24     S
02  20.9  28.4   16:20  13.2   05:48   1.3   4.0   0.0   1.0  12.0   13:00     S
03  23.8  31.8   16:59  15.9   05:32   0.2   5.7   0.0   0.9  10.0   08:52   WNW
04  21.1  29.9   16:31  12.1   05:44   1.7   4.5   0.0   0.7  10.0   10:54   NNW
05  20.0  29.3   16:36   9.7   06:13   2.4   4.1   0.0   1.2  11.0   10:12   SSE
06  21.6  30.3   15:17  12.9   06:05   1.4   4.7   0.0   0.7  11.0   15:42   SSW
07  19.2  27.9   13:15  11.1   05:43   2.1   3.0   0.0   1.3  13.0   15:13    SW
08  17.6  22.8   14:04  14.0   05:53   1.8   1.1   0.4   1.6  20.0   13:39     S
09  14.7  22.6   16:40   6.6   06:15   4.3   0.7   0.8   1.3  15.0   17:54     W
10  12.9  19.9   13:04   5.5   05:59   5.5   0.1  11.4   1.0  19.0   13:44   SSW
11  17.6  19.7   12:03  16.2   02:57   0.9   0.1   0.8   2.1  14.0   16:33   SSE
12  16.2  18.7   10:17  14.1   00:51   2.1   0.0   6.0   1.7  19.0   11:45     S
13  18.3  24.3   17:28  11.9   04:54   1.6   1.6   0.0   1.3  13.0   14:41     W
14  20.0  24.8   14:37  16.3   00:56   0.5   2.2   0.0   1.4  11.0   19:33   WSW
15  19.4  22.7   17:52  16.8   09:31   0.3   1.3   4.4   2.0  14.0   07:15   SSW
16  13.4  19.8   16:45   6.9   06:15   5.0   0.1   5.4   0.6  12.0   10:22   SSW
17  17.5  22.0   17:02  13.7   23:45   1.5   0.8   0.0   0.9  14.0   14:21    SW
18  18.8  22.1   15:22  16.7   04:32   0.4   0.9   0.0   1.3  15.0   05:16   SSW
19  20.5  26.5   17:36  15.4   04:56   0.5   2.6   0.0   1.5  15.0   10:59   WSW
20  20.5  24.8   15:49  18.0   03:25   0.0   2.3   0.0   0.5  11.0   16:44     S
21  18.5  24.9   15:50  12.3   04:23   1.9   2.2   0.0   1.0  13.0   14:10     S
22  19.1  22.5   15:40  17.4   09:28   0.1   1.0   0.4   0.9  11.0   15:48    SW
23  16.4  23.2   15:36  10.1   06:51   3.0   1.1   0.2   2.5  18.0   17:06     W
24  12.2  19.4   14:30   5.4   06:37   6.2   0.0   0.6   1.8  16.0   20:49     W
25  13.7  20.4   16:10   8.1   00:47   4.8   0.2   0.2   1.4  15.0   09:44   WSW
26  15.5  18.1   18:59  13.0   02:03   2.8   0.0  30.6   2.4  20.0   14:56   SSW
27  16.2  19.5   15:59  13.6   06:39   2.2   0.1   0.0   1.1  14.0   10:49     W
28  16.1  20.4   16:05  12.7   07:34   2.6   0.4   1.4   0.7  12.0   16:47     S
29  15.9  22.6   17:40   9.2   06:33   3.1   0.6   0.0   0.9  12.0   10:59   WNW
30  13.8  20.7   14:35   6.5   03:55   5.0   0.5   0.0   0.3   9.0   12:20     N
31  14.3  21.5   12:09   6.5   06:42   4.5   0.6   0.0   0.6  10.0   12:22    SE
----------------------------------------------------------------------------------
    17.5  31.8     3     5.4    24    72.4  48.3  62.6   1.2  20.0     8      SW

Max >=  27.0  6
Max <=   0.0  0
Min <=   0.0  0
Min <= -18.0  0
Max Rain: 30.6 on day 26
Days of Rain: 13 (>= 0.2 mm)  5 (>= 2.0 mm)  1 (>= 20.0 mm)
Heat Base: 18.3  Cool Base: 18.3  Method: Integration
:now::gauges::today::yesterday::this month::this year::records::monthly records::trends:climate reports


UK - WEATHER STATION TOPSITES - UK Follow @newforestwx