NOAA Style Reports for Ashurst Bridge

Select a Year or Month report

Report for 2019
                   Annual Climatological Summary for 2019

Name: Ashurst Bridge   City: Totton   State: Hampshire
Elevation: 9 m  Lat: N 50 54 29   Lon: W 001 30 29

                  Temperature (°C), Heat Base: 18.3  Cool Base: 18.3
                          Dep.  Heat  Cool                       Max  Max  Min  Min
        Mean  Mean        From  Deg   Deg                        >=   <=   <=   <=
 YR MO  Max   Min   Mean  Norm  Days  Days  Hi  Date  Low  Date 27.0  0.0  0.0 -18.0
------------------------------------------------------------------------------------
 19  1   7.9  -0.4   4.0  -1.2   443     0  12.7  25  -7.8   30    0    0   17    0
 19  2  11.6   1.3   6.4   1.5   334     0  18.6  27  -6.8    2    0    0   14    0
 19  3  13.1   4.3   8.7   1.3   299     0  19.2  30  -2.2   25    0    0    4    0
 19  4  16.4   3.8   9.9   0.4   260     9  26.4  20  -2.2    2    0    0    5    0
 19  5  18.6   5.4  12.3  -1.1   192     7  22.9  23  -1.7    4    0    0    1    0
 19  6  20.9  10.1  15.5  -0.9   111    25  30.6  29   4.3    5    2    0    0    0
 19  7  25.2  12.3  18.8   0.2    52    66  32.2  25   6.6    3    5    0    0    0
 19  8  23.8  23.8   0.0 -18.1     0     0  23.8   2  23.8    2    0    0    0    0
 19  9
 19 10
 19 11
 19 12
------------------------------------------------------------------------------------
        17.2   7.6   9.4  -2.2  1691   106  32.2 Jul  -7.8  Jan    7    0   41    0

                                Precipitation (mm)

              Dep.   Max        Days of Rain
              From   Obs.           >=
 YR MO Total  Norm   Day Date  0.2  2.0 20.0
---------------------------------------------
 19  1  27.0 -53.0   5.8  21    10    6    0
 19  2  60.4   3.4  13.6   8    16   10    0
 19  3  75.8   8.8  12.2   3    20   13    0
 19  4  31.0 -28.0  11.6   4     7    6    0
 19  5  16.4 -35.6  10.2   7    10    1    0
 19  6  68.8  13.8  15.4   7    15    9    0
 19  7  23.0 -24.0  11.2  19    10    3    0
 19  8   0.0 -46.0   0.0   0     0    0    0
---------------------------------------------
       302.4-160.6  15.4  Jun   88   48    0

                                Wind Speed (mph)
                          Dom
 YR MO   Avg.  Hi   Date  Dir
------------------------------
 19  1   1.6  29.0   27     W
 19  2   2.3  38.0    8   SSW
 19  3   3.6  45.0   10    SW
 19  4   1.9  36.0   27    SE
 19  5   1.4  22.0    7    SW
 19  6   1.6  24.0   15     S
 19  7   1.5  30.0   30   SSW
 19  8   2.1   4.0    2   SSW
 19  9
 19 10
 19 11
 19 12
------------------------------
         2.0  45.0  Mar   SSW
:now::gauges::today::yesterday::this month::this year::records::monthly records::trends:climate reports


UK - WEATHER STATION TOPSITES - UK Follow @newforestwx