Select a Year or Month report

Report for 2022 Aug
                   Monthly Climatological Summary for Aug 2022

Name: Ashurst Bridge   City: Totton   State: Hampshire
Elevation: 9 m  Lat: N 50° 54' 29"   Lon: W 001° 30' 29"

                  Temperature (°C), Rain (mm), Wind Speed (mph)

                                      Heat  Cool        Avg
    Mean                              Deg   Deg         Wind                 Dom
Day Temp  High   Time   Low    Time   Days  Days  Rain  Speed High   Time    Dir
----------------------------------------------------------------------------------
01  21.2  27.8   16:24  17.2   00:10   0.0   2.9   0.0   2.1  20.0   17:16   SSW
02  20.9  25.7   14:47  17.6   00:03   0.0   2.4   0.0   3.3  20.0   08:23   SSW
03  19.2  24.1   15:46  12.2   06:12   0.3   1.8   0.0   1.9  17.0   10:03   SSW
04  18.5  25.0   13:57  11.9   05:39   0.6   1.9   0.0   2.2  14.0   16:12    NW
05  16.6  24.4   16:22   7.4   06:18   2.0   1.5   0.0   1.9  15.0   15:17    NW
06  16.7  25.4   16:30   7.1   05:48   2.6   2.2   0.0   1.2  12.0   13:19     N
07  18.3  27.7   14:42   8.1   06:19   2.0   3.2   0.0   1.4  16.0   16:23   SSW
08  19.9  29.8   14:59   9.5   06:12   1.4   4.0   0.0   1.6  16.0   16:06     S
09  20.1  30.8   16:03   9.4   06:06   1.3   4.3   0.0   1.3  13.0   15:02   ENE
10  21.4  32.4   16:03  10.8   06:06   1.1   5.2   0.0   1.3  11.0   12:01     E
11  22.5  34.2   15:06  10.9   05:45   0.9   6.1   0.0   1.2  13.0   14:06     E
12  23.0  34.3   13:47  11.7   06:17   0.7   6.3   0.0   1.6  16.0   14:55    SE
13  22.3  34.3   14:12  10.6   05:49   1.1   6.1   0.0   1.4  14.0   16:44   ESE
14  23.6  33.6   15:05  15.8   02:08   0.0   5.6   0.0   2.1  12.0   16:02     S
----------------------------------------------------------------------------------
    20.3  34.3    12     7.1     6    14.0  53.5   0.0   1.8  20.0     1       S

Max >=  27.0  9
Max <=   0.0  0
Min <=   0.0  0
Min <= -18.0  0
Max Rain: 0.0 on day 0
Days of Rain: 0 (>= 0.2 mm)  0 (>= 2.0 mm)  0 (>= 20.0 mm)
Heat Base: 15.5  Cool Base: 18.5  Method: Integration