Select a Year or Month report
V/Λ2021 > Jan Feb Mar Apr May Jun Jul Aug Sep Oct Nov Dec
V/Λ2020 > Jan Feb Mar Apr May Jun Jul Aug Sep Oct Nov Dec
V/Λ2019 > Jan Feb Mar Apr May Jun Jul Aug Sep Oct Nov Dec
V/Λ2018 > Jan Feb Mar Apr May Jun Jul Aug Sep Oct Nov Dec
V/Λ2017 > Jan Feb Mar Apr May Jun Jul Aug Sep Oct Nov Dec
V/Λ2016 > Jan Feb Mar Apr May Jun Jul Aug Sep Oct Nov Dec
V/Λ2015 > Jan Feb Mar Apr May Jun Jul Aug Sep Oct Nov Dec
V/Λ2014 > Jan Feb Mar Apr May Jun Jul Aug Sep Oct Nov Dec
V/Λ2013 > Jan Feb Mar Apr May Jun Jul Aug Sep Oct Nov Dec
V/Λ2012 > Jan Feb Mar Apr May Jun Jul Aug Sep Oct Nov Dec

Report for 2021 Apr
                   Monthly Climatological Summary for Apr 2021

Name: Ashurst Bridge   City: Totton   State: Hampshire
Elevation: 9 m  Lat: N 50° 54' 29"   Lon: W 001° 30' 29"

                  Temperature (°C), Rain (mm), Wind Speed (mph)

                                      Heat  Cool        Avg
    Mean                              Deg   Deg         Wind                 Dom
Day Temp  High   Time   Low    Time   Days  Days  Rain  Speed High   Time    Dir
----------------------------------------------------------------------------------
01  10.3  17.6   15:15   4.5   04:56   5.4   0.0   0.0   3.3  17.0   15:36    NE
02   8.2  13.9   16:20   3.3   04:29   7.3   0.0   0.0   3.3  17.0   14:17    NE
03   4.6  11.6   16:53  -2.4   06:30  10.9   0.0   0.0   1.8  16.0   11:59   NNE
04   9.6  16.3   16:21   6.1   04:38   5.9   0.0   0.0   2.5  20.0   08:14   WNW
05   3.8   9.8   11:13  -2.7   02:21  11.7   0.0   0.0   2.8  20.0   10:42   NNW
06   2.3   9.2   14:59  -5.1   06:45  13.2   0.0   0.0   2.2  21.0   12:09    NW
07   4.9   8.6   09:59   0.5   02:25  10.6   0.0   0.0   1.5  13.0   11:48   WNW
08   7.4  13.5   14:44   1.3   06:35   8.1   0.0   0.0   2.5  18.0   16:01   SSW
09   8.3  13.4   15:15   5.1   05:52   7.2   0.0   0.2   1.6  14.0   12:14   SSW
10   5.0   9.0   15:25  -0.1   04:39  10.5   0.0   0.2   1.5  15.0   22:05   NNE
11   3.7  10.4   15:31  -3.1   04:19  11.8   0.0   1.0   1.4  18.0   13:58    NW
12   3.9  12.1   15:53  -3.6   06:49  11.5   0.0   0.0   1.3  18.0   12:34   NNW
13   4.5  12.6   12:25  -2.6   06:24  11.0   0.0   1.6   1.6  16.0   12:30     S
14   4.9  12.7   13:59  -3.2   06:16  10.6   0.0   0.0   0.8  14.0   09:27     E
15   5.3  13.1   16:48  -3.3   06:30  10.2   0.0   0.0   1.6  14.0   11:25    NE
16   5.4  13.8   16:32  -3.3   06:04  10.1   0.0   0.0   1.2  12.0   12:22   NNE
17   6.3  15.3   17:06  -1.8   05:12   9.2   0.0   0.0   1.2  12.0   14:19   NNE
18   6.9  16.9   15:25  -1.1   03:45   8.7   0.0   0.0   1.4  16.0   17:21   SSW
19   7.3  16.2   15:15  -1.4   05:46   8.2   0.0   0.0   1.2  14.0   16:14     S
20   9.5  18.6   14:31   1.7   05:53   6.3   0.0   0.0   0.9  11.0   17:10   SSE
----------------------------------------------------------------------------------
     6.1  18.6    20    -5.1     6   188.4   0.0   3.0   1.8  21.0     6       N

Max >=  27.0  0
Max <=   0.0  0
Min <=   0.0 13
Min <= -18.0  0
Max Rain: 1.6 on day 13
Days of Rain: 4 (>= 0.2 mm)  0 (>= 2.0 mm)  0 (>= 20.0 mm)
Heat Base: 15.5  Cool Base: 18.5  Method: Integration