NOAA Style Reports for Ashurst Bridge

Select a Year or Month report
V/Λ2018 > Jan Feb Mar Apr May Jun Jul Aug Sep Oct Nov Dec
V/Λ2017 > Jan Feb Mar Apr May Jun Jul Aug Sep Oct Nov Dec
V/Λ2016 > Jan Feb Mar Apr May Jun Jul Aug Sep Oct Nov Dec
V/Λ2015 > Jan Feb Mar Apr May Jun Jul Aug Sep Oct Nov Dec
V/Λ2014 > Jan Feb Mar Apr May Jun Jul Aug Sep Oct Nov Dec
V/Λ2013 > Jan Feb Mar Apr May Jun Jul Aug Sep Oct Nov Dec
V/Λ2012 > Jan Feb Mar Apr May Jun Jul Aug Sep Oct Nov Dec

Report for 2014 Jul
                   Monthly Climatological Summary for Jul 2014

Name: Ashurst Bridge   City: Totton   State: Hampshire
Elevation: 9 m  Lat: N 50° 54' 30"   Lon: W 001° 30' 30"

                  Temperature (°C), Rain (mm), Wind Speed (mph)

                                      Heat  Cool        Avg
    Mean                              Deg   Deg         Wind                 Dom
Day Temp  High   Time   Low    Time   Days  Days  Rain  Speed High   Time    Dir
----------------------------------------------------------------------------------
 1  16.6  23.9   15:13   8.4   05:21   3.3   1.6   0.0   1.4  16.0   14:41    SE
 2  17.9  25.7   14:32   9.7   05:43   2.5   2.1   0.0   1.2  13.0   09:45   SSW
 3  19.7  27.6   16:39  13.4   05:42   1.6   3.0   0.0   2.5  17.0   15:59   SSW
 4  19.1  24.8   14:05  16.4   04:03   0.9   1.6   9.0   4.0  18.0   12:44   SSW
 5  17.4  22.7   17:12  13.1   05:51   1.7   0.8   0.0   2.3  17.0   13:27    SW
 6  15.4  22.7   17:49   8.7   04:42   3.5   0.6   0.6   1.7  19.0   15:21   WSW
 7  17.0  22.6   15:06  13.3   04:39   2.1   0.7   4.2   1.4  15.0   13:33    SW
 8  15.5  20.4   13:37  11.7   05:35   2.9   0.1   2.0   2.7  14.0   13:46    NW
 9  18.1  23.2   16:31  13.2   05:08   1.6   1.4   0.0   5.0  23.0   16:27    NW
10  19.9  27.1   17:34  13.5   04:22   1.2   2.9   0.0   3.2  16.0   11:35    NW
11  19.8  24.7   18:12  14.7   05:26   0.6   2.1   0.0   2.2  13.0   10:26   NNW
12  21.6  28.4   15:07  17.6   08:30   0.1   3.3   0.2   2.2  14.0   15:37   WSW
13  18.4  24.7   16:32  10.8   06:00   1.9   2.0   0.0   3.2  18.0   16:43   WNW
14  19.8  25.1   14:56  16.9   06:43   0.2   1.7   0.0   3.2  16.0   12:22    SW
15  18.9  27.1   17:22  10.9   05:29   2.3   2.8   0.0   1.5  14.0   17:59    SW
16  19.9  26.2   13:08  13.9   05:48   1.0   2.7   0.0   1.5  12.0   13:18    SW
17  23.5  30.0   17:14  18.4   02:46   0.0   5.2   4.2   1.6  10.0   15:47    SE
18  21.5  27.4   16:57  18.1   06:28   0.0   3.2   0.8   1.6  12.0   13:59    SW
19  20.5  27.0   17:29  14.5   05:13   0.7   2.9   0.2   1.3  15.0   12:43    SW
20  21.4  28.4   17:01  17.1   05:58   0.2   3.4   0.0   2.8  14.0   14:29    NW
21  21.5  28.2   18:21  14.7   06:10   0.6   3.9   0.0   2.5  14.0   10:43    NW
22  23.2  30.3   17:44  16.3   05:56   0.3   5.2   0.0   3.0  15.0   13:27   NNE
23  24.0  31.0   17:40  17.7   06:14   0.0   5.7   0.0   2.8  14.0   12:37    NE
24  23.2  32.1   15:50  14.8   05:00   0.5   5.3   0.0   2.0  14.0   11:28    NE
25  21.6  30.9   14:30  14.9   03:40   0.8   4.0   0.0   1.7  16.0   15:59   NNE
26  23.3  30.6   14:56  16.2   05:13   0.2   5.2   0.0   2.0  12.0   10:10   NNW
27  19.8  27.1   14:54  14.2   05:39   1.1   2.6   0.0   3.5  14.0   08:23    NW
28  18.8  25.8   15:02  14.1   05:59   1.4   1.9   0.0   1.8  14.0   15:21     N
29  21.3  28.9   15:32  13.8   05:38   0.9   3.8   0.0   2.7  16.0   19:33    NW
30  19.0  27.8   16:27  10.6   06:00   2.3   2.9   0.0   1.9  15.0   11:52     W
31  19.2  25.7   16:59  13.4   04:22   1.5   2.5   0.0   1.4  14.0   15:29    SW
----------------------------------------------------------------------------------
    19.9  32.1    24     8.4     1    37.9  87.1  21.2   2.3  23.0     9     WNW

Max >=  27.0: 17
Max <=   0.0:  0
Min <=   0.0:  0
Min <= -18.0:  0
Max Rain: 9.0 on day 4
Days of Rain: 8 (>= 0.2 mm)  4 (>= 2.0 mm)  0 (>= 20.0 mm)
Heat Base: 18.3  Cool Base: 18.3  Method: Integration
:now::gauges::today::yesterday::this month::this year::records::monthly records::trends:climate reports


UK - WEATHER STATION TOPSITES - UK Follow @newforestwx