NOAA Style Reports for Ashurst Bridge

Select a Year or Month report
V/Λ2018 > Jan Feb Mar Apr May Jun Jul Aug Sep Oct Nov Dec
V/Λ2017 > Jan Feb Mar Apr May Jun Jul Aug Sep Oct Nov Dec
V/Λ2016 > Jan Feb Mar Apr May Jun Jul Aug Sep Oct Nov Dec
V/Λ2015 > Jan Feb Mar Apr May Jun Jul Aug Sep Oct Nov Dec
V/Λ2014 > Jan Feb Mar Apr May Jun Jul Aug Sep Oct Nov Dec
V/Λ2013 > Jan Feb Mar Apr May Jun Jul Aug Sep Oct Nov Dec
V/Λ2012 > Jan Feb Mar Apr May Jun Jul Aug Sep Oct Nov Dec

Report for 2015 Nov
                   Monthly Climatological Summary for Nov 2015

Name: Ashurst Bridge   City: Totton   State: Hampshire
Elevation: 9 m  Lat: N 50° 54' 30"   Lon: W 001° 30' 30"

                  Temperature (°C), Rain (mm), Wind Speed (mph)

                                      Heat  Cool        Avg
    Mean                              Deg   Deg         Wind                 Dom
Day Temp  High   Time   Low    Time   Days  Days  Rain  Speed High   Time    Dir
----------------------------------------------------------------------------------
 1  12.8  15.7   14:06  10.4   09:00   5.6   0.0   0.0   0.3   5.0   11:47     E
 2  11.0  13.3   15:21   6.8   19:09   6.6   0.0   0.2   0.5  10.0   19:29     E
 3  12.7  14.0   10:52  10.9   07:25   5.6   0.0   2.0   0.5   9.0   14:40   ESE
 4  14.1  14.9   08:38  12.9   09:00   4.2   0.0   3.2   1.7  13.0   07:11     S
 5  14.5  15.5   18:47  13.7   04:20   3.8   0.0  12.2   3.8  21.0   16:35     S
 6  15.7  16.7   11:55  14.2   23:11   2.6   0.0   9.6   3.8  20.0   07:41   SSW
 7  11.6  16.5   14:40   6.2   02:54   6.7   0.0   5.2   2.3  24.0   10:22   SSW
 8  13.3  16.1   18:20   8.3   03:40   5.1   0.0   0.8   3.3  21.0   13:03   SSW
 9  14.7  15.7   12:41  13.0   09:00   3.6   0.0   0.0   5.0  31.0   12:46    SW
10  14.3  15.2   09:18  13.6   21:38   3.9   0.0   0.2   2.7  22.0   11:24    SW
11  13.4  15.3   14:45   7.4   07:35   4.4   0.0   0.2   2.1  13.0   13:02    SW
12  12.6  15.2   11:55   6.4   06:55   5.7   0.0   2.4   3.4  20.0   22:42   SSW
13   9.9  12.4   12:34   8.1   02:26   8.4   0.0   1.2   3.7  28.0   13:40   WSW
14  13.7  15.1   04:24  10.0   09:18   4.6   0.0   8.6   5.1  24.0   07:05    SW
15  14.1  15.4   10:15  12.2   08:24   4.2   0.0   2.0   4.4  21.0   00:55    SW
16  13.4  14.8   00:40  11.7   17:17   4.9   0.0   9.0   3.1  16.0   01:01    SW
17  13.7  15.9   14:41  10.7   04:15   4.6   0.0   6.2   5.4  37.0   21:21    SW
18  13.5  15.6   11:56  11.8   05:52   4.8   0.0   0.6   5.8  27.0   11:24    SW
19  10.3  12.4   09:00   8.0   08:40   8.0   0.0   6.0   0.7  14.0   10:19   WSW
20   5.7   9.2   11:46   3.1   05:21  12.4   0.0   0.4   2.5  25.0   08:53     W
21   1.8   7.4   11:23  -2.3   05:32  16.5   0.0   0.2   2.2  30.0   13:54    NW
22   2.4   9.0   13:49  -2.1   07:17  15.9   0.0   0.0   0.3   9.0   14:07   NNW
23   7.5  11.5   06:34  -1.0   09:00  10.7   0.0   4.2   1.3  16.0   04:06    SW
24   9.2  10.4   08:59   8.4   12:53   9.1   0.0   0.6   2.6  12.0   18:44     W
25   9.8  12.9   12:46   8.4   05:02   8.5   0.0   4.0   1.9  17.0   17:11   WNW
26  11.3  12.8   08:29   9.3   09:00   7.0   0.0   0.2   0.7  11.0   08:37    SW
27   8.1  13.3   11:54   2.4   05:11  10.2   0.0   2.6   3.6  24.0   18:37   WSW
28  10.6  12.3   08:53   4.9   09:00   7.7   0.0   0.8   5.7  25.0   16:58    SW
29  12.2  13.4   14:10   9.7   02:42   6.1   0.0   0.8   6.4  26.0   10:31    SW
30  13.2  13.8   14:57  12.3   10:47   5.1   0.0   1.8   6.3  26.0   14:36    SW
----------------------------------------------------------------------------------
    11.4  16.7     6    -2.3    21   206.5   0.0  85.2   3.1  37.0    17      SW

Max >=  27.0:  0
Max <=   0.0:  0
Min <=   0.0:  3
Min <= -18.0:  0
Max Rain: 12.2 on day 5
Days of Rain: 27 (>= 0.2 mm)  14 (>= 2.0 mm)  0 (>= 20.0 mm)
Heat Base: 18.3  Cool Base: 18.3  Method: Integration
:now::gauges::today::yesterday::this month::this year::records::monthly records::trends:climate reports


UK - WEATHER STATION TOPSITES - UK Follow @newforestwx