NOAA Style Reports for Ashurst Bridge

Select a Year or Month report

Report for 2016 Apr
                   Monthly Climatological Summary for Apr 2016

Name: Ashurst Bridge   City: Totton   State: Hampshire
Elevation: 9 m  Lat: N 50 54' 30"   Lon: W 001 30' 30"

                  Temperature (C), Rain (mm), Wind Speed (mph)

                                      Heat  Cool        Avg
    Mean                              Deg   Deg         Wind                 Dom
Day Temp  High   Time   Low    Time   Days  Days  Rain  Speed High   Time    Dir
----------------------------------------------------------------------------------
 1  10.5  13.1   13:00   9.0   06:30   7.8   0.0   0.0   3.8  18.0   13:00     S
 2  10.1  14.8   15:00   6.7   07:00   8.2   0.0   1.6   2.8  19.0   11:30   SSE
 3  10.9  14.3   15:00   7.2   06:30   7.4   0.0   1.0   2.0  15.0   10:00    SE
 4   8.9  12.4   15:30   3.1   06:56   9.0   0.0   1.0   1.7  17.0   15:00     S
 5   9.1  14.5   16:30   2.9   03:30   9.0   0.0   2.2   2.4  20.0   09:00    SW
 6   8.2  12.4   17:00   4.4   06:00  10.1   0.0   0.8   4.2  25.0   15:30   WSW
 7   8.5  12.9   17:00   3.5   07:00   9.8   0.0   0.2   3.1  23.0   15:30     W
 8  10.0  13.8   15:30   6.9   08:00   8.3   0.0   2.8   2.9  21.0   03:30   SSW
 9   5.8  11.7   15:30  -0.9   06:30  12.5   0.0   0.2   2.5  22.0   09:00     S
10  10.3  13.1   14:00   8.2   06:30   8.0   0.0  13.0   3.8  22.0   12:30     E
11   8.9  13.8   16:00   4.4   02:30   9.4   0.0   1.8   0.5   9.0   19:00   SSW
12   9.3  16.7   15:30   2.4   03:30   9.0   0.0   0.2   1.2  13.0   15:00     S
13  11.2  17.2   12:00   6.6   06:30   7.1   0.0   0.0   0.8  10.0   17:30   SSE
14  12.0  16.4   14:00   9.6   02:30   6.3   0.0   6.6   1.8  14.0   14:30    SE
15   8.5  12.2   16:30   4.7   05:00   9.8   0.0   7.4   1.8  13.0   13:00   WSW
16   5.0  10.5   17:13  -0.9   06:30  12.9   0.0   0.0   1.2  13.0   12:57   NNW
17   7.0  13.1   16:30   0.2   05:00  11.3   0.0   0.0   1.0  16.0   15:00     W
18   9.7  13.4   10:00   5.8   06:30   8.6   0.0   0.0   1.7  17.0   15:00     W
19  10.9  17.6   17:00   3.6   05:00   7.4   0.0   0.0   1.6  11.0   17:30   ENE
20  12.0  18.6   15:30   6.6   02:30   6.3   0.0   0.0   3.0  17.0   19:30   ENE
21  13.5  20.2   15:00   8.9   09:00   5.0   0.2   0.6   2.5  15.0   15:00   ENE
22   8.4  10.8   17:30   4.7   07:00   9.7   0.0   5.4   1.3  14.0   10:00   NNE
23   8.2  12.7   15:00   3.7   23:30  10.1   0.0   0.0   1.7  14.0   10:00   NNW
24   9.6  12.8   14:30   5.9   04:00   8.7   0.0   0.4   2.0  17.0   12:30   WNW
25   8.3  13.8   16:00   3.4   03:00  10.0   0.0   1.0   2.8  19.0   15:30     W
26   6.3  11.6   15:00   0.8   06:30  12.0   0.0   0.6   2.6  19.0   16:30   WNW
27   5.0  12.1   15:00  -1.8   06:00  13.0   0.0   0.4   1.5  16.0   18:00   WSW
28   8.5  11.6   16:00   4.2   05:30   9.8   0.0   1.4   3.5  22.0   17:00    SW
29   6.5  12.8   18:00  -0.7   06:00  11.1   0.0   0.2   2.3  20.0   12:00     W
30   7.2  14.8   13:59  -0.4   05:56  10.9   0.0   0.6   1.5  19.0   14:12   WNW
----------------------------------------------------------------------------------
     8.9  20.2    21    -1.8    27   278.5   0.2  49.4   2.1  25.0     6      SW

Max >=  27.0:  0
Max <=   0.0:  0
Min <=   0.0:  5
Min <= -18.0:  0
Max Rain: 13.0 on day 10
Days of Rain: 22 (>= 0.2 mm)  6 (>= 2.0 mm)  0 (>= 20.0 mm)
Heat Base: 18.3  Cool Base: 18.3  Method: Integration
:now::gauges::today::yesterday::this month::this year::records::monthly records::trends:climate reports


UK - WEATHER STATION TOPSITES - UK